{"id":774062,"date":"2025-08-28T16:39:11","date_gmt":"2025-08-28T13:39:11","guid":{"rendered":"https:\/\/roveyayinevi.com.tr\/index.php\/urun\/degisim-nehrinde-insanin-ayak-izi\/"},"modified":"2026-04-15T03:41:34","modified_gmt":"2026-04-15T00:41:34","slug":"degisim-nehrinde-insanin-ayak-izi","status":"publish","type":"product","link":"https:\/\/roveyayinevi.com.tr\/index.php\/urun\/degisim-nehrinde-insanin-ayak-izi\/","title":{"rendered":"De\u011fi\u015fim Nehrinde \u0130nsan\u0131n Ayak \u0130zi"},"content":{"rendered":"<p>Neden insanl\u0131k tarihi, belirli kal\u0131p ve zorunluluklar i\u00e7inde de\u011fil de tahmin edilemez sapmalar, kopu\u015flar ve yarat\u0131c\u0131l\u0131klar aras\u0131nda \u015fekillendi? Neyi hat\u0131rlay\u0131p neyi unuturuz? Hangi fikirleri benimser, hangilerini reddederiz?   De\u011fi\u015fim Nehrinde \u0130nsan\u0131n Ayak \u0130zi, \u00fcnl\u00fc tarih\u00e7i Felipe Fern\u00e1ndez-Armesto\u2019nun kaleminden, insan k\u00fclt\u00fcr\u00fcn\u00fcn de\u011fi\u015firken neden ve nas\u0131l bu kadar ak\u0131\u015fkan, \u00e7e\u015fitli ve \u015fa\u015f\u0131rt\u0131c\u0131 olabildi\u011fine dair derinlikli ve k\u0131\u015fk\u0131rt\u0131c\u0131 bir bak\u0131\u015f sunuyor. Biyoloji ya da co\u011frafya gibi belirleyici kal\u0131plardan uzak duran Fern\u00e1ndez-Armesto, tarihin zorunlu yasalardan de\u011fil, insan yarat\u0131c\u0131l\u0131\u011f\u0131, karars\u0131zl\u0131\u011f\u0131 ve yenili\u011fe a\u00e7\u0131kl\u0131\u011f\u0131 taraf\u0131ndan bi\u00e7imlendi\u011fini ortaya koyuyor.   Antik ma\u011fara resimlerinden modern sanayiye, dini inan\u00e7lardan sanatsal tarzlara kadar insanl\u0131\u011f\u0131 \u015fekillendiren d\u00f6n\u00fcm noktalar\u0131n\u0131 ele alan bu kitap, ge\u00e7mi\u015fin neden bu kadar renkli ve \u00e7ok boyutlu oldu\u011funa dair yepyeni bir bak\u0131\u015f sunuyor.<\/p>\n","protected":false},"excerpt":{"rendered":"<p>Neden insanl\u0131k tarihi, belirli kal\u0131p ve zorunluluklar i\u00e7inde de\u011fil de tahmin edilemez sapmalar, kopu\u015flar ve yarat\u0131c\u0131l\u0131klar aras\u0131nda \u015fekillendi? Neyi hat\u0131rlay\u0131p neyi unuturuz? Hangi fikirleri benimser, hangilerini<span class=\"excerpt-hellip\"> [\u2026]<\/span><\/p>\n","protected":false},"featured_media":0,"template":"","meta":{"_monsterinsights_skip_tracking":false,"_monsterinsights_sitenote_active":false,"_monsterinsights_sitenote_note":"","_monsterinsights_sitenote_category":0},"product_brand":[],"product_cat":[12370,12304],"product_tag":[],"class_list":{"0":"post-774062","1":"product","2":"type-product","3":"status-publish","5":"product_cat-arastirma-inceleme","6":"product_cat-tarih","7":"pa_cilt-ciltsiz","8":"pa_tur-kitap","9":"pa_yayinevi-pinhan-yayincilik","10":"pa_yazar-felipe-fernandez-armesto","12":"first","13":"instock","14":"sale","15":"shipping-taxable","16":"purchasable","17":"product-type-simple"},"_links":{"self":[{"href":"https:\/\/roveyayinevi.com.tr\/index.php\/wp-json\/wp\/v2\/product\/774062","targetHints":{"allow":["GET"]}}],"collection":[{"href":"https:\/\/roveyayinevi.com.tr\/index.php\/wp-json\/wp\/v2\/product"}],"about":[{"href":"https:\/\/roveyayinevi.com.tr\/index.php\/wp-json\/wp\/v2\/types\/product"}],"wp:attachment":[{"href":"https:\/\/roveyayinevi.com.tr\/index.php\/wp-json\/wp\/v2\/media?parent=774062"}],"wp:term":[{"taxonomy":"product_brand","embeddable":true,"href":"https:\/\/roveyayinevi.com.tr\/index.php\/wp-json\/wp\/v2\/product_brand?post=774062"},{"taxonomy":"product_cat","embeddable":true,"href":"https:\/\/roveyayinevi.com.tr\/index.php\/wp-json\/wp\/v2\/product_cat?post=774062"},{"taxonomy":"product_tag","embeddable":true,"href":"https:\/\/roveyayinevi.com.tr\/index.php\/wp-json\/wp\/v2\/product_tag?post=774062"}],"curies":[{"name":"wp","href":"https:\/\/api.w.org\/{rel}","templated":true}]}}