{"id":774055,"date":"2025-08-28T16:38:58","date_gmt":"2025-08-28T13:38:58","guid":{"rendered":"https:\/\/roveyayinevi.com.tr\/index.php\/urun\/sivaslimin-batan-gunesi\/"},"modified":"2026-04-15T03:41:34","modified_gmt":"2026-04-15T00:41:34","slug":"sivaslimin-batan-gunesi","status":"publish","type":"product","link":"https:\/\/roveyayinevi.com.tr\/index.php\/urun\/sivaslimin-batan-gunesi\/","title":{"rendered":"Sivasl\u0131m\u0131n Batan G\u00fcne\u015fi"},"content":{"rendered":"<p>\u201c\u2026Olcay Aslan, bu kitab\u0131nda Anadolu insan\u0131n\u0131 anlat\u0131yor. Yaral\u0131 g\u00f6n\u00fclleri, gurbetle s\u0131nanm\u0131\u015f sevday\u0131, batarken bile umutla bakan bir g\u00fcne\u015fi anlat\u0131yor.         Olcay\u2019a bu y\u00fcrek dolusu eserinden \u00f6t\u00fcr\u00fc ozanl\u0131k yolunda selam olsun\u2026       Ve bu kitab\u0131 eline alan her g\u00f6n\u00fcl dostuna, bir yudum sevda, bir tutam hasret kals\u0131n.         T\u00fcrk\u00fcm\u00fcz daim, g\u00f6nl\u00fcm\u00fcz bir olsun\u2026\u201d                                                                                Ozan Muharrem Temiz          \u201c\u2026\u015eiir, bazen s\u00f6ylenemeyeni anlatman\u0131n en g\u00fczel yoludur.  \u0130\u00e7ten gelen duygular\u0131n kelimelere d\u00f6n\u00fc\u015f\u00fcp bir yolculu\u011fa \u00e7\u0131kt\u0131\u011f\u0131 bir dil\u2026                Bu kitapta sevin\u00e7, \u00f6zlem, ac\u0131 ve umut gibi duygulara samimiyetle yer verilmi\u015f. Her bir dize, i\u00e7 d\u00fcnyam\u0131zdan bir par\u00e7ay\u0131 yans\u0131t\u0131yor. Belki siz de okurken kendi duygular\u0131n\u0131za rastlars\u0131n\u0131z. Benim i\u00e7in \u00f6yle oldu&#8230;\u201d                                                                                  Yank\u0131 Ba\u011fc\u0131o\u011flu                                                                                Em. T\u00fcmamiral                                                                                CHP Genel Ba\u015fkan Yard\u0131mc\u0131s\u0131 <\/p>\n","protected":false},"excerpt":{"rendered":"<p>\u201c\u2026Olcay Aslan, bu kitab\u0131nda Anadolu insan\u0131n\u0131 anlat\u0131yor. Yaral\u0131 g\u00f6n\u00fclleri, gurbetle s\u0131nanm\u0131\u015f sevday\u0131, batarken bile umutla bakan bir g\u00fcne\u015fi anlat\u0131yor. Olcay\u2019a bu y\u00fcrek dolusu eserinden \u00f6t\u00fcr\u00fc ozanl\u0131k<span class=\"excerpt-hellip\"> [\u2026]<\/span><\/p>\n","protected":false},"featured_media":0,"template":"","meta":{"_monsterinsights_skip_tracking":false,"_monsterinsights_sitenote_active":false,"_monsterinsights_sitenote_note":"","_monsterinsights_sitenote_category":0},"product_brand":[],"product_cat":[12291,12509],"product_tag":[],"class_list":{"0":"post-774055","1":"product","2":"type-product","3":"status-publish","5":"product_cat-edebiyat","6":"product_cat-siir","7":"pa_cilt-ciltsiz","8":"pa_tur-kitap","9":"pa_yayinevi-galeati-yayincilik","10":"pa_yazar-olcay-aslan","12":"first","13":"instock","14":"sale","15":"shipping-taxable","16":"purchasable","17":"product-type-simple"},"_links":{"self":[{"href":"https:\/\/roveyayinevi.com.tr\/index.php\/wp-json\/wp\/v2\/product\/774055","targetHints":{"allow":["GET"]}}],"collection":[{"href":"https:\/\/roveyayinevi.com.tr\/index.php\/wp-json\/wp\/v2\/product"}],"about":[{"href":"https:\/\/roveyayinevi.com.tr\/index.php\/wp-json\/wp\/v2\/types\/product"}],"wp:attachment":[{"href":"https:\/\/roveyayinevi.com.tr\/index.php\/wp-json\/wp\/v2\/media?parent=774055"}],"wp:term":[{"taxonomy":"product_brand","embeddable":true,"href":"https:\/\/roveyayinevi.com.tr\/index.php\/wp-json\/wp\/v2\/product_brand?post=774055"},{"taxonomy":"product_cat","embeddable":true,"href":"https:\/\/roveyayinevi.com.tr\/index.php\/wp-json\/wp\/v2\/product_cat?post=774055"},{"taxonomy":"product_tag","embeddable":true,"href":"https:\/\/roveyayinevi.com.tr\/index.php\/wp-json\/wp\/v2\/product_tag?post=774055"}],"curies":[{"name":"wp","href":"https:\/\/api.w.org\/{rel}","templated":true}]}}