{"id":774054,"date":"2025-08-28T16:38:57","date_gmt":"2025-08-28T13:38:57","guid":{"rendered":"https:\/\/roveyayinevi.com.tr\/index.php\/urun\/ecevitli-demirelli-yillar\/"},"modified":"2026-04-15T03:41:34","modified_gmt":"2026-04-15T00:41:34","slug":"ecevitli-demirelli-yillar","status":"publish","type":"product","link":"https:\/\/roveyayinevi.com.tr\/index.php\/urun\/ecevitli-demirelli-yillar\/","title":{"rendered":"Ecevit\u2019li, Demirel\u2019li Y\u0131llar"},"content":{"rendered":"<p>\u00b7         S\u00fcleyman Demirel, 1970\u2019li y\u0131llar\u0131n ba\u015f\u0131nda T\u00fcrkiye i\u00e7in nas\u0131l bir foto\u011fraf \u00e7iziyordu? Demirel\u2019in en b\u00fcy\u00fck korkusu neydi? \u00b7         \u0130n\u00f6n\u00fc, Deniz Gezmi\u015f, Yusuf Aslan ve H\u00fcseyin \u0130nan\u2019\u0131n idam kararlar\u0131 sonras\u0131 TRT\u2019ye verdi\u011fi r\u00f6portajda nas\u0131l bir uyar\u0131da bulundu? \u00b7         \u00dc\u00e7 Fidan\u2026 Deniz Ge\u00e7mi\u015f, Yusuf Aslan ve H\u00fcseyin \u0130nan\u2019\u0131n son mektuplar\u0131\u2026 \u00b7         Kod Ad\u0131: \u201cNazmiye\u2026 \u201c \u00b7         Rah\u015fan Ecevit\u2019in Bakkal Hasan\u2019dan yapt\u0131\u011f\u0131 g\u00fcnl\u00fck al\u0131\u015fveri\u015f listesinde neler vard\u0131? \u00b7         17 A\u011fustos 1999 G\u00f6lc\u00fck Depremi sonras\u0131 yurtd\u0131\u015f\u0131ndan gelen 500 Milyon Dolarl\u0131k deprem yard\u0131m\u0131 nereye harcand\u0131? \u00b7         \u201cRah\u015fan Aff\u0131\u201d nas\u0131l \u00e7\u0131kt\u0131? \u00b7         Y\u00fcce Divan\u2019da yarg\u0131lanan Ba\u015fbakan kimdi? \u00b7         1 May\u0131s 1997, \u201cKara G\u00fcn\u2026\u201d  Kim yapt\u0131? Neler s\u00f6ylendi? \u00b7         2 \u00c7\u0131karma gemisi, 150 adet s\u00fcs para\u015f\u00fct\u00fc, 6 adet helikopter\u2026 Demirel zaman\u0131nda K\u0131br\u0131s\u2019a \u00e7\u0131kartma neden yap\u0131lamad\u0131? \u00b7         12 Eyl\u00fcl 1980 ihtilali \u00f6ncesi \u0130ngiltere B\u00fcy\u00fckel\u00e7ili\u011finin 3 darbe senaryosu\u2026 Hangisi ger\u00e7ekle\u015fti? \u00b7         \u201cBe\u015f Generali emekliye ay\u0131r\u0131n. \u015eayet emekli edemeyecekseniz istifa edin!\u201d diyen siyaset\u00e7i kimdi? \u00b7         12 Eyl\u00fcl \u00f6ncesi \u201cLa Faillite Turque!-T\u00fcrk \u0130flas\u0131\u201d hangi olay sonras\u0131, hangi yabanc\u0131 gazetenin man\u015feti oldu? Duayen Gazeteci Mustafa Bican\u2019\u0131n kaleminden Ecevit\u2019li Demirel\u2019li y\u0131llara ait bir\u00e7ok bilinmeyen an\u0131, olay ve anekdot\u2026 <\/p>\n","protected":false},"excerpt":{"rendered":"<p>\u00b7 S\u00fcleyman Demirel, 1970\u2019li y\u0131llar\u0131n ba\u015f\u0131nda T\u00fcrkiye i\u00e7in nas\u0131l bir foto\u011fraf \u00e7iziyordu? Demirel\u2019in en b\u00fcy\u00fck korkusu neydi? \u00b7 \u0130n\u00f6n\u00fc, Deniz Gezmi\u015f, Yusuf Aslan ve H\u00fcseyin \u0130nan\u2019\u0131n<span class=\"excerpt-hellip\"> [\u2026]<\/span><\/p>\n","protected":false},"featured_media":0,"template":"","meta":{"_monsterinsights_skip_tracking":false,"_monsterinsights_sitenote_active":false,"_monsterinsights_sitenote_note":"","_monsterinsights_sitenote_category":0},"product_brand":[],"product_cat":[12337],"product_tag":[],"class_list":{"0":"post-774054","1":"product","2":"type-product","3":"status-publish","5":"product_cat-politika-siyaset","6":"pa_cilt-ciltsiz","7":"pa_tur-kitap","8":"pa_yayinevi-galeati-yayincilik","9":"pa_yazar-mehmet-bican","11":"first","12":"instock","13":"sale","14":"shipping-taxable","15":"purchasable","16":"product-type-simple"},"_links":{"self":[{"href":"https:\/\/roveyayinevi.com.tr\/index.php\/wp-json\/wp\/v2\/product\/774054","targetHints":{"allow":["GET"]}}],"collection":[{"href":"https:\/\/roveyayinevi.com.tr\/index.php\/wp-json\/wp\/v2\/product"}],"about":[{"href":"https:\/\/roveyayinevi.com.tr\/index.php\/wp-json\/wp\/v2\/types\/product"}],"wp:attachment":[{"href":"https:\/\/roveyayinevi.com.tr\/index.php\/wp-json\/wp\/v2\/media?parent=774054"}],"wp:term":[{"taxonomy":"product_brand","embeddable":true,"href":"https:\/\/roveyayinevi.com.tr\/index.php\/wp-json\/wp\/v2\/product_brand?post=774054"},{"taxonomy":"product_cat","embeddable":true,"href":"https:\/\/roveyayinevi.com.tr\/index.php\/wp-json\/wp\/v2\/product_cat?post=774054"},{"taxonomy":"product_tag","embeddable":true,"href":"https:\/\/roveyayinevi.com.tr\/index.php\/wp-json\/wp\/v2\/product_tag?post=774054"}],"curies":[{"name":"wp","href":"https:\/\/api.w.org\/{rel}","templated":true}]}}

Ecevit’li, Demirel’li Yıllar

<p>·         Süleyman Demirel, 1970’li yılların başında Türkiye için nasıl bir fotoğraf çiziyordu? Demirel’in en büyük korkusu neydi? ·         İnönü, Deniz Gezmiş, Yusuf Aslan ve Hüseyin İnan’ın idam kararları sonrası TRT’ye verdiği röportajda nasıl bir uyarıda bulundu? ·         Üç Fidan… Deniz Geçmiş, Yusuf Aslan ve Hüseyin İnan’ın son mektupları… ·         Kod Adı: “Nazmiye… “ ·         Rahşan Ecevit’in Bakkal Hasan’dan yaptığı günlük alışveriş listesinde neler vardı? ·         17 Ağustos 1999 Gölcük Depremi sonrası yurtdışından gelen 500 Milyon Dolarlık deprem yardımı nereye harcandı? ·         “Rahşan Affı” nasıl çıktı? ·         Yüce Divan’da yargılanan Başbakan kimdi? ·         1 Mayıs 1997, “Kara Gün…”  Kim yaptı? Neler söylendi? ·         2 Çıkarma gemisi, 150 adet süs paraşütü, 6 adet helikopter… Demirel zamanında Kıbrıs’a çıkartma neden yapılamadı? ·         12 Eylül 1980 ihtilali öncesi İngiltere Büyükelçiliğinin 3 darbe senaryosu… Hangisi gerçekleşti? ·         “Beş Generali emekliye ayırın. Şayet emekli edemeyecekseniz istifa edin!” diyen siyasetçi kimdi? ·         12 Eylül öncesi “La Faillite Turque!-Türk İflası” hangi olay sonrası, hangi yabancı gazetenin manşeti oldu? Duayen Gazeteci Mustafa Bican’ın kaleminden Ecevit’li Demirel’li yıllara ait birçok bilinmeyen anı, olay ve anekdot… </p>

<p>· Süleyman Demirel, 1970’li yılların başında Türkiye için nasıl bir fotoğraf çiziyordu? Demirel’in en büyük korkusu neydi? · İnönü, Deniz Gezmiş, Yusuf Aslan ve Hüseyin İnan’ın<span class="excerpt-hellip"> […]</span></p>
