{"id":774053,"date":"2025-08-28T16:38:55","date_gmt":"2025-08-28T13:38:55","guid":{"rendered":"https:\/\/roveyayinevi.com.tr\/index.php\/urun\/beden-egitimi-sifir\/"},"modified":"2026-04-15T03:41:34","modified_gmt":"2026-04-15T00:41:34","slug":"beden-egitimi-sifir","status":"publish","type":"product","link":"https:\/\/roveyayinevi.com.tr\/index.php\/urun\/beden-egitimi-sifir\/","title":{"rendered":"Beden E\u011fitimi S\u0131f\u0131r"},"content":{"rendered":"<p>Yacer beden e\u011fitimi dersinde pek iyi de\u011fil, hatta neredeyse s\u0131f\u0131r. Bu durum asl\u0131nda \u00e7ok da \u00f6nemli de\u011fildi, ta ki Yacer okulda Roselily ile kar\u015f\u0131la\u015f\u0131ncaya kadar.   Roselily tam bir spor tutkunu ve beden e\u011fitimi dersinehayran, Yacer de Roselily\u2019ye&#8230;   Yacer\u2019e yard\u0131m edebilecek elbette bir tek ki\u015fi var: Su pompalar\u0131n\u0131n ve tesisat borular\u0131n\u0131n krali\u00e7esi Victoire. Nathalie Somers\u2019den futbol toplar\u0131n\u0131n, makrot kurabiyelerinin ve tezah\u00fcratlar\u0131n havada u\u00e7u\u015ftu\u011fu, \u00e7ok ama \u00e7ok e\u011flenceli bir hik\u00e2ye. <\/p>\n","protected":false},"excerpt":{"rendered":"<p>Yacer beden e\u011fitimi dersinde pek iyi de\u011fil, hatta neredeyse s\u0131f\u0131r. Bu durum asl\u0131nda \u00e7ok da \u00f6nemli de\u011fildi, ta ki Yacer okulda Roselily ile kar\u015f\u0131la\u015f\u0131ncaya kadar. Roselily<span class=\"excerpt-hellip\"> [\u2026]<\/span><\/p>\n","protected":false},"featured_media":0,"template":"","meta":{"_monsterinsights_skip_tracking":false,"_monsterinsights_sitenote_active":false,"_monsterinsights_sitenote_note":"","_monsterinsights_sitenote_category":0},"product_brand":[],"product_cat":[12274,12284],"product_tag":[],"class_list":{"0":"post-774053","1":"product","2":"type-product","3":"status-publish","5":"product_cat-cocuk-ve-genclik-kitaplari","6":"product_cat-hikayeler","7":"pa_cilt-ciltsiz","8":"pa_tur-kitap","9":"pa_yayinevi-yapi-kredi-yayinlari","10":"pa_yazar-nathalie-somers-oceane-meklemberg","12":"first","13":"instock","14":"sale","15":"shipping-taxable","16":"purchasable","17":"product-type-simple"},"_links":{"self":[{"href":"https:\/\/roveyayinevi.com.tr\/index.php\/wp-json\/wp\/v2\/product\/774053","targetHints":{"allow":["GET"]}}],"collection":[{"href":"https:\/\/roveyayinevi.com.tr\/index.php\/wp-json\/wp\/v2\/product"}],"about":[{"href":"https:\/\/roveyayinevi.com.tr\/index.php\/wp-json\/wp\/v2\/types\/product"}],"wp:attachment":[{"href":"https:\/\/roveyayinevi.com.tr\/index.php\/wp-json\/wp\/v2\/media?parent=774053"}],"wp:term":[{"taxonomy":"product_brand","embeddable":true,"href":"https:\/\/roveyayinevi.com.tr\/index.php\/wp-json\/wp\/v2\/product_brand?post=774053"},{"taxonomy":"product_cat","embeddable":true,"href":"https:\/\/roveyayinevi.com.tr\/index.php\/wp-json\/wp\/v2\/product_cat?post=774053"},{"taxonomy":"product_tag","embeddable":true,"href":"https:\/\/roveyayinevi.com.tr\/index.php\/wp-json\/wp\/v2\/product_tag?post=774053"}],"curies":[{"name":"wp","href":"https:\/\/api.w.org\/{rel}","templated":true}]}}