{"id":774032,"date":"2025-08-28T16:38:10","date_gmt":"2025-08-28T13:38:10","guid":{"rendered":"https:\/\/roveyayinevi.com.tr\/index.php\/urun\/herkesin-bilmesi-gereken-500den-fazla-psikolojik-gercek\/"},"modified":"2026-04-15T03:41:33","modified_gmt":"2026-04-15T00:41:33","slug":"herkesin-bilmesi-gereken-500den-fazla-psikolojik-gercek","status":"publish","type":"product","link":"https:\/\/roveyayinevi.com.tr\/index.php\/urun\/herkesin-bilmesi-gereken-500den-fazla-psikolojik-gercek\/","title":{"rendered":"Herkesin Bilmesi Gereken 500\u2019Den Fazla Psikolojik Ger\u00e7ek"},"content":{"rendered":"<p>Gece uyurken bir anda kafan\u0131z\u0131n i\u00e7inde \u00e7alan ve bitmek bilmeyen \u015fark\u0131dan nas\u0131l kurtulaca\u011f\u0131n\u0131z\u0131 biliyor musunuz? Peki, ya a\u015fk\u0131n bir \u00f6mr\u00fc var m\u0131 veya a\u015fk bir duygu mudur? Ger\u00e7ek psikopatlar\u0131 nas\u0131l ay\u0131rt edebilirsiniz? \u015eirketler sizi daha fazla harcamak i\u00e7in nas\u0131l manip\u00fcle eder? K\u00fc\u00e7\u00fck boy, orta boy ve b\u00fcy\u00fck boy i\u00e7ecek tuza\u011f\u0131n\u0131 hi\u00e7 duydunuz mu? Kendi halindeki insanlar nas\u0131l isyan edecek hale gelir? Hi\u00e7 reddedildi\u011finizde kamyon \u00e7arpm\u0131\u015fa d\u00f6nd\u00fc\u011f\u00fcn\u00fcz oldu mu? \u0130nsanlar neden genelde u\u00e7urum g\u00f6rd\u00fcklerinde kenar\u0131na gitme ihtiyac\u0131 duyar? Bebeklerin anadilleri var m\u0131d\u0131r ve y\u00fcr\u00fcmeye yeni ba\u015flayan \u00e7ocuklar neden durup dururken ba\u011f\u0131r\u0131r? Baz\u0131 insanlar neden de\u011fi\u015fimden korkar? Jana Louise Smit, elinizdeki kitapta bu sorular\u0131n cevaplar\u0131n\u0131 ve bunun gibi be\u015f y\u00fcz psikolojik ger\u00e7e\u011fi ustal\u0131kla ve mizahi bir bi\u00e7imde ele al\u0131yor.   <\/p>\n","protected":false},"excerpt":{"rendered":"<p>Gece uyurken bir anda kafan\u0131z\u0131n i\u00e7inde \u00e7alan ve bitmek bilmeyen \u015fark\u0131dan nas\u0131l kurtulaca\u011f\u0131n\u0131z\u0131 biliyor musunuz? Peki, ya a\u015fk\u0131n bir \u00f6mr\u00fc var m\u0131 veya a\u015fk bir duygu<span class=\"excerpt-hellip\"> [\u2026]<\/span><\/p>\n","protected":false},"featured_media":0,"template":"","meta":{"_monsterinsights_skip_tracking":false,"_monsterinsights_sitenote_active":false,"_monsterinsights_sitenote_note":"","_monsterinsights_sitenote_category":0},"product_brand":[],"product_cat":[12357],"product_tag":[],"class_list":{"0":"post-774032","1":"product","2":"type-product","3":"status-publish","5":"product_cat-psikoloji","6":"pa_cilt-ciltsiz","7":"pa_tur-kitap","8":"pa_yayinevi-ucuncu-goz","9":"pa_yazar-jana-louise-smit","11":"first","12":"instock","13":"sale","14":"shipping-taxable","15":"purchasable","16":"product-type-simple"},"_links":{"self":[{"href":"https:\/\/roveyayinevi.com.tr\/index.php\/wp-json\/wp\/v2\/product\/774032","targetHints":{"allow":["GET"]}}],"collection":[{"href":"https:\/\/roveyayinevi.com.tr\/index.php\/wp-json\/wp\/v2\/product"}],"about":[{"href":"https:\/\/roveyayinevi.com.tr\/index.php\/wp-json\/wp\/v2\/types\/product"}],"wp:attachment":[{"href":"https:\/\/roveyayinevi.com.tr\/index.php\/wp-json\/wp\/v2\/media?parent=774032"}],"wp:term":[{"taxonomy":"product_brand","embeddable":true,"href":"https:\/\/roveyayinevi.com.tr\/index.php\/wp-json\/wp\/v2\/product_brand?post=774032"},{"taxonomy":"product_cat","embeddable":true,"href":"https:\/\/roveyayinevi.com.tr\/index.php\/wp-json\/wp\/v2\/product_cat?post=774032"},{"taxonomy":"product_tag","embeddable":true,"href":"https:\/\/roveyayinevi.com.tr\/index.php\/wp-json\/wp\/v2\/product_tag?post=774032"}],"curies":[{"name":"wp","href":"https:\/\/api.w.org\/{rel}","templated":true}]}}