{"id":774021,"date":"2025-08-28T16:37:42","date_gmt":"2025-08-28T13:37:42","guid":{"rendered":"https:\/\/roveyayinevi.com.tr\/index.php\/urun\/edom-frritt-flakk-humbug\/"},"modified":"2026-04-13T03:36:42","modified_gmt":"2026-04-13T00:36:42","slug":"edom-frritt-flakk-humbug","status":"publish","type":"product","link":"https:\/\/roveyayinevi.com.tr\/index.php\/urun\/edom-frritt-flakk-humbug\/","title":{"rendered":"Edom &#8211; Frritt Flakk &#8211; Humbug"},"content":{"rendered":"<p>\u201cYu\u0308zy\u0131llar boyunca birbirlerini katletmelerine ve ge\u00e7imsizliklerine kar\u015f\u0131n insano\u011flu, bir an bile do\u011faya kar\u015f\u0131 olan sava\u015f\u0131n\u0131 b\u0131rakmam\u0131\u015f, hatta her ge\u00e7en gu\u0308n daha bu\u0308yu\u0308k zaferler kazanm\u0131\u015ft\u0131. (&#8230;) \u0130nsanl\u0131k, yaln\u0131zca kaslar\u0131yla de\u011fil beyniyle de hayat\u0131n\u0131 su\u0308rdu\u0308rmu\u0308\u015ftu\u0308 ve anlams\u0131z sava\u015flarla kendini mahvedece\u011fi yerde du\u0308\u015fu\u0308nmu\u0308\u015f, bunun sonucunda da son iki yu\u0308zy\u0131lda bilgiye ve madenin ehlile\u015ftirilmesine do\u011fru daha bu\u0308yu\u0308k ad\u0131mlarla ilerlemeye ba\u015flam\u0131\u015ft\u0131.\u201d   Geli\u015fmi\u015f bir uygarl\u0131kta muktedirlerin bulu\u015ftuklar\u0131 bir resepsiyon, do\u011fan\u0131n gu\u0308\u00e7leri kar\u015f\u0131s\u0131nda her \u015feye ra\u011fmen ne kadar aciz kalacaklar\u0131n\u0131 g\u00f6sterecek bir tufan\u0131n ba\u015flang\u0131c\u0131na denk gelirse&#8230; Kasabas\u0131n\u0131n efendisi oldu\u011funa inanan merhametsiz bir doktor, bir gece \u00f6lu\u0308m d\u00f6\u015fe\u011finde bir hastaya \u00e7a\u011fr\u0131ld\u0131\u011f\u0131nda reddedebilecek cu\u0308reti buldu\u011funda ne kaybedece\u011fini bilmezse&#8230; Yeni du\u0308nyaya devasa sermayesiyle gelen Avrupal\u0131 esrarengiz bir i\u015fadam\u0131n\u0131n gizemlerini saklad\u0131\u011f\u0131 g\u00f6rkemli binan\u0131n s\u0131rlar\u0131 \u00e7\u00f6zu\u0308lmeye kalk\u0131\u015f\u0131l\u0131rsa&#8230;   Jules Verne\u2019in s\u0131n\u0131rs\u0131z hayal gu\u0308cu\u0308nden do\u011fan u\u0308\u00e7 fantastik \u00f6yku\u0308: Ba\u015fka du\u0308nyalara g\u00f6z k\u0131rpan \u201cEdom\u201d, insan\u0131n habis karakterini ayd\u0131nlatan mesel \u201cFrrit-Flakk\u201d ve muktedirlerin gizemlerini aralamaya \u00e7al\u0131\u015fan \u201cHumbug\u201d&#8230; \u00c7a\u011fda\u015flar\u0131yla dirsek temas\u0131 kurdu\u011fu mini cevelanlar&#8230; <\/p>\n","protected":false},"excerpt":{"rendered":"<p>\u201cYu\u0308zy\u0131llar boyunca birbirlerini katletmelerine ve ge\u00e7imsizliklerine kar\u015f\u0131n insano\u011flu, bir an bile do\u011faya kar\u015f\u0131 olan sava\u015f\u0131n\u0131 b\u0131rakmam\u0131\u015f, hatta her ge\u00e7en gu\u0308n daha bu\u0308yu\u0308k zaferler kazanm\u0131\u015ft\u0131. (&#8230;) \u0130nsanl\u0131k,<span class=\"excerpt-hellip\"> [\u2026]<\/span><\/p>\n","protected":false},"featured_media":0,"template":"","meta":{"_monsterinsights_skip_tracking":false,"_monsterinsights_sitenote_active":false,"_monsterinsights_sitenote_note":"","_monsterinsights_sitenote_category":0},"product_brand":[],"product_cat":[12291,12711],"product_tag":[],"class_list":{"0":"post-774021","1":"product","2":"type-product","3":"status-publish","5":"product_cat-edebiyat","6":"product_cat-roman-oyku","7":"pa_cilt-ciltsiz","8":"pa_tur-kitap","9":"pa_yayinevi-ithaki-yayinlari","10":"pa_yazar-jules-verne","12":"first","13":"instock","14":"sale","15":"shipping-taxable","16":"purchasable","17":"product-type-simple"},"_links":{"self":[{"href":"https:\/\/roveyayinevi.com.tr\/index.php\/wp-json\/wp\/v2\/product\/774021","targetHints":{"allow":["GET"]}}],"collection":[{"href":"https:\/\/roveyayinevi.com.tr\/index.php\/wp-json\/wp\/v2\/product"}],"about":[{"href":"https:\/\/roveyayinevi.com.tr\/index.php\/wp-json\/wp\/v2\/types\/product"}],"wp:attachment":[{"href":"https:\/\/roveyayinevi.com.tr\/index.php\/wp-json\/wp\/v2\/media?parent=774021"}],"wp:term":[{"taxonomy":"product_brand","embeddable":true,"href":"https:\/\/roveyayinevi.com.tr\/index.php\/wp-json\/wp\/v2\/product_brand?post=774021"},{"taxonomy":"product_cat","embeddable":true,"href":"https:\/\/roveyayinevi.com.tr\/index.php\/wp-json\/wp\/v2\/product_cat?post=774021"},{"taxonomy":"product_tag","embeddable":true,"href":"https:\/\/roveyayinevi.com.tr\/index.php\/wp-json\/wp\/v2\/product_tag?post=774021"}],"curies":[{"name":"wp","href":"https:\/\/api.w.org\/{rel}","templated":true}]}}