{"id":774009,"date":"2025-08-28T16:37:18","date_gmt":"2025-08-28T13:37:18","guid":{"rendered":"https:\/\/roveyayinevi.com.tr\/index.php\/urun\/daire\/"},"modified":"2026-04-05T03:32:20","modified_gmt":"2026-04-05T00:32:20","slug":"daire","status":"publish","type":"product","link":"https:\/\/roveyayinevi.com.tr\/index.php\/urun\/daire\/","title":{"rendered":"Daire"},"content":{"rendered":"<p>&#8220;G\u00f6r\u00fcyorsunuz ya, daha da \u00e7ok soru, daha da \u00e7ok kafa kar\u0131\u015f\u0131kl\u0131\u011f\u0131&#8230; \u0130nsanlar\u0131n ihtiyac\u0131 olan \u015fey sizin hakikat diye inand\u0131\u011f\u0131n\u0131z fizik yasalar\u0131 m\u0131? Neden? Cevab\u0131n sadece bir k\u0131sm\u0131na sahip olabilmek i\u00e7in mi? Asla cevab\u0131n tamam\u0131na ula\u015famamak, her zaman yeni sorular ve yeni mutsuzluklar elde etmek&#8230;&#8221; Kansu O\u011fuz Canbek abs\u00fcrt, sert ve yer yer mizahi bir dille hik\u00e2yeler anlat\u0131yor. Art\u0131k tek bir canl\u0131n\u0131n bile ya\u015famad\u0131\u011f\u0131 \u015fehirler, tuhaf i\u015flerin pe\u015finden ko\u015fa ko\u015fa tuhafla\u015fan insanlar, devletle \u00fcst\u00fc kapal\u0131 bir bi\u00e7imde ya\u015fanan m\u00fcnaka\u015falar\u2026 Vermeye al\u0131\u015f\u0131k oldu\u011fumuz tepkilerimizi de\u011fi\u015ftiriyor Daire\u2019deki hik\u00e2yeler. Keskin yanlar\u0131m\u0131z t\u00f6rp\u00fcleniyor sanki, \u201cBir dakika\u201d deyip duruyoruz s\u0131k s\u0131k, \u201csahi, bu niye b\u00f6yle olmas\u0131n ki?\u201d<\/p>\n","protected":false},"excerpt":{"rendered":"<p>&#8220;G\u00f6r\u00fcyorsunuz ya, daha da \u00e7ok soru, daha da \u00e7ok kafa kar\u0131\u015f\u0131kl\u0131\u011f\u0131&#8230; \u0130nsanlar\u0131n ihtiyac\u0131 olan \u015fey sizin hakikat diye inand\u0131\u011f\u0131n\u0131z fizik yasalar\u0131 m\u0131? Neden? Cevab\u0131n sadece bir<span class=\"excerpt-hellip\"> [\u2026]<\/span><\/p>\n","protected":false},"featured_media":0,"template":"","meta":{"_monsterinsights_skip_tracking":false,"_monsterinsights_sitenote_active":false,"_monsterinsights_sitenote_note":"","_monsterinsights_sitenote_category":0},"product_brand":[],"product_cat":[12291,12711],"product_tag":[],"class_list":{"0":"post-774009","1":"product","2":"type-product","3":"status-publish","5":"product_cat-edebiyat","6":"product_cat-roman-oyku","7":"pa_cilt-ciltsiz","8":"pa_tur-kitap","9":"pa_yayinevi-iletisim-yayinlari","10":"pa_yazar-kansu-oguz-canbek","12":"first","13":"instock","14":"sale","15":"shipping-taxable","16":"purchasable","17":"product-type-simple"},"_links":{"self":[{"href":"https:\/\/roveyayinevi.com.tr\/index.php\/wp-json\/wp\/v2\/product\/774009","targetHints":{"allow":["GET"]}}],"collection":[{"href":"https:\/\/roveyayinevi.com.tr\/index.php\/wp-json\/wp\/v2\/product"}],"about":[{"href":"https:\/\/roveyayinevi.com.tr\/index.php\/wp-json\/wp\/v2\/types\/product"}],"wp:attachment":[{"href":"https:\/\/roveyayinevi.com.tr\/index.php\/wp-json\/wp\/v2\/media?parent=774009"}],"wp:term":[{"taxonomy":"product_brand","embeddable":true,"href":"https:\/\/roveyayinevi.com.tr\/index.php\/wp-json\/wp\/v2\/product_brand?post=774009"},{"taxonomy":"product_cat","embeddable":true,"href":"https:\/\/roveyayinevi.com.tr\/index.php\/wp-json\/wp\/v2\/product_cat?post=774009"},{"taxonomy":"product_tag","embeddable":true,"href":"https:\/\/roveyayinevi.com.tr\/index.php\/wp-json\/wp\/v2\/product_tag?post=774009"}],"curies":[{"name":"wp","href":"https:\/\/api.w.org\/{rel}","templated":true}]}}