{"id":773987,"date":"2025-08-28T16:36:22","date_gmt":"2025-08-28T13:36:22","guid":{"rendered":"https:\/\/roveyayinevi.com.tr\/index.php\/urun\/morgue-sokagi-cinayetleri-2\/"},"modified":"2026-04-15T03:41:32","modified_gmt":"2026-04-15T00:41:32","slug":"morgue-sokagi-cinayetleri-2","status":"publish","type":"product","link":"https:\/\/roveyayinevi.com.tr\/index.php\/urun\/morgue-sokagi-cinayetleri-2\/","title":{"rendered":"Morgue Soka\u011f\u0131 Cinayetleri"},"content":{"rendered":"<p>Sadece Amerikan edebiyat\u0131na de\u011fil d\u00fcnya edebiyat\u0131na da y\u00f6n veren Edgar Allan Poe\u2019nun b\u00fcy\u00fcleyici kaleminden \u00e7\u0131km\u0131\u015f ve Bat\u0131 d\u00fcnyas\u0131n\u0131n ilk modern dedektif \u00f6yk\u00fcs\u00fc olan Morgue Soka\u011f\u0131 Cinayetleri, iki kad\u0131n\u0131n s\u0131ra d\u0131\u015f\u0131 bir \u015fekilde \u00f6ld\u00fcr\u00fclmesinin ard\u0131ndaki gizemi ola\u011fan\u00fcst\u00fc bir g\u00f6zlem ve analiz yetene\u011fiyle \u00e7\u00f6zen Aguste Dupin\u2019in analitik \u00e7\u0131kar\u0131mlar\u0131n\u0131n isimsiz arkada\u015f\u0131n\u0131n zihninden okuyucuya aktar\u0131m\u0131n\u0131 konu edinir. Bu yap\u0131tta yer alan ve yine 19. y\u00fczy\u0131l\u0131n ba\u015fkenti Paris\u2019te ge\u00e7en di\u011fer iki \u00f6yk\u00fc Marie Rog\u00eat\u2019nin Gizemi ve \u00c7al\u0131nan Mektup da Dupin\u2019in keskin zek\u00e2s\u0131ndan hi\u00e7bir ayr\u0131nt\u0131n\u0131n ka\u00e7mad\u0131\u011f\u0131 iki yeni bulmaca gibidir adeta. Sherlock Holmes ve Hercule Poirot gibi k\u00fclt karakterlerin olu\u015fmas\u0131na ilham vermi\u015f ve y\u00fcz y\u0131l\u0131 a\u015fk\u0131n s\u00fcredir pop\u00fclerli\u011fini koruyan bu edebiyat \u015faheserini \u00c7i\u011fdem \u00d6ztekin\u2019in \u00f6zenli \u00e7evirisiyle sunuyoruz.<\/p>\n","protected":false},"excerpt":{"rendered":"<p>Sadece Amerikan edebiyat\u0131na de\u011fil d\u00fcnya edebiyat\u0131na da y\u00f6n veren Edgar Allan Poe\u2019nun b\u00fcy\u00fcleyici kaleminden \u00e7\u0131km\u0131\u015f ve Bat\u0131 d\u00fcnyas\u0131n\u0131n ilk modern dedektif \u00f6yk\u00fcs\u00fc olan Morgue Soka\u011f\u0131 Cinayetleri,<span class=\"excerpt-hellip\"> [\u2026]<\/span><\/p>\n","protected":false},"featured_media":0,"template":"","meta":{"_monsterinsights_skip_tracking":false,"_monsterinsights_sitenote_active":false,"_monsterinsights_sitenote_note":"","_monsterinsights_sitenote_category":0},"product_brand":[],"product_cat":[12291,12711],"product_tag":[],"class_list":{"0":"post-773987","1":"product","2":"type-product","3":"status-publish","5":"product_cat-edebiyat","6":"product_cat-roman-oyku","7":"pa_cilt-ciltsiz","8":"pa_tur-kitap","9":"pa_yayinevi-koridor-yayincilik","10":"pa_yazar-edgar-allan-poe","12":"first","13":"instock","14":"sale","15":"shipping-taxable","16":"purchasable","17":"product-type-simple"},"_links":{"self":[{"href":"https:\/\/roveyayinevi.com.tr\/index.php\/wp-json\/wp\/v2\/product\/773987","targetHints":{"allow":["GET"]}}],"collection":[{"href":"https:\/\/roveyayinevi.com.tr\/index.php\/wp-json\/wp\/v2\/product"}],"about":[{"href":"https:\/\/roveyayinevi.com.tr\/index.php\/wp-json\/wp\/v2\/types\/product"}],"wp:attachment":[{"href":"https:\/\/roveyayinevi.com.tr\/index.php\/wp-json\/wp\/v2\/media?parent=773987"}],"wp:term":[{"taxonomy":"product_brand","embeddable":true,"href":"https:\/\/roveyayinevi.com.tr\/index.php\/wp-json\/wp\/v2\/product_brand?post=773987"},{"taxonomy":"product_cat","embeddable":true,"href":"https:\/\/roveyayinevi.com.tr\/index.php\/wp-json\/wp\/v2\/product_cat?post=773987"},{"taxonomy":"product_tag","embeddable":true,"href":"https:\/\/roveyayinevi.com.tr\/index.php\/wp-json\/wp\/v2\/product_tag?post=773987"}],"curies":[{"name":"wp","href":"https:\/\/api.w.org\/{rel}","templated":true}]}}