{"id":773977,"date":"2025-08-28T16:35:56","date_gmt":"2025-08-28T13:35:56","guid":{"rendered":"https:\/\/roveyayinevi.com.tr\/index.php\/urun\/denizati-yildizlari-ilk-inci\/"},"modified":"2026-04-15T03:41:32","modified_gmt":"2026-04-15T00:41:32","slug":"denizati-yildizlari-ilk-inci","status":"publish","type":"product","link":"https:\/\/roveyayinevi.com.tr\/index.php\/urun\/denizati-yildizlari-ilk-inci\/","title":{"rendered":"Denizat\u0131 Y\u0131ld\u0131zlar\u0131 &#8211; \u0130lk \u0130nci"},"content":{"rendered":"<p>Duru, G\u00f6kku\u015fa\u011f\u0131 Resifi&#8217;ndeki en harika kul\u00fcp olan Denizat\u0131 T\u0131ld\u0131zlar\u0131na kat\u0131lmak i\u00e7in can at\u0131yor. Ama bu kul\u00fcbe girebilmek i\u00e7in \u00f6nce bir \u0130nci Avc\u0131s\u0131 olmal\u0131 ve yeteneklerini kan\u0131tlayarak incilerini kazanmal\u0131. ilk g\u00f6revi kamp yapmak. Bunun \u00e7ok kolay bir g\u00f6rev oldu\u011funu d\u00fc\u015f\u00fcnen Duru ilk incisini rahatl\u0131kla kazanacag\u0131ndan emin. Acaba Duru kamp g\u00fcn\u00fc ilk s\u0131nav\u0131n\u0131 zannetti\u011fi kadar kolay bir \u015fekilde ge\u00e7ebilecek mi?<\/p>\n","protected":false},"excerpt":{"rendered":"<p>Duru, G\u00f6kku\u015fa\u011f\u0131 Resifi&#8217;ndeki en harika kul\u00fcp olan Denizat\u0131 T\u0131ld\u0131zlar\u0131na kat\u0131lmak i\u00e7in can at\u0131yor. Ama bu kul\u00fcbe girebilmek i\u00e7in \u00f6nce bir \u0130nci Avc\u0131s\u0131 olmal\u0131 ve yeteneklerini kan\u0131tlayarak<span class=\"excerpt-hellip\"> [\u2026]<\/span><\/p>\n","protected":false},"featured_media":0,"template":"","meta":{"_monsterinsights_skip_tracking":false,"_monsterinsights_sitenote_active":false,"_monsterinsights_sitenote_note":"","_monsterinsights_sitenote_category":0},"product_brand":[],"product_cat":[12274,12284],"product_tag":[],"class_list":{"0":"post-773977","1":"product","2":"type-product","3":"status-publish","5":"product_cat-cocuk-ve-genclik-kitaplari","6":"product_cat-hikayeler","7":"pa_cilt-ciltsiz","8":"pa_tur-kitap","9":"pa_yayinevi-beyaz-balina-yayinlari","10":"pa_yazar-zuzu-singer","12":"first","13":"instock","14":"sale","15":"shipping-taxable","16":"purchasable","17":"product-type-simple"},"_links":{"self":[{"href":"https:\/\/roveyayinevi.com.tr\/index.php\/wp-json\/wp\/v2\/product\/773977","targetHints":{"allow":["GET"]}}],"collection":[{"href":"https:\/\/roveyayinevi.com.tr\/index.php\/wp-json\/wp\/v2\/product"}],"about":[{"href":"https:\/\/roveyayinevi.com.tr\/index.php\/wp-json\/wp\/v2\/types\/product"}],"wp:attachment":[{"href":"https:\/\/roveyayinevi.com.tr\/index.php\/wp-json\/wp\/v2\/media?parent=773977"}],"wp:term":[{"taxonomy":"product_brand","embeddable":true,"href":"https:\/\/roveyayinevi.com.tr\/index.php\/wp-json\/wp\/v2\/product_brand?post=773977"},{"taxonomy":"product_cat","embeddable":true,"href":"https:\/\/roveyayinevi.com.tr\/index.php\/wp-json\/wp\/v2\/product_cat?post=773977"},{"taxonomy":"product_tag","embeddable":true,"href":"https:\/\/roveyayinevi.com.tr\/index.php\/wp-json\/wp\/v2\/product_tag?post=773977"}],"curies":[{"name":"wp","href":"https:\/\/api.w.org\/{rel}","templated":true}]}}