{"id":773902,"date":"2025-08-28T16:33:32","date_gmt":"2025-08-28T13:33:32","guid":{"rendered":"https:\/\/roveyayinevi.com.tr\/index.php\/urun\/kota-romantika\/"},"modified":"2026-04-15T03:40:00","modified_gmt":"2026-04-15T00:40:00","slug":"kota-romantika","status":"publish","type":"product","link":"https:\/\/roveyayinevi.com.tr\/index.php\/urun\/kota-romantika\/","title":{"rendered":"Kota Romantika"},"content":{"rendered":"<p>\u0130ki g\u00fcne\u015fi, d\u00f6rt ay\u0131, on \u00fc\u00e7 g\u00f6kku\u015fa\u011f\u0131 ve say\u0131s\u0131z y\u0131ld\u0131zla donat\u0131lm\u0131\u015f g\u00f6ky\u00fcz\u00fcyle havada s\u00fcz\u00fclen muhte\u015fem bir \u015fehir\u2026 Ve daima mutlu olmak zorunda oldu\u011fun bir d\u00fcnya hayal et&#8230; Burada herkes ne\u015feli\u2026 Ac\u0131ya, h\u00fczne ve g\u00f6zya\u015f\u0131na asla yer yok! Fakat bir g\u00fcn, herkesin mutluymu\u015f gibi yapt\u0131\u011f\u0131 bu yapay d\u00fcnyada, gen\u00e7 bir k\u0131z ya\u015fad\u0131\u011f\u0131 hayat\u0131 sorgulamaya ba\u015flar. Yasaklanm\u0131\u015f insanca duygular\u0131, hayat\u0131n anlam\u0131n\u0131, kafas\u0131ndaki sorular\u0131n\u0131n cevaplar\u0131n\u0131 ve ger\u00e7ekte kim oldu\u011funu ke\u015ffetmek i\u00e7in cesur bir ad\u0131m atar. Sentetik bir d\u00fcnya, bilinmeyen bir ge\u00e7mi\u015f, saklanan bir g\u00fcnl\u00fck ve gizemli bir \u00e7ocuk\u2026 En yak\u0131n arkada\u015f\u0131, Sonsuz Uyku Kaps\u00fcl\u00fc\u2019ne girmeden \u00f6nce ka\u00e7mak i\u00e7in \u00e7ok az zaman vard\u0131r\u2026Ve Nur Belq\u0131s, kendisine \u00f6\u011fretilen t\u00fcm do\u011frular\u0131n asl\u0131nda dikkatle in\u015fa edilmi\u015f yalanlar oldu\u011funu fark etti\u011finde, kafas\u0131nda \u015fu soru yank\u0131lan\u0131r: Ac\u0131n\u0131n, h\u00fczn\u00fcn, a\u011flaman\u0131n yasak oldu\u011fu bir d\u00fcnyada mutlu olabilir miyim?  Arkada\u015fl\u0131\u011f\u0131n, aile olman\u0131n, duygular\u0131 tan\u0131man\u0131n, nefes kesen bir maceraya d\u00f6n\u00fc\u015ft\u00fc\u011f\u00fc g\u00fc\u00e7l\u00fc ve etkileyici bir hik\u00e2ye\u2026 <\/p>\n","protected":false},"excerpt":{"rendered":"<p>\u0130ki g\u00fcne\u015fi, d\u00f6rt ay\u0131, on \u00fc\u00e7 g\u00f6kku\u015fa\u011f\u0131 ve say\u0131s\u0131z y\u0131ld\u0131zla donat\u0131lm\u0131\u015f g\u00f6ky\u00fcz\u00fcyle havada s\u00fcz\u00fclen muhte\u015fem bir \u015fehir\u2026 Ve daima mutlu olmak zorunda oldu\u011fun bir d\u00fcnya hayal<span class=\"excerpt-hellip\"> [\u2026]<\/span><\/p>\n","protected":false},"featured_media":0,"template":"","meta":{"_monsterinsights_skip_tracking":false,"_monsterinsights_sitenote_active":false,"_monsterinsights_sitenote_note":"","_monsterinsights_sitenote_category":0},"product_brand":[],"product_cat":[12291,14777],"product_tag":[],"class_list":{"0":"post-773902","1":"product","2":"type-product","3":"status-publish","5":"product_cat-edebiyat","6":"product_cat-fantastik","7":"pa_cilt-ciltsiz","8":"pa_tur-kitap","9":"pa_yayinevi-carpe-diem-kitaplari","10":"pa_yazar-ilham-mazalan","12":"first","13":"instock","14":"sale","15":"shipping-taxable","16":"purchasable","17":"product-type-simple"},"_links":{"self":[{"href":"https:\/\/roveyayinevi.com.tr\/index.php\/wp-json\/wp\/v2\/product\/773902","targetHints":{"allow":["GET"]}}],"collection":[{"href":"https:\/\/roveyayinevi.com.tr\/index.php\/wp-json\/wp\/v2\/product"}],"about":[{"href":"https:\/\/roveyayinevi.com.tr\/index.php\/wp-json\/wp\/v2\/types\/product"}],"wp:attachment":[{"href":"https:\/\/roveyayinevi.com.tr\/index.php\/wp-json\/wp\/v2\/media?parent=773902"}],"wp:term":[{"taxonomy":"product_brand","embeddable":true,"href":"https:\/\/roveyayinevi.com.tr\/index.php\/wp-json\/wp\/v2\/product_brand?post=773902"},{"taxonomy":"product_cat","embeddable":true,"href":"https:\/\/roveyayinevi.com.tr\/index.php\/wp-json\/wp\/v2\/product_cat?post=773902"},{"taxonomy":"product_tag","embeddable":true,"href":"https:\/\/roveyayinevi.com.tr\/index.php\/wp-json\/wp\/v2\/product_tag?post=773902"}],"curies":[{"name":"wp","href":"https:\/\/api.w.org\/{rel}","templated":true}]}}