{"id":773897,"date":"2025-08-28T16:33:21","date_gmt":"2025-08-28T13:33:21","guid":{"rendered":"https:\/\/roveyayinevi.com.tr\/index.php\/urun\/disney-ajan-stic-uzaylangoz-dosyasi\/"},"modified":"2026-04-15T03:39:59","modified_gmt":"2026-04-15T00:39:59","slug":"disney-ajan-stic-uzaylangoz-dosyasi","status":"publish","type":"product","link":"https:\/\/roveyayinevi.com.tr\/index.php\/urun\/disney-ajan-stic-uzaylangoz-dosyasi\/","title":{"rendered":"Disney Ajan Sti\u00e7 &#8211; Uzaylangoz Dosyas\u0131"},"content":{"rendered":"<p>D\u00fcnyan\u0131n en iyi uzayl\u0131 dedektifi Sti\u00e7\u2019le tan\u0131\u015f!   Sti\u00e7 olarak da tan\u0131nan Ajan 626 ve arkada\u015flar\u0131, \u015fehirde g\u00f6r\u00fclen uzayl\u0131 salyangozlar\u0131 yada uzmanlar\u0131n deyi\u015fiyle \u201cUzaylangozlar\u0131\u201d ara\u015ft\u0131rmak \u00fczere Paris\u2019e gidiyor. Acaba Sti\u00e7 bu d\u00fcnya d\u0131\u015f\u0131 gizemi \u00e7\u00f6zmeyi ba\u015farabilecek mi? Yoksa kendini Uzaylangoz v\u0131c\u0131\u011f\u0131ndan da beter bir durumun i\u00e7inde mi bulacak?<\/p>\n","protected":false},"excerpt":{"rendered":"<p>D\u00fcnyan\u0131n en iyi uzayl\u0131 dedektifi Sti\u00e7\u2019le tan\u0131\u015f! Sti\u00e7 olarak da tan\u0131nan Ajan 626 ve arkada\u015flar\u0131, \u015fehirde g\u00f6r\u00fclen uzayl\u0131 salyangozlar\u0131 yada uzmanlar\u0131n deyi\u015fiyle \u201cUzaylangozlar\u0131\u201d ara\u015ft\u0131rmak \u00fczere Paris\u2019e<span class=\"excerpt-hellip\"> [\u2026]<\/span><\/p>\n","protected":false},"featured_media":0,"template":"","meta":{"_monsterinsights_skip_tracking":false,"_monsterinsights_sitenote_active":false,"_monsterinsights_sitenote_note":"","_monsterinsights_sitenote_category":0},"product_brand":[],"product_cat":[12274,12284],"product_tag":[],"class_list":{"0":"post-773897","1":"product","2":"type-product","3":"status-publish","5":"product_cat-cocuk-ve-genclik-kitaplari","6":"product_cat-hikayeler","7":"pa_cilt-ciltsiz","8":"pa_tur-kitap","9":"pa_yayinevi-beta-kids","10":"pa_yazar-steve-behling","12":"first","13":"instock","14":"sale","15":"shipping-taxable","16":"purchasable","17":"product-type-simple"},"_links":{"self":[{"href":"https:\/\/roveyayinevi.com.tr\/index.php\/wp-json\/wp\/v2\/product\/773897","targetHints":{"allow":["GET"]}}],"collection":[{"href":"https:\/\/roveyayinevi.com.tr\/index.php\/wp-json\/wp\/v2\/product"}],"about":[{"href":"https:\/\/roveyayinevi.com.tr\/index.php\/wp-json\/wp\/v2\/types\/product"}],"wp:attachment":[{"href":"https:\/\/roveyayinevi.com.tr\/index.php\/wp-json\/wp\/v2\/media?parent=773897"}],"wp:term":[{"taxonomy":"product_brand","embeddable":true,"href":"https:\/\/roveyayinevi.com.tr\/index.php\/wp-json\/wp\/v2\/product_brand?post=773897"},{"taxonomy":"product_cat","embeddable":true,"href":"https:\/\/roveyayinevi.com.tr\/index.php\/wp-json\/wp\/v2\/product_cat?post=773897"},{"taxonomy":"product_tag","embeddable":true,"href":"https:\/\/roveyayinevi.com.tr\/index.php\/wp-json\/wp\/v2\/product_tag?post=773897"}],"curies":[{"name":"wp","href":"https:\/\/api.w.org\/{rel}","templated":true}]}}