{"id":773896,"date":"2025-08-28T16:33:18","date_gmt":"2025-08-28T13:33:18","guid":{"rendered":"https:\/\/roveyayinevi.com.tr\/index.php\/urun\/disney-ajan-stic-testeredis-dosyasi\/"},"modified":"2026-04-15T03:39:59","modified_gmt":"2026-04-15T00:39:59","slug":"disney-ajan-stic-testeredis-dosyasi","status":"publish","type":"product","link":"https:\/\/roveyayinevi.com.tr\/index.php\/urun\/disney-ajan-stic-testeredis-dosyasi\/","title":{"rendered":"Disney Ajan Sti\u00e7 &#8211; Testeredi\u015f Dosyas\u0131"},"content":{"rendered":"<p>Ajan Sti\u00e7 New York \u015eehri\u2019ne gidiyor! Paris\u2019i uzayl\u0131 salyangozlar\u0131n istilas\u0131ndan kurtaran Sti\u00e7 ve arkada\u015flar\u0131, bu maceralar\u0131nda B\u00fcy\u00fck Elma\u2019ya do\u011fru yola \u00e7\u0131k\u0131yor. New York \u015eehri\u2019nin her yerinde insanlar kayboluyor ve Galaktik Dedektiflik B\u00fcrosu, bu su\u00e7un ard\u0131nda \u015fekil de\u011fi\u015ftiren bir grup uzayl\u0131n\u0131n oldu\u011fundan \u015f\u00fcpheleniyor. Kay\u0131p insanlara ne oldu\u011funu bulmak da Sti\u00e7\u2019e kalm\u0131\u015f durumda. Ancak \u015f\u00fcpheliler herhangi biri ve hatta belki de en yak\u0131n arkada\u015flar\u0131n gibi g\u00f6r\u00fcnecek \u015fekilde k\u0131l\u0131k de\u011fi\u015ftirebiliyorken bu gizemi \u00e7\u00f6zmek m\u00fcmk\u00fcn olabilir mi?<\/p>\n","protected":false},"excerpt":{"rendered":"<p>Ajan Sti\u00e7 New York \u015eehri\u2019ne gidiyor! Paris\u2019i uzayl\u0131 salyangozlar\u0131n istilas\u0131ndan kurtaran Sti\u00e7 ve arkada\u015flar\u0131, bu maceralar\u0131nda B\u00fcy\u00fck Elma\u2019ya do\u011fru yola \u00e7\u0131k\u0131yor. New York \u015eehri\u2019nin her yerinde<span class=\"excerpt-hellip\"> [\u2026]<\/span><\/p>\n","protected":false},"featured_media":0,"template":"","meta":{"_monsterinsights_skip_tracking":false,"_monsterinsights_sitenote_active":false,"_monsterinsights_sitenote_note":"","_monsterinsights_sitenote_category":0},"product_brand":[],"product_cat":[12274,12284],"product_tag":[],"class_list":{"0":"post-773896","1":"product","2":"type-product","3":"status-publish","5":"product_cat-cocuk-ve-genclik-kitaplari","6":"product_cat-hikayeler","7":"pa_cilt-ciltsiz","8":"pa_tur-kitap","9":"pa_yayinevi-beta-kids","10":"pa_yazar-steve-behling","12":"first","13":"instock","14":"sale","15":"shipping-taxable","16":"purchasable","17":"product-type-simple"},"_links":{"self":[{"href":"https:\/\/roveyayinevi.com.tr\/index.php\/wp-json\/wp\/v2\/product\/773896","targetHints":{"allow":["GET"]}}],"collection":[{"href":"https:\/\/roveyayinevi.com.tr\/index.php\/wp-json\/wp\/v2\/product"}],"about":[{"href":"https:\/\/roveyayinevi.com.tr\/index.php\/wp-json\/wp\/v2\/types\/product"}],"wp:attachment":[{"href":"https:\/\/roveyayinevi.com.tr\/index.php\/wp-json\/wp\/v2\/media?parent=773896"}],"wp:term":[{"taxonomy":"product_brand","embeddable":true,"href":"https:\/\/roveyayinevi.com.tr\/index.php\/wp-json\/wp\/v2\/product_brand?post=773896"},{"taxonomy":"product_cat","embeddable":true,"href":"https:\/\/roveyayinevi.com.tr\/index.php\/wp-json\/wp\/v2\/product_cat?post=773896"},{"taxonomy":"product_tag","embeddable":true,"href":"https:\/\/roveyayinevi.com.tr\/index.php\/wp-json\/wp\/v2\/product_tag?post=773896"}],"curies":[{"name":"wp","href":"https:\/\/api.w.org\/{rel}","templated":true}]}}