{"id":773890,"date":"2025-08-28T16:33:03","date_gmt":"2025-08-28T13:33:03","guid":{"rendered":"https:\/\/roveyayinevi.com.tr\/index.php\/urun\/kasirgaya-kanan-saka-2-ciltli\/"},"modified":"2026-04-15T03:39:59","modified_gmt":"2026-04-15T00:39:59","slug":"kasirgaya-kanan-saka-2-ciltli","status":"publish","type":"product","link":"https:\/\/roveyayinevi.com.tr\/index.php\/urun\/kasirgaya-kanan-saka-2-ciltli\/","title":{"rendered":"Kas\u0131rgaya Kanan Saka 2 (Ciltli)"},"content":{"rendered":"<p>Valeri Din\u00e7\u2019in \u00f6n\u00fcnde iki se\u00e7enek vard\u0131r: Ya kalbinin sesini dinleyip Songur Yakut\u2019un izinden gidecek ya da karanl\u0131kta zihnine f\u0131s\u0131ldayan seslere kulak verip sadece intikam pe\u015finde ko\u015facakt\u0131r. Songur Yakut ise h\u00e2l\u00e2 bir kalbi oldu\u011funu kabul edip hayat\u0131nda ilk defa birine g\u00fcvenmeye karar verir. Bu se\u00e7im onu b\u00fcy\u00fck bir y\u0131k\u0131ma m\u0131 s\u00fcr\u00fckleyecek yoksa taht\u0131nda g\u00fcvenle oturmas\u0131n\u0131 m\u0131 sa\u011flayacakt\u0131r?Valeri ve Songur, s\u0131rlar, ihanetler ve bilinmezliklerle dolu d\u00fcnyalar\u0131nda kapana k\u0131s\u0131lm\u0131\u015flard\u0131r. Etraflar\u0131 dost g\u00f6r\u00fcn\u00fcml\u00fc d\u00fc\u015fmanlar, cevaplar\u0131n\u0131 bilmedikleri sorular ve art\u0131k al\u0131\u015fk\u0131n olduklar\u0131 karanl\u0131kla sar\u0131l\u0131yken \u00e7\u0131k\u0131\u015f\u0131 bulabilecekler midir?\u201cKar\u015f\u0131mda bir kas\u0131rgaya d\u00f6n\u00fc\u015f\u00fcyorsun. Sana bakt\u0131\u011f\u0131mda d\u00fc\u015f\u00fcnd\u00fc\u011f\u00fcm her \u015feyi benden s\u00f6k\u00fcp al\u0131yor bu ger\u00e7ek. \u00c7\u00fcnk\u00fc biliyorum ki beni yak\u0131p y\u0131kmaya bir ba\u015flasan bir daha asla durmayacaks\u0131n.\u201dUyar\u0131: Yeti\u015fkin okurlar i\u00e7indir.<\/p>\n","protected":false},"excerpt":{"rendered":"<p>Valeri Din\u00e7\u2019in \u00f6n\u00fcnde iki se\u00e7enek vard\u0131r: Ya kalbinin sesini dinleyip Songur Yakut\u2019un izinden gidecek ya da karanl\u0131kta zihnine f\u0131s\u0131ldayan seslere kulak verip sadece intikam pe\u015finde ko\u015facakt\u0131r.<span class=\"excerpt-hellip\"> [\u2026]<\/span><\/p>\n","protected":false},"featured_media":0,"template":"","meta":{"_monsterinsights_skip_tracking":false,"_monsterinsights_sitenote_active":false,"_monsterinsights_sitenote_note":"","_monsterinsights_sitenote_category":0},"product_brand":[],"product_cat":[12291,12711],"product_tag":[],"class_list":{"0":"post-773890","1":"product","2":"type-product","3":"status-publish","5":"product_cat-edebiyat","6":"product_cat-roman-oyku","7":"pa_cilt-ciltli","8":"pa_tur-kitap","9":"pa_yayinevi-ephesus-yayinlari","10":"pa_yazar-hazel-noya","12":"first","13":"instock","14":"sale","15":"shipping-taxable","16":"purchasable","17":"product-type-simple"},"_links":{"self":[{"href":"https:\/\/roveyayinevi.com.tr\/index.php\/wp-json\/wp\/v2\/product\/773890","targetHints":{"allow":["GET"]}}],"collection":[{"href":"https:\/\/roveyayinevi.com.tr\/index.php\/wp-json\/wp\/v2\/product"}],"about":[{"href":"https:\/\/roveyayinevi.com.tr\/index.php\/wp-json\/wp\/v2\/types\/product"}],"wp:attachment":[{"href":"https:\/\/roveyayinevi.com.tr\/index.php\/wp-json\/wp\/v2\/media?parent=773890"}],"wp:term":[{"taxonomy":"product_brand","embeddable":true,"href":"https:\/\/roveyayinevi.com.tr\/index.php\/wp-json\/wp\/v2\/product_brand?post=773890"},{"taxonomy":"product_cat","embeddable":true,"href":"https:\/\/roveyayinevi.com.tr\/index.php\/wp-json\/wp\/v2\/product_cat?post=773890"},{"taxonomy":"product_tag","embeddable":true,"href":"https:\/\/roveyayinevi.com.tr\/index.php\/wp-json\/wp\/v2\/product_tag?post=773890"}],"curies":[{"name":"wp","href":"https:\/\/api.w.org\/{rel}","templated":true}]}}