{"id":773867,"date":"2025-08-28T16:32:12","date_gmt":"2025-08-28T13:32:12","guid":{"rendered":"https:\/\/roveyayinevi.com.tr\/index.php\/urun\/annemin-kafasinin-icinde-ne-isim-var\/"},"modified":"2026-04-15T03:39:59","modified_gmt":"2026-04-15T00:39:59","slug":"annemin-kafasinin-icinde-ne-isim-var","status":"publish","type":"product","link":"https:\/\/roveyayinevi.com.tr\/index.php\/urun\/annemin-kafasinin-icinde-ne-isim-var\/","title":{"rendered":"Annemin Kafas\u0131n\u0131n \u0130\u00e7inde Ne \u0130\u015fim Var?"},"content":{"rendered":"<p>Kiraz, annesiyle ya\u015fad\u0131\u011f\u0131 bir tart\u0131\u015fman\u0131n ard\u0131ndan g\u00f6zlerini a\u00e7t\u0131\u011f\u0131nda kendini hi\u00e7 beklemedi\u011fi bir yerde bulur: Annesinin kafas\u0131n\u0131n i\u00e7inde! Bu s\u0131ra d\u0131\u015f\u0131 yolculukta \u201cYemek Odas\u0131\u201dndan \u201cSa\u1e21l\u0131k Da\u1e21\u0131\u201dna, \u201cKayg\u0131 Nehri\u201dnden \u201cKalp Odas\u0131\u201dna uzanan bir ke\u015ffe \u00e7\u0131kar. Her oda, annesinin sevgiyle, endi\u015feyle, hayallerle ve biraz da sab\u0131rla \u00f6r\u00fclm\u00fc\u015f i\u00e7 d\u00fcnyas\u0131na a\u00e7\u0131l\u0131r. Kiraz bu macerada annesini biraz daha tan\u0131yacak&#8230; Ama \u00f6nce kap\u0131lar\u0131n ard\u0131nda neler oldu\u011funu ke\u015ffetmesi gerek. HAZIRSAN, KAPI A\u00c7ILIYOR&#8230; HANG\u0130 ODADAN BA\u015eLAMAK \u0130STERS\u0130N?<\/p>\n","protected":false},"excerpt":{"rendered":"<p>Kiraz, annesiyle ya\u015fad\u0131\u011f\u0131 bir tart\u0131\u015fman\u0131n ard\u0131ndan g\u00f6zlerini a\u00e7t\u0131\u011f\u0131nda kendini hi\u00e7 beklemedi\u011fi bir yerde bulur: Annesinin kafas\u0131n\u0131n i\u00e7inde! Bu s\u0131ra d\u0131\u015f\u0131 yolculukta \u201cYemek Odas\u0131\u201dndan \u201cSa\u1e21l\u0131k Da\u1e21\u0131\u201dna, \u201cKayg\u0131<span class=\"excerpt-hellip\"> [\u2026]<\/span><\/p>\n","protected":false},"featured_media":0,"template":"","meta":{"_monsterinsights_skip_tracking":false,"_monsterinsights_sitenote_active":false,"_monsterinsights_sitenote_note":"","_monsterinsights_sitenote_category":0},"product_brand":[],"product_cat":[12274,12284],"product_tag":[],"class_list":{"0":"post-773867","1":"product","2":"type-product","3":"status-publish","5":"product_cat-cocuk-ve-genclik-kitaplari","6":"product_cat-hikayeler","7":"pa_cilt-ciltsiz","8":"pa_tur-kitap","9":"pa_yayinevi-timas-cocuk","10":"pa_yazar-haktan-kaan-icel","12":"first","13":"instock","14":"sale","15":"shipping-taxable","16":"purchasable","17":"product-type-simple"},"_links":{"self":[{"href":"https:\/\/roveyayinevi.com.tr\/index.php\/wp-json\/wp\/v2\/product\/773867","targetHints":{"allow":["GET"]}}],"collection":[{"href":"https:\/\/roveyayinevi.com.tr\/index.php\/wp-json\/wp\/v2\/product"}],"about":[{"href":"https:\/\/roveyayinevi.com.tr\/index.php\/wp-json\/wp\/v2\/types\/product"}],"wp:attachment":[{"href":"https:\/\/roveyayinevi.com.tr\/index.php\/wp-json\/wp\/v2\/media?parent=773867"}],"wp:term":[{"taxonomy":"product_brand","embeddable":true,"href":"https:\/\/roveyayinevi.com.tr\/index.php\/wp-json\/wp\/v2\/product_brand?post=773867"},{"taxonomy":"product_cat","embeddable":true,"href":"https:\/\/roveyayinevi.com.tr\/index.php\/wp-json\/wp\/v2\/product_cat?post=773867"},{"taxonomy":"product_tag","embeddable":true,"href":"https:\/\/roveyayinevi.com.tr\/index.php\/wp-json\/wp\/v2\/product_tag?post=773867"}],"curies":[{"name":"wp","href":"https:\/\/api.w.org\/{rel}","templated":true}]}}