{"id":773860,"date":"2025-08-28T16:31:55","date_gmt":"2025-08-28T13:31:55","guid":{"rendered":"https:\/\/roveyayinevi.com.tr\/index.php\/urun\/disney-w-i-t-c-h-3-bolum-iki-dunyada-birden-kriz-1-kisim\/"},"modified":"2026-04-15T03:39:58","modified_gmt":"2026-04-15T00:39:58","slug":"disney-w-i-t-c-h-3-bolum-iki-dunyada-birden-kriz-1-kisim","status":"publish","type":"product","link":"https:\/\/roveyayinevi.com.tr\/index.php\/urun\/disney-w-i-t-c-h-3-bolum-iki-dunyada-birden-kriz-1-kisim\/","title":{"rendered":"Disney W.I.T.C.H. 3.B\u00f6l\u00fcm: \u0130ki D\u00fcnyada Birden Kriz &#8211; 1.K\u0131s\u0131m"},"content":{"rendered":"<p>Her Cephede Sorun Var! K\u0131zlar gittikleri her yerde yeni zorluklarla kar\u015f\u0131la\u015f\u0131yor gibi ve ya\u015fad\u0131klar\u0131 bask\u0131lar y\u00fcz\u00fcnden birbirlerinden kopma noktas\u0131na geldiler. Normal hayatlar\u0131 bile gerginlik dolu; \u00f6zellikle de WILL\u2019in uzun s\u00fcredir ortal\u0131kta olmayan babas\u0131 tekrar hayatlar\u0131na girdikten sonra. Yeni bir d\u00fc\u015fman ortaya \u00e7\u0131kmadan \u00f6nce k\u0131zlar kendilerini toplayabilecekler mi? <\/p>\n","protected":false},"excerpt":{"rendered":"<p>Her Cephede Sorun Var! K\u0131zlar gittikleri her yerde yeni zorluklarla kar\u015f\u0131la\u015f\u0131yor gibi ve ya\u015fad\u0131klar\u0131 bask\u0131lar y\u00fcz\u00fcnden birbirlerinden kopma noktas\u0131na geldiler. Normal hayatlar\u0131 bile gerginlik dolu; \u00f6zellikle<span class=\"excerpt-hellip\"> [\u2026]<\/span><\/p>\n","protected":false},"featured_media":0,"template":"","meta":{"_monsterinsights_skip_tracking":false,"_monsterinsights_sitenote_active":false,"_monsterinsights_sitenote_note":"","_monsterinsights_sitenote_category":0},"product_brand":[],"product_cat":[12416,12291],"product_tag":[],"class_list":{"0":"post-773860","1":"product","2":"type-product","3":"status-publish","5":"product_cat-cizgi-roman","6":"product_cat-edebiyat","7":"pa_cilt-ciltsiz","8":"pa_tur-kitap","9":"pa_yayinevi-beta-byou","10":"pa_yazar-elisabetta-gnone","12":"first","13":"instock","14":"sale","15":"shipping-taxable","16":"purchasable","17":"product-type-simple"},"_links":{"self":[{"href":"https:\/\/roveyayinevi.com.tr\/index.php\/wp-json\/wp\/v2\/product\/773860","targetHints":{"allow":["GET"]}}],"collection":[{"href":"https:\/\/roveyayinevi.com.tr\/index.php\/wp-json\/wp\/v2\/product"}],"about":[{"href":"https:\/\/roveyayinevi.com.tr\/index.php\/wp-json\/wp\/v2\/types\/product"}],"wp:attachment":[{"href":"https:\/\/roveyayinevi.com.tr\/index.php\/wp-json\/wp\/v2\/media?parent=773860"}],"wp:term":[{"taxonomy":"product_brand","embeddable":true,"href":"https:\/\/roveyayinevi.com.tr\/index.php\/wp-json\/wp\/v2\/product_brand?post=773860"},{"taxonomy":"product_cat","embeddable":true,"href":"https:\/\/roveyayinevi.com.tr\/index.php\/wp-json\/wp\/v2\/product_cat?post=773860"},{"taxonomy":"product_tag","embeddable":true,"href":"https:\/\/roveyayinevi.com.tr\/index.php\/wp-json\/wp\/v2\/product_tag?post=773860"}],"curies":[{"name":"wp","href":"https:\/\/api.w.org\/{rel}","templated":true}]}}