{"id":773844,"date":"2025-08-28T16:31:13","date_gmt":"2025-08-28T13:31:13","guid":{"rendered":"https:\/\/roveyayinevi.com.tr\/index.php\/urun\/kopernikten-einsteine\/"},"modified":"2026-04-15T03:39:58","modified_gmt":"2026-04-15T00:39:58","slug":"kopernikten-einsteine","status":"publish","type":"product","link":"https:\/\/roveyayinevi.com.tr\/index.php\/urun\/kopernikten-einsteine\/","title":{"rendered":"Kopernik\u2019ten Einstein\u2019e"},"content":{"rendered":"<p>Uzay, zaman ve hareket\u2026 \u0130nsanl\u0131k tarihi boyunca bu \u00fc\u00e7 b\u00fcy\u00fck gizem, yaln\u0131zca bilim insanlar\u0131n\u0131n de\u011fil, d\u00fc\u015f\u00fcnen her insan\u0131n zihnini me\u015fgul etti. Peki ama neden? G\u00fcndelik hayat\u0131m\u0131za do\u011frudan bir etkisi olmayan bu soyut meseleler, neden bizi bu kadar derinden etkiler? Bu kitap, evrenin i\u015fleyi\u015fine dair kadim merak\u0131n izini s\u00fcrerken, bilimsel d\u00fc\u015f\u00fcncenin nas\u0131l ad\u0131m ad\u0131m \u015fekillendi\u011fini sade bir dille ortaya koyuyor. D\u00fcnya\u2019n\u0131n evrenin merkezinde olmad\u0131\u011f\u0131n\u0131 dile getirmek ne anlama gelir? Kopernik\u2019in ke\u015ffi neden sadece astronomi tarihini de\u011fil, d\u00fc\u015f\u00fcnce tarihini de alt\u00fcst etmi\u015ftir? Einstein\u2019\u0131n g\u00f6relilik teorisi, yaln\u0131zca bilimsel bir devrim midir, yoksa insan\u0131n evrendeki yerini yeniden d\u00fc\u015f\u00fcnmesine yol a\u00e7an bir k\u0131r\u0131lma noktas\u0131 m\u0131d\u0131r? Okuyucuyu hem bilimsel hem felsefi bir yolculu\u011fa davet eden bu eser, eski ve yeni bilgilerin nas\u0131l ustal\u0131kla harmanland\u0131\u011f\u0131n\u0131 g\u00f6zler \u00f6n\u00fcne seriyor. Evrenin kap\u0131lar\u0131n\u0131 aralarken, yaln\u0131zca y\u0131ld\u0131zlara de\u011fil, kendi varolu\u015fumuza da farkl\u0131 bir g\u00f6zle bakmam\u0131za yard\u0131mc\u0131 oluyor. Evrene bak\u0131\u015f\u0131m\u0131z\u0131 de\u011fi\u015ftiren sorularla tan\u0131\u015fmaya haz\u0131r m\u0131s\u0131n\u0131z? <\/p>\n","protected":false},"excerpt":{"rendered":"<p>Uzay, zaman ve hareket\u2026 \u0130nsanl\u0131k tarihi boyunca bu \u00fc\u00e7 b\u00fcy\u00fck gizem, yaln\u0131zca bilim insanlar\u0131n\u0131n de\u011fil, d\u00fc\u015f\u00fcnen her insan\u0131n zihnini me\u015fgul etti. Peki ama neden? G\u00fcndelik hayat\u0131m\u0131za<span class=\"excerpt-hellip\"> [\u2026]<\/span><\/p>\n","protected":false},"featured_media":0,"template":"","meta":{"_monsterinsights_skip_tracking":false,"_monsterinsights_sitenote_active":false,"_monsterinsights_sitenote_note":"","_monsterinsights_sitenote_category":0},"product_brand":[],"product_cat":[13005,13006],"product_tag":[],"class_list":{"0":"post-773844","1":"product","2":"type-product","3":"status-publish","5":"product_cat-bilim-muhendislik","6":"product_cat-populer-bilim","7":"pa_cilt-ciltsiz","8":"pa_tur-kitap","9":"pa_yayinevi-say-yayinlari","10":"pa_yazar-hans-reichenbach","12":"first","13":"instock","14":"sale","15":"shipping-taxable","16":"purchasable","17":"product-type-simple"},"_links":{"self":[{"href":"https:\/\/roveyayinevi.com.tr\/index.php\/wp-json\/wp\/v2\/product\/773844","targetHints":{"allow":["GET"]}}],"collection":[{"href":"https:\/\/roveyayinevi.com.tr\/index.php\/wp-json\/wp\/v2\/product"}],"about":[{"href":"https:\/\/roveyayinevi.com.tr\/index.php\/wp-json\/wp\/v2\/types\/product"}],"wp:attachment":[{"href":"https:\/\/roveyayinevi.com.tr\/index.php\/wp-json\/wp\/v2\/media?parent=773844"}],"wp:term":[{"taxonomy":"product_brand","embeddable":true,"href":"https:\/\/roveyayinevi.com.tr\/index.php\/wp-json\/wp\/v2\/product_brand?post=773844"},{"taxonomy":"product_cat","embeddable":true,"href":"https:\/\/roveyayinevi.com.tr\/index.php\/wp-json\/wp\/v2\/product_cat?post=773844"},{"taxonomy":"product_tag","embeddable":true,"href":"https:\/\/roveyayinevi.com.tr\/index.php\/wp-json\/wp\/v2\/product_tag?post=773844"}],"curies":[{"name":"wp","href":"https:\/\/api.w.org\/{rel}","templated":true}]}}