{"id":773833,"date":"2025-08-28T16:30:42","date_gmt":"2025-08-28T13:30:42","guid":{"rendered":"https:\/\/roveyayinevi.com.tr\/index.php\/urun\/csutora\/"},"modified":"2026-04-03T03:32:11","modified_gmt":"2026-04-03T00:32:11","slug":"csutora","status":"publish","type":"product","link":"https:\/\/roveyayinevi.com.tr\/index.php\/urun\/csutora\/","title":{"rendered":"Csutora"},"content":{"rendered":"<p>Her \u015fey burjuva bir kocan\u0131n, e\u015fine son anda bir Noel hediyesi olarak yavru k\u00f6pek getirmesiyle ba\u015flar. Ba\u015flang\u0131\u00e7ta evdeki herkes k\u00f6pe\u011fin b\u00fcy\u00fcs\u00fcne kap\u0131l\u0131r, ona bir biblo gibi davran\u0131rlar, istediklerinde kucaklar\u0131na al\u0131rlar, canlar\u0131 s\u0131k\u0131ld\u0131\u011f\u0131nda da b\u0131rak\u0131rlar. Hayvan b\u00fcy\u00fcd\u00fck\u00e7e, \u00f6zellikle onun safkan bir Puli de\u011fil de melez bir k\u00f6pek oldu\u011funu \u00f6\u011frendikten sonra ev halk\u0131n\u0131n tavr\u0131 gitgide de\u011fi\u015fir. Her t\u00fcrl\u00fc disipline kay\u0131ts\u0131z, \u00f6zg\u00fcrl\u00fc\u011f\u00fcne d\u00fc\u015fk\u00fcn Csutora\u2019ysa evcille\u015ftirilme \u00e7abalar\u0131na isyan eder, e\u011filip b\u00fck\u00fclmeden kendi bildi\u011fini okur. Ancak kula\u011fa ilk ba\u015fta biraz komik ve e\u011flenceli gelen bu durum bir felaketle sonu\u00e7lan\u0131r.Macar edebiyat\u0131n\u0131n usta kalemi S\u00e1ndor M\u00e1rai\u2019den dokunakl\u0131 oldu\u011fu kadar komik, anar\u015fist bir k\u00f6pek roman\u0131.\u201cM\u00e1rai, Gabriel Garc\u00eda M\u00e1rquez\u2019le ayn\u0131 kulvarda yer alan en b\u00fcy\u00fck modern romanc\u0131lardan biri.\u201dThe Washington Post<\/p>\n","protected":false},"excerpt":{"rendered":"<p>Her \u015fey burjuva bir kocan\u0131n, e\u015fine son anda bir Noel hediyesi olarak yavru k\u00f6pek getirmesiyle ba\u015flar. Ba\u015flang\u0131\u00e7ta evdeki herkes k\u00f6pe\u011fin b\u00fcy\u00fcs\u00fcne kap\u0131l\u0131r, ona bir biblo gibi<span class=\"excerpt-hellip\"> [\u2026]<\/span><\/p>\n","protected":false},"featured_media":0,"template":"","meta":{"_monsterinsights_skip_tracking":false,"_monsterinsights_sitenote_active":false,"_monsterinsights_sitenote_note":"","_monsterinsights_sitenote_category":0},"product_brand":[],"product_cat":[12291,12711],"product_tag":[],"class_list":{"0":"post-773833","1":"product","2":"type-product","3":"status-publish","5":"product_cat-edebiyat","6":"product_cat-roman-oyku","7":"pa_cilt-ciltsiz","8":"pa_tur-kitap","9":"pa_yayinevi-can-yayinlari","10":"pa_yazar-sandor-marai","12":"first","13":"instock","14":"sale","15":"shipping-taxable","16":"purchasable","17":"product-type-simple"},"_links":{"self":[{"href":"https:\/\/roveyayinevi.com.tr\/index.php\/wp-json\/wp\/v2\/product\/773833","targetHints":{"allow":["GET"]}}],"collection":[{"href":"https:\/\/roveyayinevi.com.tr\/index.php\/wp-json\/wp\/v2\/product"}],"about":[{"href":"https:\/\/roveyayinevi.com.tr\/index.php\/wp-json\/wp\/v2\/types\/product"}],"wp:attachment":[{"href":"https:\/\/roveyayinevi.com.tr\/index.php\/wp-json\/wp\/v2\/media?parent=773833"}],"wp:term":[{"taxonomy":"product_brand","embeddable":true,"href":"https:\/\/roveyayinevi.com.tr\/index.php\/wp-json\/wp\/v2\/product_brand?post=773833"},{"taxonomy":"product_cat","embeddable":true,"href":"https:\/\/roveyayinevi.com.tr\/index.php\/wp-json\/wp\/v2\/product_cat?post=773833"},{"taxonomy":"product_tag","embeddable":true,"href":"https:\/\/roveyayinevi.com.tr\/index.php\/wp-json\/wp\/v2\/product_tag?post=773833"}],"curies":[{"name":"wp","href":"https:\/\/api.w.org\/{rel}","templated":true}]}}