{"id":773831,"date":"2025-08-28T16:30:39","date_gmt":"2025-08-28T13:30:39","guid":{"rendered":"https:\/\/roveyayinevi.com.tr\/index.php\/urun\/bir-elhamdulillah-masali\/"},"modified":"2026-01-28T04:03:18","modified_gmt":"2026-01-28T01:03:18","slug":"bir-elhamdulillah-masali","status":"publish","type":"product","link":"https:\/\/roveyayinevi.com.tr\/index.php\/urun\/bir-elhamdulillah-masali\/","title":{"rendered":"Bir Elhamd\u00fclillah Masal\u0131"},"content":{"rendered":"<p>A\u00e7 kalm\u0131\u015f bir kuzu, m\u0131zm\u0131z bir Tav\u015fan ve \u00e7aresiz bir Tosba\u011fa&#8230; Kuzucuk annesine, s\u00fctler ise l\u0131k\u0131r l\u0131k\u0131r minik yavrunun bo\u015f midesine ak\u0131yor. \u0130\u015fte tam bu s\u0131rada k\u00fc\u00e7\u00fck a\u011f\u0131l\u0131n i\u00e7inde muhte\u015fem bir kelime yank\u0131lan\u0131yor: \u201cElhamd\u00fclillah!\u201d Bu masalda \u00e7ocuklar, s\u00fct\u00fc verenin market de\u011fil Allah oldu\u011funu ve verdi\u011fi nimetlerden dolay\u0131 O\u2019na nas\u0131l \u015f\u00fckredebileceklerini e\u011flenceli \u015fekilde \u00f6\u011frenecekler. \u00d6mer Faruk Paksu, 4-7 ya\u015f grubu \u00e7ocuklar\u0131m\u0131za \u201cElhamd\u00fclillah\u201d kelimesinin anlam\u0131n\u0131, duygulu ve ne\u015feli bir yolculukla anlat\u0131yor. <\/p>\n","protected":false},"excerpt":{"rendered":"<p>A\u00e7 kalm\u0131\u015f bir kuzu, m\u0131zm\u0131z bir Tav\u015fan ve \u00e7aresiz bir Tosba\u011fa&#8230; Kuzucuk annesine, s\u00fctler ise l\u0131k\u0131r l\u0131k\u0131r minik yavrunun bo\u015f midesine ak\u0131yor. \u0130\u015fte tam bu s\u0131rada<span class=\"excerpt-hellip\"> [\u2026]<\/span><\/p>\n","protected":false},"featured_media":0,"template":"","meta":{"_monsterinsights_skip_tracking":false,"_monsterinsights_sitenote_active":false,"_monsterinsights_sitenote_note":"","_monsterinsights_sitenote_category":0},"product_brand":[],"product_cat":[12274,12523],"product_tag":[],"class_list":{"0":"post-773831","1":"product","2":"type-product","3":"status-publish","5":"product_cat-cocuk-ve-genclik-kitaplari","6":"product_cat-masallar","7":"pa_cilt-ciltsiz","8":"pa_tur-kitap","9":"pa_yayinevi-aile-yayinlari","10":"pa_yazar-omer-faruk-paksu","12":"first","13":"instock","14":"sale","15":"shipping-taxable","16":"purchasable","17":"product-type-simple"},"_links":{"self":[{"href":"https:\/\/roveyayinevi.com.tr\/index.php\/wp-json\/wp\/v2\/product\/773831","targetHints":{"allow":["GET"]}}],"collection":[{"href":"https:\/\/roveyayinevi.com.tr\/index.php\/wp-json\/wp\/v2\/product"}],"about":[{"href":"https:\/\/roveyayinevi.com.tr\/index.php\/wp-json\/wp\/v2\/types\/product"}],"wp:attachment":[{"href":"https:\/\/roveyayinevi.com.tr\/index.php\/wp-json\/wp\/v2\/media?parent=773831"}],"wp:term":[{"taxonomy":"product_brand","embeddable":true,"href":"https:\/\/roveyayinevi.com.tr\/index.php\/wp-json\/wp\/v2\/product_brand?post=773831"},{"taxonomy":"product_cat","embeddable":true,"href":"https:\/\/roveyayinevi.com.tr\/index.php\/wp-json\/wp\/v2\/product_cat?post=773831"},{"taxonomy":"product_tag","embeddable":true,"href":"https:\/\/roveyayinevi.com.tr\/index.php\/wp-json\/wp\/v2\/product_tag?post=773831"}],"curies":[{"name":"wp","href":"https:\/\/api.w.org\/{rel}","templated":true}]}}