{"id":773823,"date":"2025-08-28T16:30:16","date_gmt":"2025-08-28T13:30:16","guid":{"rendered":"https:\/\/roveyayinevi.com.tr\/index.php\/urun\/freddynin-pizza-dukkaninda-bes-gece-gumus-gozler\/"},"modified":"2026-04-15T03:39:57","modified_gmt":"2026-04-15T00:39:57","slug":"freddynin-pizza-dukkaninda-bes-gece-gumus-gozler","status":"publish","type":"product","link":"https:\/\/roveyayinevi.com.tr\/index.php\/urun\/freddynin-pizza-dukkaninda-bes-gece-gumus-gozler\/","title":{"rendered":"Freddy\u2019nin Pizza D\u00fckkan\u0131nda Be\u015f Gece : G\u00fcm\u00fc\u015f G\u00f6zler"},"content":{"rendered":"<p>Freddy Fazbear\u2019\u0131n Pizza D\u00fckkan\u0131\u2019nda ya\u015fanan korkun\u00e7 cinayetlerin \u00fczerinden on y\u0131l ge\u00e7mi\u015fti. D\u00fckkan sahibinin k\u0131z\u0131 Charlie ve \u00e7ocukluk arkada\u015flar\u0131 ya\u015fanan trajedinin y\u0131l d\u00f6n\u00fcm\u00fcnde bir araya gelirler ve y\u0131llard\u0131r terk edilmi\u015f, kilitli pizza d\u00fckkan\u0131n\u0131n i\u00e7ine girebilecekleri bir yol ke\u015ffederler. Girdiklerinde ise hi\u00e7bir \u015feyin art\u0131k eskisi gibi olmad\u0131\u011f\u0131n\u0131 fark ederler. Bir zamanlar m\u00fc\u015fterileri e\u011flendiren, yeti\u015fkin insan boyundaki d\u00f6rt mekanik maskot karakter \u00e7ok de\u011fi\u015fmi\u015ftir. Art\u0131k karanl\u0131k s\u0131rlar\u0131 ve tehlikeli planlar\u0131 vard\u0131r\u2026 <\/p>\n","protected":false},"excerpt":{"rendered":"<p>Freddy Fazbear\u2019\u0131n Pizza D\u00fckkan\u0131\u2019nda ya\u015fanan korkun\u00e7 cinayetlerin \u00fczerinden on y\u0131l ge\u00e7mi\u015fti. D\u00fckkan sahibinin k\u0131z\u0131 Charlie ve \u00e7ocukluk arkada\u015flar\u0131 ya\u015fanan trajedinin y\u0131l d\u00f6n\u00fcm\u00fcnde bir araya gelirler ve<span class=\"excerpt-hellip\"> [\u2026]<\/span><\/p>\n","protected":false},"featured_media":0,"template":"","meta":{"_monsterinsights_skip_tracking":false,"_monsterinsights_sitenote_active":false,"_monsterinsights_sitenote_note":"","_monsterinsights_sitenote_category":0},"product_brand":[],"product_cat":[12291,14777],"product_tag":[],"class_list":{"0":"post-773823","1":"product","2":"type-product","3":"status-publish","5":"product_cat-edebiyat","6":"product_cat-fantastik","7":"pa_cilt-ciltsiz","8":"pa_tur-kitap","9":"pa_yayinevi-olimpos-yayinlari","10":"pa_yazar-scott-cawthon","12":"first","13":"instock","14":"sale","15":"shipping-taxable","16":"purchasable","17":"product-type-simple"},"_links":{"self":[{"href":"https:\/\/roveyayinevi.com.tr\/index.php\/wp-json\/wp\/v2\/product\/773823","targetHints":{"allow":["GET"]}}],"collection":[{"href":"https:\/\/roveyayinevi.com.tr\/index.php\/wp-json\/wp\/v2\/product"}],"about":[{"href":"https:\/\/roveyayinevi.com.tr\/index.php\/wp-json\/wp\/v2\/types\/product"}],"wp:attachment":[{"href":"https:\/\/roveyayinevi.com.tr\/index.php\/wp-json\/wp\/v2\/media?parent=773823"}],"wp:term":[{"taxonomy":"product_brand","embeddable":true,"href":"https:\/\/roveyayinevi.com.tr\/index.php\/wp-json\/wp\/v2\/product_brand?post=773823"},{"taxonomy":"product_cat","embeddable":true,"href":"https:\/\/roveyayinevi.com.tr\/index.php\/wp-json\/wp\/v2\/product_cat?post=773823"},{"taxonomy":"product_tag","embeddable":true,"href":"https:\/\/roveyayinevi.com.tr\/index.php\/wp-json\/wp\/v2\/product_tag?post=773823"}],"curies":[{"name":"wp","href":"https:\/\/api.w.org\/{rel}","templated":true}]}}