{"id":773805,"date":"2025-08-28T16:29:32","date_gmt":"2025-08-28T13:29:32","guid":{"rendered":"https:\/\/roveyayinevi.com.tr\/index.php\/urun\/bab-ul-sir\/"},"modified":"2026-04-15T03:39:57","modified_gmt":"2026-04-15T00:39:57","slug":"bab-ul-sir","status":"publish","type":"product","link":"https:\/\/roveyayinevi.com.tr\/index.php\/urun\/bab-ul-sir\/","title":{"rendered":"Bab-\u00fcl S\u0131r"},"content":{"rendered":"<p>\u201cD\u0131\u015far\u0131da ne ar\u0131yorsan, kendinde ara. Sen, b\u00fct\u00fcn \u00e2lemden daha b\u00fcy\u00fck bir \u00e2lemsin.\u201d   \u2013 Mevlana   Gizem, hayat\u0131n tam ortas\u0131nda nefessiz kalm\u0131\u015f bir gen\u00e7 kad\u0131n. Annesinin \u00f6l\u00fcmc\u00fcl hastal\u0131\u011f\u0131, sessizce kaybolan sevgilisi ve \u00f6l\u00fcm\u00fcn pen\u00e7esindeki kedisiyle \u00e7evrili bir yaln\u0131zl\u0131\u011f\u0131n i\u00e7inde gitgide kendi \u00f6z\u00fcnden uzakla\u015f\u0131rken, hi\u00e7 beklemedi\u011fi bir anda \u00f6n\u00fcnde bir kap\u0131 belirir. Ve o kap\u0131n\u0131n ard\u0131nda ba\u015fka bir d\u00fcnya, ba\u015fka bir anlam, bamba\u015fka bir ses vard\u0131r: Kendi i\u00e7inden y\u00fckselen&#8230;   Bab-\u00fcl S\u0131r, kay\u0131plar\u0131n anlamla, a\u015fk\u0131n inan\u00e7la, korkunun teslimiyetle s\u0131nand\u0131\u011f\u0131 bir i\u00e7 yolculuk roman\u0131. Mevlana\u2019dan \u015eems\u2019e, seyri s\u00fclukten nefs terbiyesine uzanan bu hik\u00e2yede her okur kendi aray\u0131\u015f\u0131ndan bir iz bulacak; belki de yaralar\u0131na derman olacak bir \u015fifa.   Bu kitap yaln\u0131zca bir roman de\u011fil; kalbinin en karanl\u0131k noktas\u0131na tutulan bir fener.   Peki sen kendini ararken ger\u00e7ekten kaybolmay\u0131 g\u00f6ze alabilecek misin? <\/p>\n","protected":false},"excerpt":{"rendered":"<p>\u201cD\u0131\u015far\u0131da ne ar\u0131yorsan, kendinde ara. Sen, b\u00fct\u00fcn \u00e2lemden daha b\u00fcy\u00fck bir \u00e2lemsin.\u201d \u2013 Mevlana Gizem, hayat\u0131n tam ortas\u0131nda nefessiz kalm\u0131\u015f bir gen\u00e7 kad\u0131n. Annesinin \u00f6l\u00fcmc\u00fcl hastal\u0131\u011f\u0131,<span class=\"excerpt-hellip\"> [\u2026]<\/span><\/p>\n","protected":false},"featured_media":0,"template":"","meta":{"_monsterinsights_skip_tracking":false,"_monsterinsights_sitenote_active":false,"_monsterinsights_sitenote_note":"","_monsterinsights_sitenote_category":0},"product_brand":[],"product_cat":[12364,12376],"product_tag":[],"class_list":{"0":"post-773805","1":"product","2":"type-product","3":"status-publish","5":"product_cat-genel-konular","6":"product_cat-kisisel-gelisim","7":"pa_cilt-ciltsiz","8":"pa_tur-kitap","9":"pa_yayinevi-destek-yayinlari","10":"pa_yazar-rengin-yilmaz","12":"first","13":"instock","14":"sale","15":"shipping-taxable","16":"purchasable","17":"product-type-simple"},"_links":{"self":[{"href":"https:\/\/roveyayinevi.com.tr\/index.php\/wp-json\/wp\/v2\/product\/773805","targetHints":{"allow":["GET"]}}],"collection":[{"href":"https:\/\/roveyayinevi.com.tr\/index.php\/wp-json\/wp\/v2\/product"}],"about":[{"href":"https:\/\/roveyayinevi.com.tr\/index.php\/wp-json\/wp\/v2\/types\/product"}],"wp:attachment":[{"href":"https:\/\/roveyayinevi.com.tr\/index.php\/wp-json\/wp\/v2\/media?parent=773805"}],"wp:term":[{"taxonomy":"product_brand","embeddable":true,"href":"https:\/\/roveyayinevi.com.tr\/index.php\/wp-json\/wp\/v2\/product_brand?post=773805"},{"taxonomy":"product_cat","embeddable":true,"href":"https:\/\/roveyayinevi.com.tr\/index.php\/wp-json\/wp\/v2\/product_cat?post=773805"},{"taxonomy":"product_tag","embeddable":true,"href":"https:\/\/roveyayinevi.com.tr\/index.php\/wp-json\/wp\/v2\/product_tag?post=773805"}],"curies":[{"name":"wp","href":"https:\/\/api.w.org\/{rel}","templated":true}]}}