{"id":773792,"date":"2025-08-28T16:29:01","date_gmt":"2025-08-28T13:29:01","guid":{"rendered":"https:\/\/roveyayinevi.com.tr\/index.php\/urun\/ciddi-olmanin-onemi\/"},"modified":"2026-04-15T03:39:57","modified_gmt":"2026-04-15T00:39:57","slug":"ciddi-olmanin-onemi","status":"publish","type":"product","link":"https:\/\/roveyayinevi.com.tr\/index.php\/urun\/ciddi-olmanin-onemi\/","title":{"rendered":"Ciddi Olman\u0131n \u00d6nemi"},"content":{"rendered":"<p>Oscar Wilde (1854-1900): \u0130rlandal\u0131 d\u00e2hi yazar. Victoria D\u00f6nemi\u2019nde edebi zek\u00e2s\u0131, ince alayc\u0131l\u0131\u011f\u0131 ve s\u0131rad\u0131\u015f\u0131 ya\u015fant\u0131s\u0131yla 19. y\u00fczy\u0131l estetizm hareketinin Britanya\u2019daki en tan\u0131nm\u0131\u015f temsilcisi haline geldi. \u015eiir, \u00f6yk\u00fc ve oyunlar\u0131n\u0131n yan\u0131 s\u0131ra Dorian Gray\u2019in Portresi adl\u0131 roman\u0131yla \u00fcn kazand\u0131. D\u00f6nemin kat\u0131 ahlak anlay\u0131\u015f\u0131n\u0131n sonucu olarak cinsel y\u00f6nelimi nedeniyle yarg\u0131lan\u0131p iki y\u0131l hapse mahk\u00fbm edildi. Ciddi Olman\u0131n \u00d6nemi Wilde\u2019\u0131n \u201cpiyasa\u201d i\u00e7in yazd\u0131\u011f\u0131 d\u00f6rt komedyadan biridir. Wilde\u2019\u0131n kaleminden \u00e7\u0131kan her \u015fey gibi g\u00f6z al\u0131c\u0131 bir zek\u00e2, sivri dil, haz\u0131rcevapl\u0131kla dolup ta\u015far. Form olarak bir sosyete komedyas\u0131 olsa da bu t\u00fcr\u00fcn kemikle\u015fmi\u015f karakterleri Wilde\u2019\u0131n elinde yenilenir, \u00e7ehre de\u011fi\u015ftirir. Aldatmacalar nezakete kar\u0131\u015f\u0131rken \u201cger\u00e7ek\u201dle kurgu da i\u00e7 i\u00e7e ge\u00e7er. Salt e\u011flencelik olan\u0131 estetik k\u0131lma g\u00fcc\u00fc, Wilde\u2019\u0131n alametifarikas\u0131, bu oyuna da damgas\u0131n\u0131 vurmu\u015ftur. Wilde\u2019\u0131n hapse girmeden \u00f6nce yazd\u0131\u011f\u0131 son oyundur. <\/p>\n","protected":false},"excerpt":{"rendered":"<p>Oscar Wilde (1854-1900): \u0130rlandal\u0131 d\u00e2hi yazar. Victoria D\u00f6nemi\u2019nde edebi zek\u00e2s\u0131, ince alayc\u0131l\u0131\u011f\u0131 ve s\u0131rad\u0131\u015f\u0131 ya\u015fant\u0131s\u0131yla 19. y\u00fczy\u0131l estetizm hareketinin Britanya\u2019daki en tan\u0131nm\u0131\u015f temsilcisi haline geldi. \u015eiir,<span class=\"excerpt-hellip\"> [\u2026]<\/span><\/p>\n","protected":false},"featured_media":0,"template":"","meta":{"_monsterinsights_skip_tracking":false,"_monsterinsights_sitenote_active":false,"_monsterinsights_sitenote_note":"","_monsterinsights_sitenote_category":0},"product_brand":[],"product_cat":[12291,15566],"product_tag":[],"class_list":{"0":"post-773792","1":"product","2":"type-product","3":"status-publish","5":"product_cat-edebiyat","6":"product_cat-oyun","7":"pa_cilt-ciltsiz","8":"pa_tur-kitap","9":"pa_yayinevi-is-bankasi-kultur-yayinlari","10":"pa_yazar-oscar-wilde","12":"first","13":"instock","14":"sale","15":"shipping-taxable","16":"purchasable","17":"product-type-simple"},"_links":{"self":[{"href":"https:\/\/roveyayinevi.com.tr\/index.php\/wp-json\/wp\/v2\/product\/773792","targetHints":{"allow":["GET"]}}],"collection":[{"href":"https:\/\/roveyayinevi.com.tr\/index.php\/wp-json\/wp\/v2\/product"}],"about":[{"href":"https:\/\/roveyayinevi.com.tr\/index.php\/wp-json\/wp\/v2\/types\/product"}],"wp:attachment":[{"href":"https:\/\/roveyayinevi.com.tr\/index.php\/wp-json\/wp\/v2\/media?parent=773792"}],"wp:term":[{"taxonomy":"product_brand","embeddable":true,"href":"https:\/\/roveyayinevi.com.tr\/index.php\/wp-json\/wp\/v2\/product_brand?post=773792"},{"taxonomy":"product_cat","embeddable":true,"href":"https:\/\/roveyayinevi.com.tr\/index.php\/wp-json\/wp\/v2\/product_cat?post=773792"},{"taxonomy":"product_tag","embeddable":true,"href":"https:\/\/roveyayinevi.com.tr\/index.php\/wp-json\/wp\/v2\/product_tag?post=773792"}],"curies":[{"name":"wp","href":"https:\/\/api.w.org\/{rel}","templated":true}]}}