{"id":773777,"date":"2025-08-28T16:28:20","date_gmt":"2025-08-28T13:28:20","guid":{"rendered":"https:\/\/roveyayinevi.com.tr\/index.php\/urun\/hickimse-koyunda-bir-yil\/"},"modified":"2026-04-15T03:39:56","modified_gmt":"2026-04-15T00:39:56","slug":"hickimse-koyunda-bir-yil","status":"publish","type":"product","link":"https:\/\/roveyayinevi.com.tr\/index.php\/urun\/hickimse-koyunda-bir-yil\/","title":{"rendered":"Hi\u00e7kimse Koyu\u2019nda Bir Y\u0131l"},"content":{"rendered":"<p>Nobel \u00f6d\u00fcll\u00fc Peter Handke\u2019den zaman\u0131n, mek\u00e2n\u0131n ve benli\u011fin s\u0131n\u0131rlar\u0131nda bir i\u00e7sel yolculuk. Handke, Hi\u00e7kimse Koyu\u2019nda Bir Y\u0131l adl\u0131 roman\u0131nda okuru zamandan azade, mek\u00e2ndan ba\u011f\u0131ms\u0131z bir ruh atlas\u0131na davet ediyor. Roman, bir anlat\u0131c\u0131n\u0131n kendi i\u00e7ine do\u011fru a\u00e7t\u0131\u011f\u0131 kap\u0131lardan ge\u00e7erek d\u0131\u015f d\u00fcnyan\u0131n yank\u0131lar\u0131na kulak veri\u015fini, hat\u0131ralarla d\u00fc\u015flerin birbirine kar\u0131\u015ft\u0131\u011f\u0131 bir anlat\u0131 d\u00fczleminde sunuyor. Handke, kelimeleri birer ta\u015f gibi \u00f6zenle yerle\u015ftiriyor \u2013 her c\u00fcmle, okuyucunun zihninde yank\u0131lanan bir i\u00e7 ses; her paragraf, varolu\u015fun k\u0131y\u0131s\u0131nda sal\u0131nan birer d\u00fc\u015f\u00fcnce zerresi. Hi\u00e7kimse Koyu, yaln\u0131zl\u0131\u011f\u0131n ve dinginli\u011fin i\u00e7 i\u00e7e ge\u00e7ti\u011fi, hem saklan\u0131lan hem de i\u00e7sel d\u00f6n\u00fc\u015f\u00fcmlerin filizlendi\u011fi bir s\u0131\u011f\u0131nak. Bu koyda ge\u00e7irilen bir y\u0131l, asl\u0131nda koca bir \u00f6mr\u00fcn metaforudur: G\u00fcndelik hayat\u0131n s\u0131radan g\u00f6r\u00fcnen anlar\u0131nda sakl\u0131 ola\u011fan\u00fcst\u00fcl\u00fc\u011f\u00fc ke\u015ffetmenin edebi izd\u00fc\u015f\u00fcm\u00fc.   Modern edebiyat\u0131n en \u00f6zg\u00fcn seslerinden biri olan Handke, bu eseriyle okuru zamanla uzayan bir i\u00e7 konu\u015fman\u0131n tan\u0131\u011f\u0131 yaparken, yaz\u0131n\u0131n ve ya\u015fam\u0131n s\u0131n\u0131rlar\u0131n\u0131 ustal\u0131kla silikle\u015ftiriyor. Hi\u00e7kimse Koyu\u2019nda Bir Y\u0131l, sessizli\u011fin diliyle konu\u015fan derin bir varolu\u015f roman\u0131: Yaln\u0131zl\u0131\u011f\u0131 kucaklayanlara, sessizlikte anlam arayanlara ve hayat\u0131n k\u0131r\u0131lgan g\u00fczelli\u011fine \u00e2\u015f\u0131k olanlara sesleniyor.<\/p>\n","protected":false},"excerpt":{"rendered":"<p>Nobel \u00f6d\u00fcll\u00fc Peter Handke\u2019den zaman\u0131n, mek\u00e2n\u0131n ve benli\u011fin s\u0131n\u0131rlar\u0131nda bir i\u00e7sel yolculuk. Handke, Hi\u00e7kimse Koyu\u2019nda Bir Y\u0131l adl\u0131 roman\u0131nda okuru zamandan azade, mek\u00e2ndan ba\u011f\u0131ms\u0131z bir ruh<span class=\"excerpt-hellip\"> [\u2026]<\/span><\/p>\n","protected":false},"featured_media":0,"template":"","meta":{"_monsterinsights_skip_tracking":false,"_monsterinsights_sitenote_active":false,"_monsterinsights_sitenote_note":"","_monsterinsights_sitenote_category":0},"product_brand":[],"product_cat":[12291,12711],"product_tag":[],"class_list":{"0":"post-773777","1":"product","2":"type-product","3":"status-publish","5":"product_cat-edebiyat","6":"product_cat-roman-oyku","7":"pa_cilt-ciltsiz","8":"pa_tur-kitap","9":"pa_yayinevi-everest-yayinlari","10":"pa_yazar-peter-handke","12":"first","13":"instock","14":"sale","15":"shipping-taxable","16":"purchasable","17":"product-type-simple"},"_links":{"self":[{"href":"https:\/\/roveyayinevi.com.tr\/index.php\/wp-json\/wp\/v2\/product\/773777","targetHints":{"allow":["GET"]}}],"collection":[{"href":"https:\/\/roveyayinevi.com.tr\/index.php\/wp-json\/wp\/v2\/product"}],"about":[{"href":"https:\/\/roveyayinevi.com.tr\/index.php\/wp-json\/wp\/v2\/types\/product"}],"wp:attachment":[{"href":"https:\/\/roveyayinevi.com.tr\/index.php\/wp-json\/wp\/v2\/media?parent=773777"}],"wp:term":[{"taxonomy":"product_brand","embeddable":true,"href":"https:\/\/roveyayinevi.com.tr\/index.php\/wp-json\/wp\/v2\/product_brand?post=773777"},{"taxonomy":"product_cat","embeddable":true,"href":"https:\/\/roveyayinevi.com.tr\/index.php\/wp-json\/wp\/v2\/product_cat?post=773777"},{"taxonomy":"product_tag","embeddable":true,"href":"https:\/\/roveyayinevi.com.tr\/index.php\/wp-json\/wp\/v2\/product_tag?post=773777"}],"curies":[{"name":"wp","href":"https:\/\/api.w.org\/{rel}","templated":true}]}}