{"id":773775,"date":"2025-08-28T16:28:17","date_gmt":"2025-08-28T13:28:17","guid":{"rendered":"https:\/\/roveyayinevi.com.tr\/index.php\/urun\/istanbulda-ilk-ruslar\/"},"modified":"2026-04-15T03:39:56","modified_gmt":"2026-04-15T00:39:56","slug":"istanbulda-ilk-ruslar","status":"publish","type":"product","link":"https:\/\/roveyayinevi.com.tr\/index.php\/urun\/istanbulda-ilk-ruslar\/","title":{"rendered":"\u0130stanbul&#8217;da \u0130lk Ruslar"},"content":{"rendered":"<p>Osmanl\u0131-Rus ili\u015fkilerinin ge\u00e7ici bir bar\u0131\u015f havas\u0131na girdi\u011fi 1833 H\u00fcnk\u00e2r \u0130skelesi Antla\u015fmas\u0131 sonras\u0131nda, buharl\u0131 vapurlar\u0131n da faaliyete ge\u00e7erek kolay ve rahat ula\u015f\u0131m imk\u00e2nlar\u0131 sa\u011flamas\u0131yla Ruslar \u0130stanbul\u2019a adeta ak\u0131n etmeye ba\u015flar. Rus hac\u0131lar\u0131n kutsal topraklara gidi\u015f ve d\u00f6n\u00fc\u015flerinde hem bir durak hem de sahip oldu\u011fu kilise, ayazma, kutsal objeleri bar\u0131nd\u0131ran mabetleriyle \u0130stanbul Ortodoks hacc\u0131n bir par\u00e7as\u0131 say\u0131l\u0131r. Bu alakan\u0131n artmas\u0131nda \u015f\u00fcphesiz uzun bir s\u00fcredir kendilerini Bizans\u2019\u0131n varisi, Ortodokslu\u011fun hamisi olarak g\u00f6ren Rus \u00e7arlar\u0131n\u0131n siyasi hedeflerinin \u0130stanbul, Bo\u011fazlar ve Akdeniz istikametine yo\u011funla\u015fmas\u0131n\u0131n, emperyalist ve yay\u0131lmac\u0131 politikalar\u0131n hayata ge\u00e7irilmesinin tesiri b\u00fcy\u00fckt\u00fcr. 18. ve 19. as\u0131rlarda Rusya art\u0131k Osmanl\u0131 devletinin ba\u015f etmekte g\u00fc\u00e7l\u00fck \u00e7ekti\u011fi ciddi bir rakiptir. Romanov hanedan\u0131ndan Prens Konstantin Nikolayevi\u00e7, Rus tarihinde Kiev Knezi Oleg\u2019in 907\u2019de k\u0131smen efsanevi anlat\u0131mlarla bilinen \u0130stanbul maceras\u0131n\u0131n ard\u0131ndan \u0130stanbul\u2019a gelen ilk saray mensubudur. Prens Konstantin, yan\u0131nda me\u015fhur ressam Ayvazovsky ve Rus \u015farkiyat\u00e7\u0131 Berezin\u2019le T\u00fcrk topraklar\u0131nda toplam 46 g\u00fcn ge\u00e7irir. Seyahatin 16 g\u00fcn\u00fc \u0130stanbul\u2019da, 30 g\u00fcn\u00fc ise Marmara ve Adalar Denizi\u2019ndeki irili ufakl\u0131 ada ziyaretleriyle ge\u00e7er. \u0130stanbul\u2019da bulundu\u011fu s\u00fcre i\u00e7erisinde 3 kez Beylerbeyi Saray\u0131\u2019nda Sultan Abd\u00fclmecit\u2019le g\u00f6r\u00fc\u015f\u00fcr. Osmanl\u0131 \u00fcst d\u00fczey devlet adamlar\u0131 ve Avrupa devletlerinin \u0130stanbul\u2019daki temsilcileriyle tan\u0131\u015f\u0131r. \u0130stanbul\u2019un belli ba\u015fl\u0131 tarih\u00ee mek\u00e2nlar\u0131n\u0131 gezer. Patrikhanelere, kiliselere, camilere gider. Bizans d\u00f6neminden kalma surlar\u0131, su kemerlerini, sarn\u0131\u00e7lar\u0131; Osmanl\u0131 asker\u00ee ve idari kurumlar\u0131n\u0131 ziyaret eder. Bu alanda yapt\u0131klar\u0131 bir\u00e7ok \u00e7al\u0131\u015fmayla bilinen Prof. Dr. Fatih \u00dcnal ile Do\u00e7. Dr. Mesut Karakulak\u2019\u0131n haz\u0131rlad\u0131klar\u0131 bu eser bir seyahat notlar\u0131ndan daha fazlas\u0131\u2026 Yazarlar bu \u00e7al\u0131\u015fmayla gezinin rotas\u0131n\u0131, g\u00fcn\u00fcn ko\u015fullar\u0131n\u0131 ve her iki \u00fclkenin siyasi panoramas\u0131n\u0131 sunarak okura 19. y\u00fczy\u0131l Osmanl\u0131\u2019s\u0131nda seyahat etme f\u0131rsat\u0131 veriyorlar.<\/p>\n","protected":false},"excerpt":{"rendered":"<p>Osmanl\u0131-Rus ili\u015fkilerinin ge\u00e7ici bir bar\u0131\u015f havas\u0131na girdi\u011fi 1833 H\u00fcnk\u00e2r \u0130skelesi Antla\u015fmas\u0131 sonras\u0131nda, buharl\u0131 vapurlar\u0131n da faaliyete ge\u00e7erek kolay ve rahat ula\u015f\u0131m imk\u00e2nlar\u0131 sa\u011flamas\u0131yla Ruslar \u0130stanbul\u2019a adeta<span class=\"excerpt-hellip\"> [\u2026]<\/span><\/p>\n","protected":false},"featured_media":0,"template":"","meta":{"_monsterinsights_skip_tracking":false,"_monsterinsights_sitenote_active":false,"_monsterinsights_sitenote_note":"","_monsterinsights_sitenote_category":0},"product_brand":[],"product_cat":[12370,12304],"product_tag":[],"class_list":{"0":"post-773775","1":"product","2":"type-product","3":"status-publish","5":"product_cat-arastirma-inceleme","6":"product_cat-tarih","7":"pa_cilt-ciltsiz","8":"pa_tur-kitap","9":"pa_yayinevi-timas-yayinlari","10":"pa_yazar-fatih-unal-mesut-karakulak","12":"first","13":"instock","14":"sale","15":"shipping-taxable","16":"purchasable","17":"product-type-simple"},"_links":{"self":[{"href":"https:\/\/roveyayinevi.com.tr\/index.php\/wp-json\/wp\/v2\/product\/773775","targetHints":{"allow":["GET"]}}],"collection":[{"href":"https:\/\/roveyayinevi.com.tr\/index.php\/wp-json\/wp\/v2\/product"}],"about":[{"href":"https:\/\/roveyayinevi.com.tr\/index.php\/wp-json\/wp\/v2\/types\/product"}],"wp:attachment":[{"href":"https:\/\/roveyayinevi.com.tr\/index.php\/wp-json\/wp\/v2\/media?parent=773775"}],"wp:term":[{"taxonomy":"product_brand","embeddable":true,"href":"https:\/\/roveyayinevi.com.tr\/index.php\/wp-json\/wp\/v2\/product_brand?post=773775"},{"taxonomy":"product_cat","embeddable":true,"href":"https:\/\/roveyayinevi.com.tr\/index.php\/wp-json\/wp\/v2\/product_cat?post=773775"},{"taxonomy":"product_tag","embeddable":true,"href":"https:\/\/roveyayinevi.com.tr\/index.php\/wp-json\/wp\/v2\/product_tag?post=773775"}],"curies":[{"name":"wp","href":"https:\/\/api.w.org\/{rel}","templated":true}]}}