{"id":773770,"date":"2025-08-28T16:28:07","date_gmt":"2025-08-28T13:28:07","guid":{"rendered":"https:\/\/roveyayinevi.com.tr\/index.php\/urun\/mutluluk-ihtimali\/"},"modified":"2026-04-15T03:39:56","modified_gmt":"2026-04-15T00:39:56","slug":"mutluluk-ihtimali","status":"publish","type":"product","link":"https:\/\/roveyayinevi.com.tr\/index.php\/urun\/mutluluk-ihtimali\/","title":{"rendered":"Mutluluk \u0130htimali"},"content":{"rendered":"<p>Ge\u00e7mi\u015fin karanl\u0131k bir g\u00f6lge gibi haf\u0131zay\u0131 rahat b\u0131rakmad\u0131\u011f\u0131 ve \u015fimdinin yaln\u0131zca bir hayal k\u0131r\u0131kl\u0131\u011f\u0131 olarak deneyimlendi\u011fi zamanlarda, mutluluk ancak gelece\u011fe ertelenen bir ihtimal olarak m\u0131 kal\u0131r? Anne Rabe, Mutluluk \u0130htimali\u2019nde Do\u011fu Almanya ile Bat\u0131 Almanya\u2019n\u0131n birle\u015fmesinin meydana getirdi\u011fi \u00e7eli\u015fkileri bir ailenin \u00fc\u00e7 ku\u015fa\u011fa yay\u0131lan ya\u015fam\u0131 \u00fczerinden resmeder. Yeni ku\u015fak, eskilerinden bamba\u015fka bir d\u00fcnyaya &#8211; Do\u011fu ile Bat\u0131\u2019n\u0131n, eskiyle yeninin, kapitalizmle sosyalizmin melezlendi\u011fi bir ge\u00e7i\u015f d\u00f6nemine do\u011far. Bask\u0131c\u0131 politikalar\u0131na ra\u011fmen, ge\u00e7mi\u015fte kalan sosyalizmi daha adil bulan ebeveynlerinin de\u011ferleri yabanc\u0131d\u0131r onlar i\u00e7in. Ge\u00e7mi\u015fin yan\u0131 s\u0131ra, \u015fimdiyle de bir t\u00fcrl\u00fc uyu\u015famayan anlat\u0131c\u0131, zaman\u0131n ve de\u011ferlerin b\u00fct\u00fcn\u00fcyle mu\u011flakla\u015farak i\u00e7 i\u00e7e ge\u00e7ti\u011fi bir yar\u0131kta kurar anlat\u0131s\u0131n\u0131. Fakat bu roman, menzili k\u0131sa d\u00fc\u015fen biyografik \u00f6\u011felerden medet uman soyut bir aile roman\u0131 de\u011fildir. Rabe, farkl\u0131 anlat\u0131 t\u00fcrlerinden faydalanarak, ki\u015fisel olan ile tarihin, bireyselle toplumsal\u0131n girift ili\u015fkisini ortaya koyan g\u00fc\u00e7l\u00fc bir metin yarat\u0131r. Hik\u00e2ye anlat\u0131c\u0131l\u0131\u011f\u0131n\u0131n bilindik kronolojisini bozarak anlat\u0131n\u0131n katlar\u0131n\u0131 a\u00e7an Mutluluk \u0130htimali; \u015fimdi, ge\u00e7mi\u015f ve gelece\u011fin yekpare bir b\u00fct\u00fcn olarak gebe oldu\u011fu ihtimalleri g\u00f6r\u00fcn\u00fcr k\u0131lmak gibi e\u015fsiz bir marifet sergiler. <\/p>\n","protected":false},"excerpt":{"rendered":"<p>Ge\u00e7mi\u015fin karanl\u0131k bir g\u00f6lge gibi haf\u0131zay\u0131 rahat b\u0131rakmad\u0131\u011f\u0131 ve \u015fimdinin yaln\u0131zca bir hayal k\u0131r\u0131kl\u0131\u011f\u0131 olarak deneyimlendi\u011fi zamanlarda, mutluluk ancak gelece\u011fe ertelenen bir ihtimal olarak m\u0131 kal\u0131r?<span class=\"excerpt-hellip\"> [\u2026]<\/span><\/p>\n","protected":false},"featured_media":0,"template":"","meta":{"_monsterinsights_skip_tracking":false,"_monsterinsights_sitenote_active":false,"_monsterinsights_sitenote_note":"","_monsterinsights_sitenote_category":0},"product_brand":[],"product_cat":[12291,12711],"product_tag":[],"class_list":{"0":"post-773770","1":"product","2":"type-product","3":"status-publish","5":"product_cat-edebiyat","6":"product_cat-roman-oyku","7":"pa_cilt-ciltsiz","8":"pa_tur-kitap","9":"pa_yayinevi-livera-yayinevi","10":"pa_yazar-anne-rabe","12":"first","13":"instock","14":"sale","15":"shipping-taxable","16":"purchasable","17":"product-type-simple"},"_links":{"self":[{"href":"https:\/\/roveyayinevi.com.tr\/index.php\/wp-json\/wp\/v2\/product\/773770","targetHints":{"allow":["GET"]}}],"collection":[{"href":"https:\/\/roveyayinevi.com.tr\/index.php\/wp-json\/wp\/v2\/product"}],"about":[{"href":"https:\/\/roveyayinevi.com.tr\/index.php\/wp-json\/wp\/v2\/types\/product"}],"wp:attachment":[{"href":"https:\/\/roveyayinevi.com.tr\/index.php\/wp-json\/wp\/v2\/media?parent=773770"}],"wp:term":[{"taxonomy":"product_brand","embeddable":true,"href":"https:\/\/roveyayinevi.com.tr\/index.php\/wp-json\/wp\/v2\/product_brand?post=773770"},{"taxonomy":"product_cat","embeddable":true,"href":"https:\/\/roveyayinevi.com.tr\/index.php\/wp-json\/wp\/v2\/product_cat?post=773770"},{"taxonomy":"product_tag","embeddable":true,"href":"https:\/\/roveyayinevi.com.tr\/index.php\/wp-json\/wp\/v2\/product_tag?post=773770"}],"curies":[{"name":"wp","href":"https:\/\/api.w.org\/{rel}","templated":true}]}}