{"id":773735,"date":"2025-08-28T16:26:50","date_gmt":"2025-08-28T13:26:50","guid":{"rendered":"https:\/\/roveyayinevi.com.tr\/index.php\/urun\/disney-stic-dogum-gunu-surprizi\/"},"modified":"2026-03-16T03:24:43","modified_gmt":"2026-03-16T00:24:43","slug":"disney-stic-dogum-gunu-surprizi","status":"publish","type":"product","link":"https:\/\/roveyayinevi.com.tr\/index.php\/urun\/disney-stic-dogum-gunu-surprizi\/","title":{"rendered":"Disney Sti\u00e7  Do\u011fum G\u00fcn\u00fc S\u00fcrprizi"},"content":{"rendered":"<p>Arkada\u015flar\u0131 Sti\u00e7\u2019e s\u00fcrpriz bir do\u011fum g\u00fcn\u00fc partisi d\u00fczenliyorlar&#8230; ama onun hen\u00fcz bundan haberi yok! Haz\u0131rl\u0131klar s\u00fcrerken Lilo, Sti\u00e7\u2019i g\u00fcn boyunca oyalayabilecek mi? <\/p>\n","protected":false},"excerpt":{"rendered":"<p>Arkada\u015flar\u0131 Sti\u00e7\u2019e s\u00fcrpriz bir do\u011fum g\u00fcn\u00fc partisi d\u00fczenliyorlar&#8230; ama onun hen\u00fcz bundan haberi yok! Haz\u0131rl\u0131klar s\u00fcrerken Lilo, Sti\u00e7\u2019i g\u00fcn boyunca oyalayabilecek mi?<\/p>\n","protected":false},"featured_media":0,"template":"","meta":{"_monsterinsights_skip_tracking":false,"_monsterinsights_sitenote_active":false,"_monsterinsights_sitenote_note":"","_monsterinsights_sitenote_category":0},"product_brand":[],"product_cat":[12274,12284],"product_tag":[],"class_list":{"0":"post-773735","1":"product","2":"type-product","3":"status-publish","5":"product_cat-cocuk-ve-genclik-kitaplari","6":"product_cat-hikayeler","7":"pa_cilt-ciltsiz","8":"pa_tur-kitap","9":"pa_yayinevi-dogan-cocuk","10":"pa_yazar-kolektif","12":"first","13":"instock","14":"sale","15":"shipping-taxable","16":"purchasable","17":"product-type-simple"},"_links":{"self":[{"href":"https:\/\/roveyayinevi.com.tr\/index.php\/wp-json\/wp\/v2\/product\/773735","targetHints":{"allow":["GET"]}}],"collection":[{"href":"https:\/\/roveyayinevi.com.tr\/index.php\/wp-json\/wp\/v2\/product"}],"about":[{"href":"https:\/\/roveyayinevi.com.tr\/index.php\/wp-json\/wp\/v2\/types\/product"}],"wp:attachment":[{"href":"https:\/\/roveyayinevi.com.tr\/index.php\/wp-json\/wp\/v2\/media?parent=773735"}],"wp:term":[{"taxonomy":"product_brand","embeddable":true,"href":"https:\/\/roveyayinevi.com.tr\/index.php\/wp-json\/wp\/v2\/product_brand?post=773735"},{"taxonomy":"product_cat","embeddable":true,"href":"https:\/\/roveyayinevi.com.tr\/index.php\/wp-json\/wp\/v2\/product_cat?post=773735"},{"taxonomy":"product_tag","embeddable":true,"href":"https:\/\/roveyayinevi.com.tr\/index.php\/wp-json\/wp\/v2\/product_tag?post=773735"}],"curies":[{"name":"wp","href":"https:\/\/api.w.org\/{rel}","templated":true}]}}