{"id":773728,"date":"2025-08-28T16:26:35","date_gmt":"2025-08-28T13:26:35","guid":{"rendered":"https:\/\/roveyayinevi.com.tr\/index.php\/urun\/claraya-mektuplar\/"},"modified":"2026-04-03T03:32:09","modified_gmt":"2026-04-03T00:32:09","slug":"claraya-mektuplar","status":"publish","type":"product","link":"https:\/\/roveyayinevi.com.tr\/index.php\/urun\/claraya-mektuplar\/","title":{"rendered":"Clara\u2019ya Mektuplar"},"content":{"rendered":"<p>Sakin bir gecede esen yumu\u015fak bir esinti gibisin. \u0130\u015fte bu nedenle seni aray\u0131p durdum ve bunca \u015feyi seni bulmak i\u00e7in g\u00f6ze ald\u0131m. \u00c7\u00fcnk\u00fc seni tan\u0131d\u0131k\u00e7a, anlad\u0131m ki, ruhuma ac\u0131 veren \u015feyleri sana anlatabilirim ve sen \u00e7arem olabilirsin.   D\u00fcnya edebiyat\u0131n\u0131n en b\u00fcy\u00fcl\u00fc seslerinden Juan Rulfo, Ekim 1944 ile Aral\u0131k 1950 aras\u0131nda Clara Aparicio\u2019ya yazd\u0131\u011f\u0131 seksen d\u00f6rt mektupta, ona duydu\u011fu derin a\u015fk\u0131 anlat\u0131r.   Bu mektuplar, yaln\u0131zca tutkulu bir sevdan\u0131n de\u011fil, Rulfo\u2019nun edebi kimli\u011finin olu\u015fum s\u00fcrecinin de belgesidir ayn\u0131 zamanda.   Gabriel Garc\u00eda M\u00e1rquez\u2019in \u201cSofokles d\u00fczeyinde\u201d g\u00f6rd\u00fc\u011f\u00fc Rulfo\u2019nun yap\u0131tlar\u0131n\u0131 anlamak isteyenler i\u00e7in Clara\u2019ya Mektuplar, b\u00fcy\u00fck bir sessizli\u011fin i\u00e7inden do\u011fan kelimelere tan\u0131kl\u0131k etme f\u0131rsat\u0131 sunuyor.   Ve her sat\u0131rda, a\u015fk\u0131n yaln\u0131zca yak\u0131p kavuran de\u011fil, ayn\u0131 zamanda onaran, iyile\u015ftiren, kurtaran yan\u0131yla tan\u0131\u015ft\u0131r\u0131yor okuru. <\/p>\n","protected":false},"excerpt":{"rendered":"<p>Sakin bir gecede esen yumu\u015fak bir esinti gibisin. \u0130\u015fte bu nedenle seni aray\u0131p durdum ve bunca \u015feyi seni bulmak i\u00e7in g\u00f6ze ald\u0131m. \u00c7\u00fcnk\u00fc seni tan\u0131d\u0131k\u00e7a, anlad\u0131m<span class=\"excerpt-hellip\"> [\u2026]<\/span><\/p>\n","protected":false},"featured_media":0,"template":"","meta":{"_monsterinsights_skip_tracking":false,"_monsterinsights_sitenote_active":false,"_monsterinsights_sitenote_note":"","_monsterinsights_sitenote_category":0},"product_brand":[],"product_cat":[12291,12711],"product_tag":[],"class_list":{"0":"post-773728","1":"product","2":"type-product","3":"status-publish","5":"product_cat-edebiyat","6":"product_cat-roman-oyku","7":"pa_cilt-ciltsiz","8":"pa_tur-kitap","9":"pa_yayinevi-dogan-kitap","10":"pa_yazar-juan-rulfo","12":"first","13":"instock","14":"sale","15":"shipping-taxable","16":"purchasable","17":"product-type-simple"},"_links":{"self":[{"href":"https:\/\/roveyayinevi.com.tr\/index.php\/wp-json\/wp\/v2\/product\/773728","targetHints":{"allow":["GET"]}}],"collection":[{"href":"https:\/\/roveyayinevi.com.tr\/index.php\/wp-json\/wp\/v2\/product"}],"about":[{"href":"https:\/\/roveyayinevi.com.tr\/index.php\/wp-json\/wp\/v2\/types\/product"}],"wp:attachment":[{"href":"https:\/\/roveyayinevi.com.tr\/index.php\/wp-json\/wp\/v2\/media?parent=773728"}],"wp:term":[{"taxonomy":"product_brand","embeddable":true,"href":"https:\/\/roveyayinevi.com.tr\/index.php\/wp-json\/wp\/v2\/product_brand?post=773728"},{"taxonomy":"product_cat","embeddable":true,"href":"https:\/\/roveyayinevi.com.tr\/index.php\/wp-json\/wp\/v2\/product_cat?post=773728"},{"taxonomy":"product_tag","embeddable":true,"href":"https:\/\/roveyayinevi.com.tr\/index.php\/wp-json\/wp\/v2\/product_tag?post=773728"}],"curies":[{"name":"wp","href":"https:\/\/api.w.org\/{rel}","templated":true}]}}