{"id":773716,"date":"2025-08-28T16:26:09","date_gmt":"2025-08-28T13:26:09","guid":{"rendered":"https:\/\/roveyayinevi.com.tr\/index.php\/urun\/nukleer-oyunlar\/"},"modified":"2026-04-15T03:39:54","modified_gmt":"2026-04-15T00:39:54","slug":"nukleer-oyunlar","status":"publish","type":"product","link":"https:\/\/roveyayinevi.com.tr\/index.php\/urun\/nukleer-oyunlar\/","title":{"rendered":"N\u00fckleer Oyunlar"},"content":{"rendered":"<p>Bar\u0131\u015f\u0131n vaat, sava\u015f\u0131n ger\u00e7ek oldu\u011fu Ortado\u011fu co\u011frafyas\u0131, y\u00fczy\u0131llard\u0131r emperyal rekabetlerin ve bitmeyen iktidar m\u00fccadelelerinin sahnesidir. T\u00fcrkiye bu sahnenin ortas\u0131nda, b\u00f6lgesel krizlerin \u00e7\u00f6z\u00fcm\u00fcnde rol oynamakla birlikte, kendi g\u00fcvenli\u011fini sa\u011flamak ve ekonomik \u00e7\u0131karlar\u0131n\u0131 korumak i\u00e7in ince bir diplomasi y\u00fcr\u00fctmektedir. T\u00fcrkiye i\u00e7in Ortado\u011fu\u2019nun bu gerilim ikliminde, yeni stratejik unsur n\u00fckleer enerjidir. Yak\u0131n ge\u00e7mi\u015fte ya\u015fanan ve Ortado\u011fu jeopoliti\u011fini derinden sarsan &#8220;\u0130srail-\u0130ran 12 G\u00fcn Sava\u015f\u0131&#8221;, enerji politikalar\u0131n\u0131n art\u0131k yaln\u0131zca ekonomik de\u011fil, do\u011frudan askeri sonu\u00e7lar da do\u011furabilece\u011finin a\u00e7\u0131k bir g\u00f6stergesi olmu\u015ftur. Bu ba\u011flamda kitap, T\u00fcrkiye&#8217;nin n\u00fckleer enerji hamlelerini oyun teorisi \u00e7er\u00e7evesinde incelerken; \u0130srail ve \u0130ran gibi b\u00f6lgenin iki kilit akt\u00f6r\u00fcyle olan gerilimli stratejik ili\u015fkiyi oda\u011f\u0131na almaktad\u0131r. Uluslararas\u0131 ili\u015fkiler, g\u00fcvenlik \u00e7al\u0131\u015fmalar\u0131, n\u00fckleer enerji politikalar\u0131 ve jeopolitik strateji alanlar\u0131nda \u00e7al\u0131\u015fan ara\u015ft\u0131rmac\u0131lar, akademisyenler ve politika yap\u0131c\u0131lar i\u00e7in g\u00fc\u00e7l\u00fc bir ba\u015fvuru kayna\u011f\u0131 olan bu eser, ayn\u0131 zamanda b\u00f6lgesel satran\u00e7 oyununda T\u00fcrkiye\u2019nin nereye hamle yapmas\u0131 gerekti\u011fine dair derinlemesine bir perspektif sunmay\u0131 hedeflemektedir. <\/p>\n","protected":false},"excerpt":{"rendered":"<p>Bar\u0131\u015f\u0131n vaat, sava\u015f\u0131n ger\u00e7ek oldu\u011fu Ortado\u011fu co\u011frafyas\u0131, y\u00fczy\u0131llard\u0131r emperyal rekabetlerin ve bitmeyen iktidar m\u00fccadelelerinin sahnesidir. T\u00fcrkiye bu sahnenin ortas\u0131nda, b\u00f6lgesel krizlerin \u00e7\u00f6z\u00fcm\u00fcnde rol oynamakla birlikte, kendi<span class=\"excerpt-hellip\"> [\u2026]<\/span><\/p>\n","protected":false},"featured_media":0,"template":"","meta":{"_monsterinsights_skip_tracking":false,"_monsterinsights_sitenote_active":false,"_monsterinsights_sitenote_note":"","_monsterinsights_sitenote_category":0},"product_brand":[],"product_cat":[12337],"product_tag":[],"class_list":{"0":"post-773716","1":"product","2":"type-product","3":"status-publish","5":"product_cat-politika-siyaset","6":"pa_cilt-ciltsiz","7":"pa_tur-kitap","8":"pa_yayinevi-orion-kitabevi","9":"pa_yazar-mustafa-kursat-sahiner","11":"first","12":"instock","13":"sale","14":"shipping-taxable","15":"purchasable","16":"product-type-simple"},"_links":{"self":[{"href":"https:\/\/roveyayinevi.com.tr\/index.php\/wp-json\/wp\/v2\/product\/773716","targetHints":{"allow":["GET"]}}],"collection":[{"href":"https:\/\/roveyayinevi.com.tr\/index.php\/wp-json\/wp\/v2\/product"}],"about":[{"href":"https:\/\/roveyayinevi.com.tr\/index.php\/wp-json\/wp\/v2\/types\/product"}],"wp:attachment":[{"href":"https:\/\/roveyayinevi.com.tr\/index.php\/wp-json\/wp\/v2\/media?parent=773716"}],"wp:term":[{"taxonomy":"product_brand","embeddable":true,"href":"https:\/\/roveyayinevi.com.tr\/index.php\/wp-json\/wp\/v2\/product_brand?post=773716"},{"taxonomy":"product_cat","embeddable":true,"href":"https:\/\/roveyayinevi.com.tr\/index.php\/wp-json\/wp\/v2\/product_cat?post=773716"},{"taxonomy":"product_tag","embeddable":true,"href":"https:\/\/roveyayinevi.com.tr\/index.php\/wp-json\/wp\/v2\/product_tag?post=773716"}],"curies":[{"name":"wp","href":"https:\/\/api.w.org\/{rel}","templated":true}]}}