{"id":773682,"date":"2025-08-28T16:25:01","date_gmt":"2025-08-28T13:25:01","guid":{"rendered":"https:\/\/roveyayinevi.com.tr\/index.php\/urun\/magrurun-tenha-turkusu\/"},"modified":"2026-04-15T03:39:53","modified_gmt":"2026-04-15T00:39:53","slug":"magrurun-tenha-turkusu","status":"publish","type":"product","link":"https:\/\/roveyayinevi.com.tr\/index.php\/urun\/magrurun-tenha-turkusu\/","title":{"rendered":"Ma\u011frurun Tenha T\u00fcrk\u00fcs\u00fc"},"content":{"rendered":"<p>Mehmet \u00c2kif \u0130nan, yaln\u0131zca bir \u015fair de\u011fil, bir medeniyet bilincinin ta\u015f\u0131y\u0131c\u0131s\u0131, k\u00f6kleri Divan \u015fiirine, tasavvufa ve \u0130sl\u00e2m\u00ee duyarl\u0131\u011fa dayanan b\u00fcy\u00fck bir dava adam\u0131d\u0131r. Prof. Dr. \u00d6zlem Fedai taraf\u0131ndan kaleme al\u0131nan bu kapsaml\u0131 \u00e7al\u0131\u015fma, onun sanat\u0131n\u0131, d\u00fc\u015f\u00fcncesini ve \u00e7a\u011f\u0131n\u0131n meselelerine kar\u015f\u0131 duru\u015funu titizlikle inceliyor. \u201c\u0130nsano\u011flu \u015firazesiz kalm\u0131\u015f.\u201d A.H. Tanp\u0131nar\u2019\u0131n modernle\u015fme sanc\u0131lar\u0131na dair bu saptamas\u0131, \u0130nan\u2019\u0131n \u015fiirlerinde de yank\u0131lan\u0131r. O, \u015eark\u2019\u0131n kaybolan medeniyet miras\u0131n\u0131 hat\u0131rlatan, Bat\u0131l\u0131la\u015fma r\u00fczg\u00e2rlar\u0131nda savrulan ruhlara \u201cneyi kaybettiklerini\u201d hat\u0131rlatan ma\u011frur bir bilgedir. Sezai Karako\u00e7, Necip Faz\u0131l K\u0131sak\u00fcrek, Cahit Zarifo\u011flu ile ayn\u0131 dava yolunda y\u00fcr\u00fcyen \u0130nan, gelenekten kopmadan modern \u015fiirle de ba\u011flar kurarak \u0130sl\u00e2m\u00ee \u015fiirin \u00e7a\u011fda\u015f temsilcilerinden biri olmu\u015ftur. Bu kitap, onun yaln\u0131zca sanat\u0131n\u0131 de\u011fil, d\u00fc\u015f\u00fcnsel miras\u0131n\u0131 ve misyonunu da ele al\u0131yor. \u015eiirlerindeki metaforlarla, Kud\u00fcs\u2019ten Anadolu\u2019ya uzanan hassasiyetiyle, modern d\u00fcnyan\u0131n buhranlar\u0131 i\u00e7inde kendine \u201cbir t\u00fcrk\u00fc gibi\u201d yol a\u00e7an \u0130nan\u2019\u0131 yeniden ke\u015ffetmek i\u00e7in\u2026<\/p>\n","protected":false},"excerpt":{"rendered":"<p>Mehmet \u00c2kif \u0130nan, yaln\u0131zca bir \u015fair de\u011fil, bir medeniyet bilincinin ta\u015f\u0131y\u0131c\u0131s\u0131, k\u00f6kleri Divan \u015fiirine, tasavvufa ve \u0130sl\u00e2m\u00ee duyarl\u0131\u011fa dayanan b\u00fcy\u00fck bir dava adam\u0131d\u0131r. Prof. Dr. \u00d6zlem<span class=\"excerpt-hellip\"> [\u2026]<\/span><\/p>\n","protected":false},"featured_media":0,"template":"","meta":{"_monsterinsights_skip_tracking":false,"_monsterinsights_sitenote_active":false,"_monsterinsights_sitenote_note":"","_monsterinsights_sitenote_category":0},"product_brand":[],"product_cat":[13072,12291],"product_tag":[],"class_list":{"0":"post-773682","1":"product","2":"type-product","3":"status-publish","5":"product_cat-arastirma-inceleme-referans","6":"product_cat-edebiyat","7":"pa_cilt-ciltsiz","8":"pa_tur-kitap","9":"pa_yayinevi-ideal-kultur-akademik","10":"pa_yazar-ozlem-fedai","12":"first","13":"instock","14":"sale","15":"shipping-taxable","16":"purchasable","17":"product-type-simple"},"_links":{"self":[{"href":"https:\/\/roveyayinevi.com.tr\/index.php\/wp-json\/wp\/v2\/product\/773682","targetHints":{"allow":["GET"]}}],"collection":[{"href":"https:\/\/roveyayinevi.com.tr\/index.php\/wp-json\/wp\/v2\/product"}],"about":[{"href":"https:\/\/roveyayinevi.com.tr\/index.php\/wp-json\/wp\/v2\/types\/product"}],"wp:attachment":[{"href":"https:\/\/roveyayinevi.com.tr\/index.php\/wp-json\/wp\/v2\/media?parent=773682"}],"wp:term":[{"taxonomy":"product_brand","embeddable":true,"href":"https:\/\/roveyayinevi.com.tr\/index.php\/wp-json\/wp\/v2\/product_brand?post=773682"},{"taxonomy":"product_cat","embeddable":true,"href":"https:\/\/roveyayinevi.com.tr\/index.php\/wp-json\/wp\/v2\/product_cat?post=773682"},{"taxonomy":"product_tag","embeddable":true,"href":"https:\/\/roveyayinevi.com.tr\/index.php\/wp-json\/wp\/v2\/product_tag?post=773682"}],"curies":[{"name":"wp","href":"https:\/\/api.w.org\/{rel}","templated":true}]}}