{"id":773678,"date":"2025-08-28T16:24:52","date_gmt":"2025-08-28T13:24:52","guid":{"rendered":"https:\/\/roveyayinevi.com.tr\/index.php\/urun\/komsu-kizi\/"},"modified":"2026-04-15T03:39:53","modified_gmt":"2026-04-15T00:39:53","slug":"komsu-kizi","status":"publish","type":"product","link":"https:\/\/roveyayinevi.com.tr\/index.php\/urun\/komsu-kizi\/","title":{"rendered":"Kom\u015fu K\u0131z\u0131"},"content":{"rendered":"<p>\u201cKom\u015fu K\u0131z\u0131, vadetti\u011fi deh\u015feti yerine getiriyor, tek solukta okuyacaks\u0131n\u0131z.\u201d\u2014STEPHEN KING \u00c7a\u011fda\u015f ekstrem korku edebiyat\u0131n\u0131n en sars\u0131c\u0131 kalemlerinden Jack Ketchum, ger\u00e7ek bir olaydan esinlenerek yazd\u0131\u011f\u0131 Kom\u015fu K\u0131z\u0131 ile insan ruhunun en karanl\u0131k s\u0131n\u0131rlar\u0131nda dola\u015farak suskunlu\u011fun ve bask\u0131n\u0131n kal\u0131c\u0131 izlerini g\u00f6zler \u00f6nu\u0308ne seriyor.Sessiz bir Amerikan banliy\u00f6s\u00fc. \u00c7ocuk \u00e7\u0131\u011fl\u0131klar\u0131yla dolu arka bah\u00e7eler, g\u00fcven dolu evler. David, o yaz\u0131 asla unutamayacakt\u0131. Chandler ailesinin yan\u0131na s\u0131\u011f\u0131nan Meg ve k\u00fc\u00e7\u00fck karde\u015fi Susan\u2019\u0131n hayat\u0131na girmesiyle, masum oyunlar\u0131n yerini bast\u0131r\u0131lamayan bir k\u00e2bus almaya ba\u015flad\u0131. \u00c7\u00fcnk\u00fc Ruth Chandler\u2019\u0131n bodrum kat\u0131nda, insan do\u011fas\u0131n\u0131n en ac\u0131mas\u0131z, en \u00e7arp\u0131k y\u00fcz\u00fc ortaya \u00e7\u0131k\u0131yordu. Bu delilik, Ruth\u2019un \u00fc\u00e7 o\u011fluna ve nihayetinde t\u00fcm mahalleye bula\u015facakt\u0131. B\u00fct\u00fcn bu vah\u015fetin tek tan\u0131\u011f\u0131, on iki ya\u015f\u0131ndaki David, vah\u015fete ortak olmak ya da kar\u015f\u0131s\u0131nda durmak aras\u0131nda bir karar vermek zorundayd\u0131. Ac\u0131y\u0131 bildi\u011finizi mi san\u0131yorsunuz?<\/p>\n","protected":false},"excerpt":{"rendered":"<p>\u201cKom\u015fu K\u0131z\u0131, vadetti\u011fi deh\u015feti yerine getiriyor, tek solukta okuyacaks\u0131n\u0131z.\u201d\u2014STEPHEN KING \u00c7a\u011fda\u015f ekstrem korku edebiyat\u0131n\u0131n en sars\u0131c\u0131 kalemlerinden Jack Ketchum, ger\u00e7ek bir olaydan esinlenerek yazd\u0131\u011f\u0131 Kom\u015fu K\u0131z\u0131<span class=\"excerpt-hellip\"> [\u2026]<\/span><\/p>\n","protected":false},"featured_media":0,"template":"","meta":{"_monsterinsights_skip_tracking":false,"_monsterinsights_sitenote_active":false,"_monsterinsights_sitenote_note":"","_monsterinsights_sitenote_category":0},"product_brand":[],"product_cat":[12291,17033],"product_tag":[],"class_list":{"0":"post-773678","1":"product","2":"type-product","3":"status-publish","5":"product_cat-edebiyat","6":"product_cat-korku-gerilim","7":"pa_cilt-ciltsiz","8":"pa_tur-kitap","9":"pa_yayinevi-ithaki-yayinlari","10":"pa_yazar-jack-ketchum","12":"first","13":"instock","14":"sale","15":"shipping-taxable","16":"purchasable","17":"product-type-simple"},"_links":{"self":[{"href":"https:\/\/roveyayinevi.com.tr\/index.php\/wp-json\/wp\/v2\/product\/773678","targetHints":{"allow":["GET"]}}],"collection":[{"href":"https:\/\/roveyayinevi.com.tr\/index.php\/wp-json\/wp\/v2\/product"}],"about":[{"href":"https:\/\/roveyayinevi.com.tr\/index.php\/wp-json\/wp\/v2\/types\/product"}],"wp:attachment":[{"href":"https:\/\/roveyayinevi.com.tr\/index.php\/wp-json\/wp\/v2\/media?parent=773678"}],"wp:term":[{"taxonomy":"product_brand","embeddable":true,"href":"https:\/\/roveyayinevi.com.tr\/index.php\/wp-json\/wp\/v2\/product_brand?post=773678"},{"taxonomy":"product_cat","embeddable":true,"href":"https:\/\/roveyayinevi.com.tr\/index.php\/wp-json\/wp\/v2\/product_cat?post=773678"},{"taxonomy":"product_tag","embeddable":true,"href":"https:\/\/roveyayinevi.com.tr\/index.php\/wp-json\/wp\/v2\/product_tag?post=773678"}],"curies":[{"name":"wp","href":"https:\/\/api.w.org\/{rel}","templated":true}]}}