{"id":773665,"date":"2025-08-28T16:24:24","date_gmt":"2025-08-28T13:24:24","guid":{"rendered":"https:\/\/roveyayinevi.com.tr\/index.php\/urun\/darmuttan-sonra-dunya\/"},"modified":"2026-04-15T03:39:53","modified_gmt":"2026-04-15T00:39:53","slug":"darmuttan-sonra-dunya","status":"publish","type":"product","link":"https:\/\/roveyayinevi.com.tr\/index.php\/urun\/darmuttan-sonra-dunya\/","title":{"rendered":"Darmut\u2019tan Sonra D\u00fcnya"},"content":{"rendered":"<p>Doruk\u2019un ba\u015f\u0131 hayatla dertteydi.Ta ki g\u00fcn\u00fcn birinde o yabanc\u0131 odas\u0131n\u0131n ortas\u0131nda belirinceye kadar\u2026 Olan biten her \u015fey yetmezmi\u015f gibi bu yabanc\u0131yla ne yapaca\u011f\u0131n\u0131 da d\u00fc\u015f\u00fcnmesi gerekiyordu.Takdir edersiniz ki bu, bir \u00e7ocuk i\u00e7in b\u00fcy\u00fck sorumluluk\u2026 Olan bitenler? Yani bu zamana kadar olan her \u015fey\u2026O yabanc\u0131 Fatih\u2019ten ba\u015fkas\u0131 de\u011fildi.Sonunda D\u00fcnya\u2019ya gelmi\u015fti ve b\u00f6yle ya\u015fasa nas\u0131l olur, diye d\u00fc\u015f\u00fcn\u00fcyordu.B\u00f6yle, co\u015fkuyla.Hay\u0131r, Darzeliler gibi de\u011fil.Ya\u015faman\u0131n co\u015fkusuyla.En vazge\u00e7ilecek anda bile, g\u00f6zlerinden ya\u015flar akarken, kalbin ezilirken, ufac\u0131k \u015fans\u0131n\u0131 bile ya\u015famaya harcamak!\u0130nsan olmak! <\/p>\n","protected":false},"excerpt":{"rendered":"<p>Doruk\u2019un ba\u015f\u0131 hayatla dertteydi.Ta ki g\u00fcn\u00fcn birinde o yabanc\u0131 odas\u0131n\u0131n ortas\u0131nda belirinceye kadar\u2026 Olan biten her \u015fey yetmezmi\u015f gibi bu yabanc\u0131yla ne yapaca\u011f\u0131n\u0131 da d\u00fc\u015f\u00fcnmesi gerekiyordu.Takdir<span class=\"excerpt-hellip\"> [\u2026]<\/span><\/p>\n","protected":false},"featured_media":0,"template":"","meta":{"_monsterinsights_skip_tracking":false,"_monsterinsights_sitenote_active":false,"_monsterinsights_sitenote_note":"","_monsterinsights_sitenote_category":0},"product_brand":[],"product_cat":[12274],"product_tag":[],"class_list":{"0":"post-773665","1":"product","2":"type-product","3":"status-publish","5":"product_cat-cocuk-ve-genclik-kitaplari","6":"pa_cilt-ciltsiz","7":"pa_tur-kitap","8":"pa_yayinevi-tulu-kitap","9":"pa_yazar-fatma-zehra-aydemir","11":"first","12":"instock","13":"sale","14":"shipping-taxable","15":"purchasable","16":"product-type-simple"},"_links":{"self":[{"href":"https:\/\/roveyayinevi.com.tr\/index.php\/wp-json\/wp\/v2\/product\/773665","targetHints":{"allow":["GET"]}}],"collection":[{"href":"https:\/\/roveyayinevi.com.tr\/index.php\/wp-json\/wp\/v2\/product"}],"about":[{"href":"https:\/\/roveyayinevi.com.tr\/index.php\/wp-json\/wp\/v2\/types\/product"}],"wp:attachment":[{"href":"https:\/\/roveyayinevi.com.tr\/index.php\/wp-json\/wp\/v2\/media?parent=773665"}],"wp:term":[{"taxonomy":"product_brand","embeddable":true,"href":"https:\/\/roveyayinevi.com.tr\/index.php\/wp-json\/wp\/v2\/product_brand?post=773665"},{"taxonomy":"product_cat","embeddable":true,"href":"https:\/\/roveyayinevi.com.tr\/index.php\/wp-json\/wp\/v2\/product_cat?post=773665"},{"taxonomy":"product_tag","embeddable":true,"href":"https:\/\/roveyayinevi.com.tr\/index.php\/wp-json\/wp\/v2\/product_tag?post=773665"}],"curies":[{"name":"wp","href":"https:\/\/api.w.org\/{rel}","templated":true}]}}

Darmut’tan Sonra Dünya

<p>Doruk’un başı hayatla dertteydi.Ta ki günün birinde o yabancı odasının ortasında belirinceye kadar… Olan biten her şey yetmezmiş gibi bu yabancıyla ne yapacağını da düşünmesi gerekiyordu.Takdir edersiniz ki bu, bir çocuk için büyük sorumluluk… Olan bitenler? Yani bu zamana kadar olan her şey…O yabancı Fatih’ten başkası değildi.Sonunda Dünya’ya gelmişti ve böyle yaşasa nasıl olur, diye düşünüyordu.Böyle, coşkuyla.Hayır, Darzeliler gibi değil.Yaşamanın coşkusuyla.En vazgeçilecek anda bile, gözlerinden yaşlar akarken, kalbin ezilirken, ufacık şansını bile yaşamaya harcamak!İnsan olmak! </p>

<p>Doruk’un başı hayatla dertteydi.Ta ki günün birinde o yabancı odasının ortasında belirinceye kadar… Olan biten her şey yetmezmiş gibi bu yabancıyla ne yapacağını da düşünmesi gerekiyordu.Takdir<span class="excerpt-hellip"> […]</span></p>
