{"id":773663,"date":"2025-08-28T16:24:19","date_gmt":"2025-08-28T13:24:19","guid":{"rendered":"https:\/\/roveyayinevi.com.tr\/index.php\/urun\/turkcenin-sinirlarinda-nobet\/"},"modified":"2026-04-15T03:39:53","modified_gmt":"2026-04-15T00:39:53","slug":"turkcenin-sinirlarinda-nobet","status":"publish","type":"product","link":"https:\/\/roveyayinevi.com.tr\/index.php\/urun\/turkcenin-sinirlarinda-nobet\/","title":{"rendered":"T\u00fcrk\u00e7enin S\u0131n\u0131rlar\u0131nda N\u00f6bet"},"content":{"rendered":"<p>Dil yanl\u0131\u015flar\u0131 \u00fczerine yazmak, yaln\u0131z uzmanlar\u0131n de\u011fil, uzman olmayanlar\u0131n da yayg\u0131n bir u\u011fra\u015f\u0131 haline geldi. Dil dedi\u011fimiz dizgeyi iyi kavramam\u0131\u015f, dil-kural ili\u015fkisini bilmeyen yazarlar elinde bu u\u011fra\u015f\u0131n giderek dile zarar verecek boyutlara geldi\u011fini de s\u00f6ylemeliyiz. \u201cYar\u0131m doktor candan eder\u201d dedikleri gibi, yar\u0131m dilciler de bizi dilden edebilirler. Kemal Ate\u015f dil yanl\u0131\u015flar\u0131 \u00fczerinde dururken, \u201cyar\u0131m doktor\u201d diyece\u011fimiz s\u00f6zde dil uzmanlar\u0131na kar\u015f\u0131 da bizi uyar\u0131yor. \u00c7o\u011funun ad\u0131n\u0131n \u00f6n\u00fcnde b\u00fcy\u00fck sanlar bulunan bu yar\u0131m doktorlar\u0131n yayg\u0131nla\u015ft\u0131rd\u0131\u011f\u0131 dil hurafelerinden baz\u0131lar\u0131 Kemal Ate\u015f\u2019in uzun \u00e7abalar\u0131yla milyonlar\u0131n kulland\u0131\u011f\u0131 k\u0131lavuzlardan \u00e7\u0131kar\u0131ld\u0131. S\u0131k yap\u0131lan dil yanl\u0131\u015flar\u0131 d\u0131\u015f\u0131nda T\u00fcrk\u00e7enin bug\u00fcn ya\u015fanan pek \u00e7ok g\u00fcncel sorununu Ate\u015f\u2019in yaz\u0131lar\u0131nda bulabilirsiniz. Bu topraklarda dilin dile k\u0131rd\u0131r\u0131lmak istenmesi, yazar\u0131n son zamanlarda en \u00e7ok \u00fczerinde durdu\u011fu g\u00fcncel sorunlardand\u0131r. T\u00fcrk\u00e7e bug\u00fcn nerdeyse kendi yurdunda var olma sava\u015f\u0131 veriyor, dili dile k\u0131rd\u0131rmak istiyorlar. Y\u00fczy\u0131llarca tarihimizi \u00f6l\u00fc s\u00f6zc\u00fckler mezarl\u0131\u011f\u0131na, co\u011frafyam\u0131z\u0131 yar\u0131 \u00f6l\u00fc s\u00f6zc\u00fckler mezarl\u0131\u011f\u0131na d\u00f6nd\u00fcrd\u00fck, buna ra\u011fmen T\u00fcrk\u00e7e h\u00e2l\u00e2 d\u00fcnyan\u0131n say\u0131l\u0131 b\u00fcy\u00fck dilleri aras\u0131nda dimdik ayakta. Kemal Ate\u015f bunun gizlerini de anlat\u0131yor. Onun uyar\u0131lar\u0131 T\u00fcrk\u00e7eyi kullanan herkese elbette; ama en ba\u015fta e\u011fitim ve dil kurumlar\u0131n\u0131 ya da burnunu dil i\u015flerine de sokan Diyanet \u0130\u015fleri Ba\u015fkanl\u0131\u011f\u0131 gibi devlet kurumlar\u0131n\u0131 uyar\u0131yor. A. Camus, \u201cDilimin s\u0131n\u0131rlar\u0131 vatan\u0131m\u0131n s\u0131n\u0131rlar\u0131d\u0131r\u201d s\u00f6z\u00fcyle ulusal birli\u011fin sa\u011flanmas\u0131nda dilin ne denli \u00f6nemli oldu\u011funu anlat\u0131r. \u00c7ok \u00f6nemsedi\u011fimiz bu s\u00f6z, A. H. Tanp\u0131nar\u2019\u0131n bir s\u00f6z\u00fcyle birlikte d\u00fc\u015f\u00fcn\u00fclmeli. \u201cEvinde farkl\u0131 dil konu\u015fulan herkes cebinde ayr\u0131 bir vatan haritas\u0131yla dola\u015famaz\u201d diyor Tanp\u0131nar, sanki Camus\u2019n\u00fcn s\u00f6z\u00fcndeki bir eksi\u011fi tamaml\u0131yor. \u00c7eli\u015fmiyor onunla, bir eksi\u011fi tamaml\u0131yor. <\/p>\n","protected":false},"excerpt":{"rendered":"<p>Dil yanl\u0131\u015flar\u0131 \u00fczerine yazmak, yaln\u0131z uzmanlar\u0131n de\u011fil, uzman olmayanlar\u0131n da yayg\u0131n bir u\u011fra\u015f\u0131 haline geldi. Dil dedi\u011fimiz dizgeyi iyi kavramam\u0131\u015f, dil-kural ili\u015fkisini bilmeyen yazarlar elinde bu<span class=\"excerpt-hellip\"> [\u2026]<\/span><\/p>\n","protected":false},"featured_media":0,"template":"","meta":{"_monsterinsights_skip_tracking":false,"_monsterinsights_sitenote_active":false,"_monsterinsights_sitenote_note":"","_monsterinsights_sitenote_category":0},"product_brand":[],"product_cat":[13072,12291],"product_tag":[],"class_list":{"0":"post-773663","1":"product","2":"type-product","3":"status-publish","5":"product_cat-arastirma-inceleme-referans","6":"product_cat-edebiyat","7":"pa_cilt-ciltsiz","8":"pa_tur-kitap","9":"pa_yayinevi-kaynak-yayinlari","10":"pa_yazar-kemal-ates","12":"first","13":"instock","14":"sale","15":"shipping-taxable","16":"purchasable","17":"product-type-simple"},"_links":{"self":[{"href":"https:\/\/roveyayinevi.com.tr\/index.php\/wp-json\/wp\/v2\/product\/773663","targetHints":{"allow":["GET"]}}],"collection":[{"href":"https:\/\/roveyayinevi.com.tr\/index.php\/wp-json\/wp\/v2\/product"}],"about":[{"href":"https:\/\/roveyayinevi.com.tr\/index.php\/wp-json\/wp\/v2\/types\/product"}],"wp:attachment":[{"href":"https:\/\/roveyayinevi.com.tr\/index.php\/wp-json\/wp\/v2\/media?parent=773663"}],"wp:term":[{"taxonomy":"product_brand","embeddable":true,"href":"https:\/\/roveyayinevi.com.tr\/index.php\/wp-json\/wp\/v2\/product_brand?post=773663"},{"taxonomy":"product_cat","embeddable":true,"href":"https:\/\/roveyayinevi.com.tr\/index.php\/wp-json\/wp\/v2\/product_cat?post=773663"},{"taxonomy":"product_tag","embeddable":true,"href":"https:\/\/roveyayinevi.com.tr\/index.php\/wp-json\/wp\/v2\/product_tag?post=773663"}],"curies":[{"name":"wp","href":"https:\/\/api.w.org\/{rel}","templated":true}]}}