{"id":773652,"date":"2025-08-28T16:23:56","date_gmt":"2025-08-28T13:23:56","guid":{"rendered":"https:\/\/roveyayinevi.com.tr\/index.php\/urun\/boya-kesfet-hayvanlar\/"},"modified":"2026-04-15T03:39:52","modified_gmt":"2026-04-15T00:39:52","slug":"boya-kesfet-hayvanlar","status":"publish","type":"product","link":"https:\/\/roveyayinevi.com.tr\/index.php\/urun\/boya-kesfet-hayvanlar\/","title":{"rendered":"Boya Ke\u015ffet-Hayvanlar"},"content":{"rendered":"<p>SUYUN VE RENKLER\u0130N S\u0130H\u0130RL\u0130 D\u00dcNYASI Boyamaya ba\u015fla,b\u00fct\u00fcn g\u00fczel renkleri ortaya \u00e7\u0131kart ve sorular\u0131 cevapla. Renklerin sihirli d\u00fcnyas\u0131n\u0131 ke\u015ffet. Sayfalar kuruduktan sonra tekrar kullanabilirsin. Kolay,temiz ve bitmeyen e\u011flence. F\u0131r\u00e7an\u0131n kapa\u011f\u0131n\u0131 a\u00e7,suyu doldur,boya. 15 sorunun cevab\u0131 resimlerde gizli,boya bul ! <\/p>\n","protected":false},"excerpt":{"rendered":"<p>SUYUN VE RENKLER\u0130N S\u0130H\u0130RL\u0130 D\u00dcNYASI Boyamaya ba\u015fla,b\u00fct\u00fcn g\u00fczel renkleri ortaya \u00e7\u0131kart ve sorular\u0131 cevapla. Renklerin sihirli d\u00fcnyas\u0131n\u0131 ke\u015ffet. Sayfalar kuruduktan sonra tekrar kullanabilirsin. Kolay,temiz ve bitmeyen<span class=\"excerpt-hellip\"> [\u2026]<\/span><\/p>\n","protected":false},"featured_media":0,"template":"","meta":{"_monsterinsights_skip_tracking":false,"_monsterinsights_sitenote_active":false,"_monsterinsights_sitenote_note":"","_monsterinsights_sitenote_category":0},"product_brand":[],"product_cat":[12644,12274],"product_tag":[],"class_list":{"0":"post-773652","1":"product","2":"type-product","3":"status-publish","5":"product_cat-boyama-kitaplari","6":"product_cat-cocuk-ve-genclik-kitaplari","7":"pa_cilt-ciltsiz","8":"pa_tur-kitap","9":"pa_yayinevi-net-cocuk-yayinlari","10":"pa_yazar-omer-canbir","12":"first","13":"instock","14":"sale","15":"shipping-taxable","16":"purchasable","17":"product-type-simple"},"_links":{"self":[{"href":"https:\/\/roveyayinevi.com.tr\/index.php\/wp-json\/wp\/v2\/product\/773652","targetHints":{"allow":["GET"]}}],"collection":[{"href":"https:\/\/roveyayinevi.com.tr\/index.php\/wp-json\/wp\/v2\/product"}],"about":[{"href":"https:\/\/roveyayinevi.com.tr\/index.php\/wp-json\/wp\/v2\/types\/product"}],"wp:attachment":[{"href":"https:\/\/roveyayinevi.com.tr\/index.php\/wp-json\/wp\/v2\/media?parent=773652"}],"wp:term":[{"taxonomy":"product_brand","embeddable":true,"href":"https:\/\/roveyayinevi.com.tr\/index.php\/wp-json\/wp\/v2\/product_brand?post=773652"},{"taxonomy":"product_cat","embeddable":true,"href":"https:\/\/roveyayinevi.com.tr\/index.php\/wp-json\/wp\/v2\/product_cat?post=773652"},{"taxonomy":"product_tag","embeddable":true,"href":"https:\/\/roveyayinevi.com.tr\/index.php\/wp-json\/wp\/v2\/product_tag?post=773652"}],"curies":[{"name":"wp","href":"https:\/\/api.w.org\/{rel}","templated":true}]}}