{"id":773635,"date":"2025-08-28T16:23:19","date_gmt":"2025-08-28T13:23:19","guid":{"rendered":"https:\/\/roveyayinevi.com.tr\/index.php\/urun\/kendini-as\/"},"modified":"2026-04-11T14:43:36","modified_gmt":"2026-04-11T11:43:36","slug":"kendini-as","status":"publish","type":"product","link":"https:\/\/roveyayinevi.com.tr\/index.php\/urun\/kendini-as\/","title":{"rendered":"Kendini A\u015f"},"content":{"rendered":"<p>Maslow\u2019un ihtiya\u00e7lar hiyerar\u015fisini hat\u0131rlay\u0131n, en tepede ne vard\u0131?   Kendini ger\u00e7ekle\u015ftirme.   Peki ama bu nas\u0131l olacak? Daha \u00f6nemlisi, bu \u00e7a\u011fda bunu nas\u0131l yapabiliriz?   Columbia \u00dcniversitesi\u2019nde psikoloji profes\u00f6r\u00fc olan ve Maslow\u2019un \u00fcnl\u00fc ihtiya\u00e7lar hiyerar\u015fisine getirdi\u011fi yeni bak\u0131\u015f a\u00e7\u0131s\u0131yla d\u00fcnyan\u0131n en ilham verici biliminsanlar\u0131 aras\u0131na giren Scott Barry Kaufman, kendimizi ger\u00e7ekle\u015ftirmek, yarat\u0131c\u0131 ve tatmin edici bir ya\u015fam s\u00fcrmek, yani hayat\u0131m\u0131z\u0131n hakk\u0131n\u0131 verebilmek i\u00e7in bize bir yol haritas\u0131 sunuyor. Maslow\u2019un yay\u0131mlanmam\u0131\u015f makaleleri ile g\u00fcnl\u00fcklerinde bahsetti\u011fi, hen\u00fcz tamamlanmam\u0131\u015f \u201ca\u015fk\u0131nl\u0131k teorisi\u201d \u00fcst\u00fcne \u00e7al\u0131\u015fan Kaufman, ba\u011flanma, yarat\u0131c\u0131l\u0131k, sevgi gibi anlaml\u0131 ve iyi ya\u015fanm\u0131\u015f bir hayat\u0131n t\u00fcm yap\u0131ta\u015flar\u0131n\u0131 ele alarak, bilgisini g\u00fcncel ara\u015ft\u0131rmalarla b\u00fct\u00fcnle\u015ftiriyor.   Kendi benzersiz ki\u015fili\u011fimize dair i\u00e7g\u00f6r\u00fc kazanmam\u0131z\u0131 sa\u011flayacak egzersizler sunan Kendini A\u015f, hem bizi en y\u00fcksek potansiyelimize ula\u015ft\u0131rmay\u0131 hem de insanl\u0131\u011f\u0131n geri kalan\u0131yla derin bir ba\u011flant\u0131 kurmam\u0131z\u0131 sa\u011flayacak bir rehber.   Tam bir ba\u015fyap\u0131t! Kendini a\u015fmak derken Maslow\u2019un neyi kastetti\u011fini anlamak isteyen herkesin okumas\u0131 gerekiyor.\u201d Angela Duckworth, Pennsylvania \u00dcniversitesi psikoloji profes\u00f6r\u00fc, Character Lab kurucusu ve CEO\u2019su     \u201cBu kitap psikoloji alan\u0131nda b\u00fcy\u00fck bir s\u0131\u00e7rama.\u201d Aaron T. Beck, Pennsylvania \u00dcniversitesi fahri psikiyatri profes\u00f6r\u00fc<\/p>\n","protected":false},"excerpt":{"rendered":"<p>Maslow\u2019un ihtiya\u00e7lar hiyerar\u015fisini hat\u0131rlay\u0131n, en tepede ne vard\u0131? Kendini ger\u00e7ekle\u015ftirme. Peki ama bu nas\u0131l olacak? Daha \u00f6nemlisi, bu \u00e7a\u011fda bunu nas\u0131l yapabiliriz? Columbia \u00dcniversitesi\u2019nde psikoloji profes\u00f6r\u00fc<span class=\"excerpt-hellip\"> [\u2026]<\/span><\/p>\n","protected":false},"featured_media":0,"template":"","meta":{"_monsterinsights_skip_tracking":false,"_monsterinsights_sitenote_active":false,"_monsterinsights_sitenote_note":"","_monsterinsights_sitenote_category":0},"product_brand":[],"product_cat":[12364,12376],"product_tag":[],"class_list":{"0":"post-773635","1":"product","2":"type-product","3":"status-publish","5":"product_cat-genel-konular","6":"product_cat-kisisel-gelisim","7":"pa_cilt-ciltsiz","8":"pa_tur-kitap","9":"pa_yayinevi-mundi","10":"pa_yazar-scott-barry-kaufman","12":"first","13":"instock","14":"sale","15":"shipping-taxable","16":"purchasable","17":"product-type-simple"},"_links":{"self":[{"href":"https:\/\/roveyayinevi.com.tr\/index.php\/wp-json\/wp\/v2\/product\/773635","targetHints":{"allow":["GET"]}}],"collection":[{"href":"https:\/\/roveyayinevi.com.tr\/index.php\/wp-json\/wp\/v2\/product"}],"about":[{"href":"https:\/\/roveyayinevi.com.tr\/index.php\/wp-json\/wp\/v2\/types\/product"}],"wp:attachment":[{"href":"https:\/\/roveyayinevi.com.tr\/index.php\/wp-json\/wp\/v2\/media?parent=773635"}],"wp:term":[{"taxonomy":"product_brand","embeddable":true,"href":"https:\/\/roveyayinevi.com.tr\/index.php\/wp-json\/wp\/v2\/product_brand?post=773635"},{"taxonomy":"product_cat","embeddable":true,"href":"https:\/\/roveyayinevi.com.tr\/index.php\/wp-json\/wp\/v2\/product_cat?post=773635"},{"taxonomy":"product_tag","embeddable":true,"href":"https:\/\/roveyayinevi.com.tr\/index.php\/wp-json\/wp\/v2\/product_tag?post=773635"}],"curies":[{"name":"wp","href":"https:\/\/api.w.org\/{rel}","templated":true}]}}