{"id":773613,"date":"2025-08-28T16:22:23","date_gmt":"2025-08-28T13:22:23","guid":{"rendered":"https:\/\/roveyayinevi.com.tr\/index.php\/urun\/edebiyat-ve-ekoloji\/"},"modified":"2026-04-15T03:39:51","modified_gmt":"2026-04-15T00:39:51","slug":"edebiyat-ve-ekoloji","status":"publish","type":"product","link":"https:\/\/roveyayinevi.com.tr\/index.php\/urun\/edebiyat-ve-ekoloji\/","title":{"rendered":"Edebiyat ve Ekoloji"},"content":{"rendered":"<p>Do\u011fay\u0131 anlatmakla yetinmeyen, onunla birlikte d\u00fc\u015f\u00fcnen, hat\u0131rlayan ve m\u00fcdahale eden bir edebiyat m\u00fcmk\u00fcn m\u00fc? Bug\u00fcn, k\u00fcresel iklim krizinin aciliyet kazand\u0131\u011f\u0131, ekolojik y\u0131k\u0131mlar\u0131n g\u00fcndelik hayat\u0131n ayr\u0131lmaz bir par\u00e7as\u0131 h\u00e2line geldi\u011fi \u00e7a\u011f\u0131m\u0131zda edebiyat, yaln\u0131zca \u00e7evreyi anlatan bir t\u00fcr temsil d\u00fczlemi de\u011fil, ayn\u0131 zamanda etik ve politik bir m\u00fcdahale alan\u0131 olarak da de\u011ferlendirilmektedir. Ekoele\u015ftiri, bu \u00e7er\u00e7evede, edebiyatla ekolojik d\u00fc\u015f\u00fcnce aras\u0131nda kurulan ele\u015ftirel k\u00f6pr\u00fclerden biridir. Atelye: Edebiyat ve Ekoloji, edebiyatla ekolojik d\u00fc\u015f\u00fcnce aras\u0131ndaki \u00e7ok katmanl\u0131 ili\u015fkiyi irdeleyen yaz\u0131lardan olu\u015fan bir derleme. Yeni do\u011fa yaz\u0131n\u0131, mavi be\u015fer\u00ee bilimler, somatik ekoloji, posth\u00fcmanizm ve maddeci kuram gibi g\u00fcncel yakla\u015f\u0131mlarla kaleme al\u0131nan bu yaz\u0131lar; roman, \u00f6yk\u00fc, ki\u015fisel anlat\u0131, deneme ve ele\u015ftiri t\u00fcrlerinde do\u011fa ile kurulan anlat\u0131 ili\u015fkisini sorguluyor. Geleneksel do\u011fa yaz\u0131n\u0131 ile g\u00fcncel do\u011fa anlat\u0131lar\u0131 aras\u0131ndaki d\u00f6n\u00fc\u015f\u00fcm\u00fc inceleyen teorik katk\u0131lar, \u00e7evreci anlat\u0131lar\u0131n estetik oldu\u011fu kadar duygusal ve bili\u015fsel etkilerini de g\u00fcndeme getiriyor. Edebiyat\u0131n yaln\u0131zca \u00e7evreyi temsil eden statik bir alan de\u011fil, ayn\u0131 zamanda etki ve d\u00f6n\u00fc\u015f\u00fcm yaratabilen g\u00fc\u00e7te, kinetik bir yap\u0131 oldu\u011funu hat\u0131rlat\u0131yor. Bu kuramsal yakla\u015f\u0131m, kitap boyunca pratik edeb\u00ee \u00e7\u00f6z\u00fcmlemelerle birle\u015ferek edebiyat\u0131 ekolojik krizin tan\u0131\u011f\u0131, ta\u015f\u0131y\u0131c\u0131s\u0131 ve d\u00f6n\u00fc\u015ft\u00fcr\u00fcc\u00fcs\u00fc olarak yeniden konumland\u0131r\u0131yor. Do\u011fa bilimini edebiyatla bulu\u015fturan yaz\u0131lardan ekofeminist belle\u011fe, ta\u015f ocaklar\u0131yla \u00e7evrelenmi\u015f anlat\u0131lardan maddenin kulaktan kula\u011fa f\u0131s\u0131ldad\u0131\u011f\u0131 \u00f6yk\u00fclere, okyanusun bilgi ve haf\u0131zayla dolu karanl\u0131k sular\u0131ndan ki\u015fisel hastal\u0131k anlat\u0131lar\u0131nda do\u011fan\u0131n yank\u0131s\u0131na uzanan bu derleme, do\u011fayla birlikte okunan bir edebiyat\u0131n olanaklar\u0131n\u0131 ara\u015ft\u0131r\u0131yor. Edebiyat\u0131n ekolojik duyarl\u0131l\u0131kla yeniden \u00f6r\u00fcld\u00fc\u011f\u00fc kolektif bir atelye. <\/p>\n","protected":false},"excerpt":{"rendered":"<p>Do\u011fay\u0131 anlatmakla yetinmeyen, onunla birlikte d\u00fc\u015f\u00fcnen, hat\u0131rlayan ve m\u00fcdahale eden bir edebiyat m\u00fcmk\u00fcn m\u00fc? Bug\u00fcn, k\u00fcresel iklim krizinin aciliyet kazand\u0131\u011f\u0131, ekolojik y\u0131k\u0131mlar\u0131n g\u00fcndelik hayat\u0131n ayr\u0131lmaz bir<span class=\"excerpt-hellip\"> [\u2026]<\/span><\/p>\n","protected":false},"featured_media":0,"template":"","meta":{"_monsterinsights_skip_tracking":false,"_monsterinsights_sitenote_active":false,"_monsterinsights_sitenote_note":"","_monsterinsights_sitenote_category":0},"product_brand":[],"product_cat":[12291],"product_tag":[],"class_list":{"0":"post-773613","1":"product","2":"type-product","3":"status-publish","5":"product_cat-edebiyat","6":"pa_cilt-ciltsiz","7":"pa_tur-kitap","8":"pa_yayinevi-vakifbank-kultur-yayinlari","9":"pa_yazar-kolektif","11":"first","12":"instock","13":"sale","14":"shipping-taxable","15":"purchasable","16":"product-type-simple"},"_links":{"self":[{"href":"https:\/\/roveyayinevi.com.tr\/index.php\/wp-json\/wp\/v2\/product\/773613","targetHints":{"allow":["GET"]}}],"collection":[{"href":"https:\/\/roveyayinevi.com.tr\/index.php\/wp-json\/wp\/v2\/product"}],"about":[{"href":"https:\/\/roveyayinevi.com.tr\/index.php\/wp-json\/wp\/v2\/types\/product"}],"wp:attachment":[{"href":"https:\/\/roveyayinevi.com.tr\/index.php\/wp-json\/wp\/v2\/media?parent=773613"}],"wp:term":[{"taxonomy":"product_brand","embeddable":true,"href":"https:\/\/roveyayinevi.com.tr\/index.php\/wp-json\/wp\/v2\/product_brand?post=773613"},{"taxonomy":"product_cat","embeddable":true,"href":"https:\/\/roveyayinevi.com.tr\/index.php\/wp-json\/wp\/v2\/product_cat?post=773613"},{"taxonomy":"product_tag","embeddable":true,"href":"https:\/\/roveyayinevi.com.tr\/index.php\/wp-json\/wp\/v2\/product_tag?post=773613"}],"curies":[{"name":"wp","href":"https:\/\/api.w.org\/{rel}","templated":true}]}}