{"id":773589,"date":"2025-08-28T16:21:33","date_gmt":"2025-08-28T13:21:33","guid":{"rendered":"https:\/\/roveyayinevi.com.tr\/index.php\/urun\/dune-resmi-cizgi-roman-uyarlamasi-1\/"},"modified":"2026-04-15T03:39:50","modified_gmt":"2026-04-15T00:39:50","slug":"dune-resmi-cizgi-roman-uyarlamasi-1","status":"publish","type":"product","link":"https:\/\/roveyayinevi.com.tr\/index.php\/urun\/dune-resmi-cizgi-roman-uyarlamasi-1\/","title":{"rendered":"Dune Resmi \u00c7izgi Roman Uyarlamas\u0131 #1"},"content":{"rendered":"<p>Legendary Comics, Akademi \u00d6d\u00fcll\u00fc epik bilimkurgu filmi Dune\u2019un resmi \u00e7izgi roman uyarlamas\u0131n\u0131 gururla sunar. Vizyoner yazar Frank Herbert\u2019in \u00fcnl\u00fc roman\u0131na dayanan ve DENIS VILLENEUVE taraf\u0131ndan y\u00f6netilen bu etkileyici uyarlama, bilimkurgu ba\u015fyap\u0131t\u0131n\u0131n \u00e7arp\u0131c\u0131 ve ak\u0131l almaz g\u00f6rsellerini sayfalara ta\u015f\u0131yor. Okuyuculara gelece\u011fi yepyeni bir \u015fekilde g\u00f6rme ve Dune\u2019u deneyimleme f\u0131rsat\u0131 sunuyor.   Mitolojik ve derin duygularla \u00f6r\u00fcl\u00fc bir kahraman yolculu\u011fu olan Dune, kaderi hen\u00fcz kendisi taraf\u0131ndan bile tam olarak anla\u015f\u0131lamayan, zeki ve yetenekli gen\u00e7 Paul Atreides\u2019in hik\u00e2yesini anlat\u0131yor. Paul, ailesinin ve halk\u0131n\u0131n gelece\u011fini g\u00fcvence alt\u0131na almak i\u00e7in evrendeki en tehlikeli gezegene gitmek zorundad\u0131r. Evrenin en de\u011ferli kayna\u011f\u0131 \u00fczerinde patlak veren ac\u0131mas\u0131z m\u00fccadelede, bu e\u015fsiz maddenin insanl\u0131\u011f\u0131n en b\u00fcy\u00fck potansiyelini a\u00e7\u0131\u011fa \u00e7\u0131karma g\u00fcc\u00fc vard\u0131r. Ancak yaln\u0131zca korkular\u0131n\u0131 yenebilenler hayatta kalacakt\u0131r.   Brian Herbert ve Kevin J. Anderson\u2019\u0131n birlikte kaleme ald\u0131klar\u0131 giri\u015f yaz\u0131s\u0131yla. <\/p>\n","protected":false},"excerpt":{"rendered":"<p>Legendary Comics, Akademi \u00d6d\u00fcll\u00fc epik bilimkurgu filmi Dune\u2019un resmi \u00e7izgi roman uyarlamas\u0131n\u0131 gururla sunar. Vizyoner yazar Frank Herbert\u2019in \u00fcnl\u00fc roman\u0131na dayanan ve DENIS VILLENEUVE taraf\u0131ndan y\u00f6netilen<span class=\"excerpt-hellip\"> [\u2026]<\/span><\/p>\n","protected":false},"featured_media":0,"template":"","meta":{"_monsterinsights_skip_tracking":false,"_monsterinsights_sitenote_active":false,"_monsterinsights_sitenote_note":"","_monsterinsights_sitenote_category":0},"product_brand":[],"product_cat":[12416,12291],"product_tag":[],"class_list":{"0":"post-773589","1":"product","2":"type-product","3":"status-publish","5":"product_cat-cizgi-roman","6":"product_cat-edebiyat","7":"pa_cilt-ciltsiz","8":"pa_tur-kitap","9":"pa_yayinevi-eksik-parca-yayinlari","10":"pa_yazar-lilah-sturges","12":"first","13":"instock","14":"sale","15":"shipping-taxable","16":"purchasable","17":"product-type-simple"},"_links":{"self":[{"href":"https:\/\/roveyayinevi.com.tr\/index.php\/wp-json\/wp\/v2\/product\/773589","targetHints":{"allow":["GET"]}}],"collection":[{"href":"https:\/\/roveyayinevi.com.tr\/index.php\/wp-json\/wp\/v2\/product"}],"about":[{"href":"https:\/\/roveyayinevi.com.tr\/index.php\/wp-json\/wp\/v2\/types\/product"}],"wp:attachment":[{"href":"https:\/\/roveyayinevi.com.tr\/index.php\/wp-json\/wp\/v2\/media?parent=773589"}],"wp:term":[{"taxonomy":"product_brand","embeddable":true,"href":"https:\/\/roveyayinevi.com.tr\/index.php\/wp-json\/wp\/v2\/product_brand?post=773589"},{"taxonomy":"product_cat","embeddable":true,"href":"https:\/\/roveyayinevi.com.tr\/index.php\/wp-json\/wp\/v2\/product_cat?post=773589"},{"taxonomy":"product_tag","embeddable":true,"href":"https:\/\/roveyayinevi.com.tr\/index.php\/wp-json\/wp\/v2\/product_tag?post=773589"}],"curies":[{"name":"wp","href":"https:\/\/api.w.org\/{rel}","templated":true}]}}