{"id":773588,"date":"2025-08-28T16:21:32","date_gmt":"2025-08-28T13:21:32","guid":{"rendered":"https:\/\/roveyayinevi.com.tr\/index.php\/urun\/ruhun-ana-topragina-yolculugu\/"},"modified":"2026-04-15T03:39:50","modified_gmt":"2026-04-15T00:39:50","slug":"ruhun-ana-topragina-yolculugu","status":"publish","type":"product","link":"https:\/\/roveyayinevi.com.tr\/index.php\/urun\/ruhun-ana-topragina-yolculugu\/","title":{"rendered":"Ruhun Ana Topra\u011f\u0131na Yolculu\u011fu"},"content":{"rendered":"<p>Her yolculuk bir ad\u0131m, her ad\u0131m bir hat\u0131rlay\u0131\u015ft\u0131r ve bazen insan en uzak yere gitmeden bulamaz en yak\u0131n olan\u0131: kendini. Bu kitap, yaln\u0131zca sat\u0131rlardan de\u011fil; bir ruhun, ana topra\u011f\u0131na uzanan i\u00e7sel yolculu\u011fundan do\u011fan ger\u00e7eklikten \u00f6r\u00fclm\u00fc\u015ft\u00fcr. Gamze Kurban, bu i\u00e7sel yolculukta sizi; kendinize dair bildiklerinizi, inand\u0131klar\u0131n\u0131z\u0131 ve kabullerinizi fark etmeye, \u00e7\u00f6zmeye ve yeni bir benlikle yeniden var etmeye \u00e7a\u011f\u0131r\u0131yor. Bu kitap, bir aray\u0131\u015f de\u011fil; unutulmu\u015f bir hat\u0131rlay\u0131\u015fa davettir. \u0130\u00e7inizde bir yerlerde, y\u0131llard\u0131r sessizce bekleyen o sesi duymaya haz\u0131r m\u0131s\u0131n\u0131z? <\/p>\n","protected":false},"excerpt":{"rendered":"<p>Her yolculuk bir ad\u0131m, her ad\u0131m bir hat\u0131rlay\u0131\u015ft\u0131r ve bazen insan en uzak yere gitmeden bulamaz en yak\u0131n olan\u0131: kendini. Bu kitap, yaln\u0131zca sat\u0131rlardan de\u011fil; bir<span class=\"excerpt-hellip\"> [\u2026]<\/span><\/p>\n","protected":false},"featured_media":0,"template":"","meta":{"_monsterinsights_skip_tracking":false,"_monsterinsights_sitenote_active":false,"_monsterinsights_sitenote_note":"","_monsterinsights_sitenote_category":0},"product_brand":[],"product_cat":[12364,12376],"product_tag":[],"class_list":{"0":"post-773588","1":"product","2":"type-product","3":"status-publish","5":"product_cat-genel-konular","6":"product_cat-kisisel-gelisim","7":"pa_cilt-ciltsiz","8":"pa_tur-kitap","9":"pa_yayinevi-kitap-muptelasi-yayinlari","10":"pa_yazar-gamze-kurban","12":"first","13":"instock","14":"sale","15":"shipping-taxable","16":"purchasable","17":"product-type-simple"},"_links":{"self":[{"href":"https:\/\/roveyayinevi.com.tr\/index.php\/wp-json\/wp\/v2\/product\/773588","targetHints":{"allow":["GET"]}}],"collection":[{"href":"https:\/\/roveyayinevi.com.tr\/index.php\/wp-json\/wp\/v2\/product"}],"about":[{"href":"https:\/\/roveyayinevi.com.tr\/index.php\/wp-json\/wp\/v2\/types\/product"}],"wp:attachment":[{"href":"https:\/\/roveyayinevi.com.tr\/index.php\/wp-json\/wp\/v2\/media?parent=773588"}],"wp:term":[{"taxonomy":"product_brand","embeddable":true,"href":"https:\/\/roveyayinevi.com.tr\/index.php\/wp-json\/wp\/v2\/product_brand?post=773588"},{"taxonomy":"product_cat","embeddable":true,"href":"https:\/\/roveyayinevi.com.tr\/index.php\/wp-json\/wp\/v2\/product_cat?post=773588"},{"taxonomy":"product_tag","embeddable":true,"href":"https:\/\/roveyayinevi.com.tr\/index.php\/wp-json\/wp\/v2\/product_tag?post=773588"}],"curies":[{"name":"wp","href":"https:\/\/api.w.org\/{rel}","templated":true}]}}