{"id":773569,"date":"2025-08-28T16:20:52","date_gmt":"2025-08-28T13:20:52","guid":{"rendered":"https:\/\/roveyayinevi.com.tr\/index.php\/urun\/pitrak\/"},"modified":"2026-04-15T03:39:50","modified_gmt":"2026-04-15T00:39:50","slug":"pitrak","status":"publish","type":"product","link":"https:\/\/roveyayinevi.com.tr\/index.php\/urun\/pitrak\/","title":{"rendered":"P\u0131trak"},"content":{"rendered":"<p>P\u0131trak \u00e7iftlikte ya\u015fayan uykucu bir kediydi. Her g\u00fcn yeme\u011fini yedikten sonra bir k\u00f6\u015feye \u00e7ekilip g\u00fcn boyu uyukluyordu. Sahibi az\u0131c\u0131k hareket etsin diye kedinin mama kab\u0131n\u0131 her seferinde farkl\u0131 farkl\u0131 yerlere b\u0131rakmaya ba\u015flad\u0131. Bir g\u00fcn P\u0131trak mama kab\u0131n\u0131 ararken dikkati da\u011f\u0131ld\u0131 ve \u00e7iftlikten \u00e7\u0131k\u0131p uzakla\u015ft\u0131. Hava karard\u0131\u011f\u0131nda P\u0131trak h\u00e2l\u00e2 ortada g\u00f6r\u00fcnm\u00fcyordu. Farelerden biri \u00e7iftli\u011fe do\u011fru gelen bir karalt\u0131 g\u00f6rd\u00fc\u011f\u00fcn\u00fc s\u00f6yledi. Peki bu gelen kim olabilirdi?   Feridun Oral\u2019\u0131n yazd\u0131\u011f\u0131 ve resimledi\u011fi P\u0131trak merak uyand\u0131ran sevimli bir \u00e7iftlik hik\u00e2yesi.   <\/p>\n","protected":false},"excerpt":{"rendered":"<p>P\u0131trak \u00e7iftlikte ya\u015fayan uykucu bir kediydi. Her g\u00fcn yeme\u011fini yedikten sonra bir k\u00f6\u015feye \u00e7ekilip g\u00fcn boyu uyukluyordu. Sahibi az\u0131c\u0131k hareket etsin diye kedinin mama kab\u0131n\u0131 her<span class=\"excerpt-hellip\"> [\u2026]<\/span><\/p>\n","protected":false},"featured_media":0,"template":"","meta":{"_monsterinsights_skip_tracking":false,"_monsterinsights_sitenote_active":false,"_monsterinsights_sitenote_note":"","_monsterinsights_sitenote_category":0},"product_brand":[],"product_cat":[12274,12518],"product_tag":[],"class_list":{"0":"post-773569","1":"product","2":"type-product","3":"status-publish","5":"product_cat-cocuk-ve-genclik-kitaplari","6":"product_cat-okul-oncesi-kitaplar","7":"pa_cilt-ciltsiz","8":"pa_tur-kitap","9":"pa_yayinevi-yapi-kredi-yayinlari","10":"pa_yazar-feridun-oral","12":"first","13":"instock","14":"sale","15":"shipping-taxable","16":"purchasable","17":"product-type-simple"},"_links":{"self":[{"href":"https:\/\/roveyayinevi.com.tr\/index.php\/wp-json\/wp\/v2\/product\/773569","targetHints":{"allow":["GET"]}}],"collection":[{"href":"https:\/\/roveyayinevi.com.tr\/index.php\/wp-json\/wp\/v2\/product"}],"about":[{"href":"https:\/\/roveyayinevi.com.tr\/index.php\/wp-json\/wp\/v2\/types\/product"}],"wp:attachment":[{"href":"https:\/\/roveyayinevi.com.tr\/index.php\/wp-json\/wp\/v2\/media?parent=773569"}],"wp:term":[{"taxonomy":"product_brand","embeddable":true,"href":"https:\/\/roveyayinevi.com.tr\/index.php\/wp-json\/wp\/v2\/product_brand?post=773569"},{"taxonomy":"product_cat","embeddable":true,"href":"https:\/\/roveyayinevi.com.tr\/index.php\/wp-json\/wp\/v2\/product_cat?post=773569"},{"taxonomy":"product_tag","embeddable":true,"href":"https:\/\/roveyayinevi.com.tr\/index.php\/wp-json\/wp\/v2\/product_tag?post=773569"}],"curies":[{"name":"wp","href":"https:\/\/api.w.org\/{rel}","templated":true}]}}