{"id":773566,"date":"2025-08-28T16:20:46","date_gmt":"2025-08-28T13:20:46","guid":{"rendered":"https:\/\/roveyayinevi.com.tr\/index.php\/urun\/mesrutiyet-doneminde-turk-tiyatrosu-1908-1923\/"},"modified":"2026-04-15T03:39:50","modified_gmt":"2026-04-15T00:39:50","slug":"mesrutiyet-doneminde-turk-tiyatrosu-1908-1923","status":"publish","type":"product","link":"https:\/\/roveyayinevi.com.tr\/index.php\/urun\/mesrutiyet-doneminde-turk-tiyatrosu-1908-1923\/","title":{"rendered":"Me\u015frutiyet D\u00f6neminde T\u00fcrk Tiyatrosu  (1908-1923)"},"content":{"rendered":"<p>Metin And Me\u015frutiyet D\u00f6neminde T\u00fcrk Tiyatrosu (1908-1923) kitab\u0131nda II. Me\u015frutiyet\u2019in ilan\u0131ndan Cumhuriyet\u2019in ilan\u0131na kadarki on be\u015f y\u0131lda T\u00fcrk tiyatrosunun geli\u015fim s\u00fcrecine odaklan\u0131yor. Bu d\u00f6nemin siyasal hukuk ve toplum d\u00fczeninin tiyatroya etkilerini ara\u015ft\u0131ran doktora \u00e7al\u0131\u015fmas\u0131yla uzmanl\u0131\u011f\u0131n\u0131 g\u00f6steren yazar, belgeler, oyun metinleri, ele\u015ftiri yaz\u0131lar\u0131 gibi kaynaklar \u00fczerinden d\u00f6nemin tiyatro anlay\u0131\u015f\u0131na \u0131\u015f\u0131k tutuyor.   1971 y\u0131l\u0131ndan bu yana kaynak eser niteli\u011fini koruyan kitapta Me\u015frutiyet d\u00f6nemi tiyatrosu seyirci, oyuncu, topluluklar, mek\u00e2n ve y\u00f6netim bak\u0131m\u0131ndan inceleniyor; tiyatro yazarlar\u0131, tiyatroyu etkileyen unsurlar, t\u00fcrler ve teknikler anlat\u0131l\u0131yor; dramatik edebiyat hakk\u0131nda bilgi verildikten sonra bu d\u00f6nemde yaz\u0131lm\u0131\u015f ve oynanm\u0131\u015f oyunlar ele al\u0131n\u0131yor. \u00d6te yandan, tiyatronun \u00fcstlendi\u011fi ideolojik, k\u00fclt\u00fcrel ve e\u011fitsel i\u015flevlerin alt\u0131 \u00e7izilirken tiyatro ele\u015ftirisinin geli\u015fimi, kad\u0131n yazarlar\u0131n ve oyuncular\u0131n varl\u0131\u011f\u0131, tiyatro seyircisini bilin\u00e7lendirme \u00e7al\u0131\u015fmalar\u0131 gibi \u00e7e\u015fitli geli\u015fmelere de yer veriliyor.   Yak\u0131ndan bak\u0131ld\u0131\u011f\u0131nda, bu yeni siyasi ve hukuki d\u00fczenin olu\u015fumunda tiyatro ile toplumun kayna\u015fmas\u0131n\u0131n \u00f6nemi ortaya \u00e7\u0131k\u0131yor. Me\u015frutiyet\u2019le gelen \u00f6zg\u00fcrl\u00fck co\u015fkusunun halk-ayd\u0131n ayr\u0131m\u0131 g\u00f6zetilmeksizin toplumun t\u00fcm kesimlerinde tiyatro \u00fczerinden payla\u015f\u0131ld\u0131\u011f\u0131 g\u00f6r\u00fcl\u00fcyor. Metin And tiyatronun ayn\u0131 zamanda demokratik geli\u015fmelerin g\u00f6stergesi oldu\u011funu bu de\u011ferli \u00e7al\u0131\u015fmas\u0131yla kan\u0131tl\u0131yor.   Me\u015frutiyet d\u00f6nemi ba\u015fka alanlarda oldu\u011fu gibi tiyatroda da bilin\u00e7li Bat\u0131l\u0131la\u015fman\u0131n ba\u015flang\u0131c\u0131 olan Tanzimat d\u00f6nemi ile yerle\u015fip k\u00f6kle\u015fti\u011fi Cumhuriyet d\u00f6nemi aras\u0131nda bir k\u00f6pr\u00fc olmu\u015ftur. Bir\u00e7ok siyasal, hukuk\u00ee, toplumsal dertler bu ge\u00e7ici d\u00f6nemde su y\u00fcz\u00fcne \u00e7\u0131km\u0131\u015f, bunlara \u00e7\u00f6z\u00fcm aray\u0131p bulmak \u00e7abas\u0131 da gene bu d\u00f6nemde ba\u015flam\u0131\u015ft\u0131r. <\/p>\n","protected":false},"excerpt":{"rendered":"<p>Metin And Me\u015frutiyet D\u00f6neminde T\u00fcrk Tiyatrosu (1908-1923) kitab\u0131nda II. Me\u015frutiyet\u2019in ilan\u0131ndan Cumhuriyet\u2019in ilan\u0131na kadarki on be\u015f y\u0131lda T\u00fcrk tiyatrosunun geli\u015fim s\u00fcrecine odaklan\u0131yor. Bu d\u00f6nemin siyasal hukuk<span class=\"excerpt-hellip\"> [\u2026]<\/span><\/p>\n","protected":false},"featured_media":0,"template":"","meta":{"_monsterinsights_skip_tracking":false,"_monsterinsights_sitenote_active":false,"_monsterinsights_sitenote_note":"","_monsterinsights_sitenote_category":0},"product_brand":[],"product_cat":[12409,12408],"product_tag":[],"class_list":{"0":"post-773566","1":"product","2":"type-product","3":"status-publish","5":"product_cat-fotograf-sinema-tiyatro","6":"product_cat-sanat","7":"pa_cilt-ciltsiz","8":"pa_tur-kitap","9":"pa_yayinevi-yapi-kredi-yayinlari-sanat","10":"pa_yazar-metin-and","12":"first","13":"instock","14":"sale","15":"shipping-taxable","16":"purchasable","17":"product-type-simple"},"_links":{"self":[{"href":"https:\/\/roveyayinevi.com.tr\/index.php\/wp-json\/wp\/v2\/product\/773566","targetHints":{"allow":["GET"]}}],"collection":[{"href":"https:\/\/roveyayinevi.com.tr\/index.php\/wp-json\/wp\/v2\/product"}],"about":[{"href":"https:\/\/roveyayinevi.com.tr\/index.php\/wp-json\/wp\/v2\/types\/product"}],"wp:attachment":[{"href":"https:\/\/roveyayinevi.com.tr\/index.php\/wp-json\/wp\/v2\/media?parent=773566"}],"wp:term":[{"taxonomy":"product_brand","embeddable":true,"href":"https:\/\/roveyayinevi.com.tr\/index.php\/wp-json\/wp\/v2\/product_brand?post=773566"},{"taxonomy":"product_cat","embeddable":true,"href":"https:\/\/roveyayinevi.com.tr\/index.php\/wp-json\/wp\/v2\/product_cat?post=773566"},{"taxonomy":"product_tag","embeddable":true,"href":"https:\/\/roveyayinevi.com.tr\/index.php\/wp-json\/wp\/v2\/product_tag?post=773566"}],"curies":[{"name":"wp","href":"https:\/\/api.w.org\/{rel}","templated":true}]}}