{"id":773506,"date":"2025-08-28T16:18:44","date_gmt":"2025-08-28T13:18:44","guid":{"rendered":"https:\/\/roveyayinevi.com.tr\/index.php\/urun\/dostum-korkuluk\/"},"modified":"2026-04-15T03:39:48","modified_gmt":"2026-04-15T00:39:48","slug":"dostum-korkuluk","status":"publish","type":"product","link":"https:\/\/roveyayinevi.com.tr\/index.php\/urun\/dostum-korkuluk\/","title":{"rendered":"Dostum Korkuluk"},"content":{"rendered":"<p>Bah\u00e7ede, uzun boylu ve g\u00fcler y\u00fczl\u00fc bir korkuluk dururdu. K\u00fc\u00e7\u00fck bir k\u0131z, her g\u00fcn en sevdi\u011fi kitaplar\u0131 al\u0131p bah\u00e7eye gelir, korkulu\u011fa cesaret ve umut dolu hik\u00e2yeler okurdu. Her hik\u00e2yenin sonunda, korkuluk kendini biraz daha uzun, biraz daha cesur hissederdi. Y\u0131llar y\u0131llar boyu k\u0131z hep geldi, hep okudu. Ta ki\u2026    \u00d6d\u00fcll\u00fc yazar Michelle Houts\u2019un dokunakl\u0131 anlat\u0131m\u0131 ve  Pura Belpr\u00e9 Onur \u00d6d\u00fcll\u00fc Sara Palacios\u2019un g\u00f6z al\u0131c\u0131 resimleriyle,  s\u00fcsl\u00fc bu kitap dostlu\u011fun kal\u0131c\u0131 g\u00fcc\u00fcn\u00fc ve hik\u00e2yelerin bizi nas\u0131l birbirimize ba\u011flad\u0131\u011f\u0131n\u0131 anlatan yumu\u015fak, duygusal bir \u00f6zet sunuyor.<\/p>\n","protected":false},"excerpt":{"rendered":"<p>Bah\u00e7ede, uzun boylu ve g\u00fcler y\u00fczl\u00fc bir korkuluk dururdu. K\u00fc\u00e7\u00fck bir k\u0131z, her g\u00fcn en sevdi\u011fi kitaplar\u0131 al\u0131p bah\u00e7eye gelir, korkulu\u011fa cesaret ve umut dolu hik\u00e2yeler<span class=\"excerpt-hellip\"> [\u2026]<\/span><\/p>\n","protected":false},"featured_media":0,"template":"","meta":{"_monsterinsights_skip_tracking":false,"_monsterinsights_sitenote_active":false,"_monsterinsights_sitenote_note":"","_monsterinsights_sitenote_category":0},"product_brand":[],"product_cat":[12274,12284],"product_tag":[],"class_list":{"0":"post-773506","1":"product","2":"type-product","3":"status-publish","5":"product_cat-cocuk-ve-genclik-kitaplari","6":"product_cat-hikayeler","7":"pa_cilt-ciltsiz","8":"pa_tur-kitap","9":"pa_yayinevi-buyulu-fener-yayinlari","10":"pa_yazar-michelle-houts","12":"first","13":"instock","14":"sale","15":"shipping-taxable","16":"purchasable","17":"product-type-simple"},"_links":{"self":[{"href":"https:\/\/roveyayinevi.com.tr\/index.php\/wp-json\/wp\/v2\/product\/773506","targetHints":{"allow":["GET"]}}],"collection":[{"href":"https:\/\/roveyayinevi.com.tr\/index.php\/wp-json\/wp\/v2\/product"}],"about":[{"href":"https:\/\/roveyayinevi.com.tr\/index.php\/wp-json\/wp\/v2\/types\/product"}],"wp:attachment":[{"href":"https:\/\/roveyayinevi.com.tr\/index.php\/wp-json\/wp\/v2\/media?parent=773506"}],"wp:term":[{"taxonomy":"product_brand","embeddable":true,"href":"https:\/\/roveyayinevi.com.tr\/index.php\/wp-json\/wp\/v2\/product_brand?post=773506"},{"taxonomy":"product_cat","embeddable":true,"href":"https:\/\/roveyayinevi.com.tr\/index.php\/wp-json\/wp\/v2\/product_cat?post=773506"},{"taxonomy":"product_tag","embeddable":true,"href":"https:\/\/roveyayinevi.com.tr\/index.php\/wp-json\/wp\/v2\/product_tag?post=773506"}],"curies":[{"name":"wp","href":"https:\/\/api.w.org\/{rel}","templated":true}]}}