{"id":773501,"date":"2025-08-28T16:18:35","date_gmt":"2025-08-28T13:18:35","guid":{"rendered":"https:\/\/roveyayinevi.com.tr\/index.php\/urun\/teoriden-uygulamaya-doga-ve-macera-egitimi\/"},"modified":"2026-04-15T03:39:48","modified_gmt":"2026-04-15T00:39:48","slug":"teoriden-uygulamaya-doga-ve-macera-egitimi","status":"publish","type":"product","link":"https:\/\/roveyayinevi.com.tr\/index.php\/urun\/teoriden-uygulamaya-doga-ve-macera-egitimi\/","title":{"rendered":"Teoriden Uygulamaya Do\u011fa ve Macera E\u011fitimi"},"content":{"rendered":"<p>B\u00f6l\u00fcm 1: Temel Kavramlar   B\u00f6l\u00fcm 2: Do\u011fa ve Macera E\u011fitimleri   B\u00f6l\u00fcm 3: Do\u011fa ve Macera E\u011fitiminin Kazan\u0131mlar\u0131 ve Yans\u0131malar\u0131   B\u00f6l\u00fcm 4: Do\u011fa ve Macera E\u011fitiminde Kat\u0131l\u0131mc\u0131 Nitelikleri ve Yeterlikler   B\u00f6l\u00fcm 5: A\u00e7\u0131k Alan Rekreasyonu   B\u00f6l\u00fcm 6: Do\u011fa ve Macera E\u011fitiminde Liderlik   B\u00f6l\u00fcm 7: A\u00e7\u0131k Alan Etkinlikleri ve Etkinlik Y\u00f6ntemi   B\u00f6l\u00fcm 8: Do\u011fa ve Macera Sporlar\u0131nda \u0130klim De\u011fi\u015fikli\u011finin Etkileri   B\u00f6l\u00fcm 9: Engelli Bireylerde A\u00e7\u0131k Alan ve Macera E\u011fitimi   B\u00f6l\u00fcm 10: A\u00e7\u0131k Alan (Do\u011fa) Etkinlikleri Kapsam\u0131nda Sa\u011fl\u0131k ve Esneklik (Wellness) <\/p>\n","protected":false},"excerpt":{"rendered":"<p>B\u00f6l\u00fcm 1: Temel Kavramlar B\u00f6l\u00fcm 2: Do\u011fa ve Macera E\u011fitimleri B\u00f6l\u00fcm 3: Do\u011fa ve Macera E\u011fitiminin Kazan\u0131mlar\u0131 ve Yans\u0131malar\u0131 B\u00f6l\u00fcm 4: Do\u011fa ve Macera E\u011fitiminde Kat\u0131l\u0131mc\u0131<span class=\"excerpt-hellip\"> [\u2026]<\/span><\/p>\n","protected":false},"featured_media":0,"template":"","meta":{"_monsterinsights_skip_tracking":false,"_monsterinsights_sitenote_active":false,"_monsterinsights_sitenote_note":"","_monsterinsights_sitenote_category":0},"product_brand":[],"product_cat":[13772,12364],"product_tag":[],"class_list":{"0":"post-773501","1":"product","2":"type-product","3":"status-publish","5":"product_cat-basvuru-kitaplari","6":"product_cat-genel-konular","7":"pa_cilt-ciltsiz","8":"pa_tur-kitap","9":"pa_yayinevi-gazi-kitabevi","10":"pa_yazar-kolektif","12":"first","13":"instock","14":"sale","15":"shipping-taxable","16":"purchasable","17":"product-type-simple"},"_links":{"self":[{"href":"https:\/\/roveyayinevi.com.tr\/index.php\/wp-json\/wp\/v2\/product\/773501","targetHints":{"allow":["GET"]}}],"collection":[{"href":"https:\/\/roveyayinevi.com.tr\/index.php\/wp-json\/wp\/v2\/product"}],"about":[{"href":"https:\/\/roveyayinevi.com.tr\/index.php\/wp-json\/wp\/v2\/types\/product"}],"wp:attachment":[{"href":"https:\/\/roveyayinevi.com.tr\/index.php\/wp-json\/wp\/v2\/media?parent=773501"}],"wp:term":[{"taxonomy":"product_brand","embeddable":true,"href":"https:\/\/roveyayinevi.com.tr\/index.php\/wp-json\/wp\/v2\/product_brand?post=773501"},{"taxonomy":"product_cat","embeddable":true,"href":"https:\/\/roveyayinevi.com.tr\/index.php\/wp-json\/wp\/v2\/product_cat?post=773501"},{"taxonomy":"product_tag","embeddable":true,"href":"https:\/\/roveyayinevi.com.tr\/index.php\/wp-json\/wp\/v2\/product_tag?post=773501"}],"curies":[{"name":"wp","href":"https:\/\/api.w.org\/{rel}","templated":true}]}}