{"id":773488,"date":"2025-08-28T16:18:11","date_gmt":"2025-08-28T13:18:11","guid":{"rendered":"https:\/\/roveyayinevi.com.tr\/index.php\/urun\/kucuk-anilar-ciltli\/"},"modified":"2026-04-15T03:39:48","modified_gmt":"2026-04-15T00:39:48","slug":"kucuk-anilar-ciltli","status":"publish","type":"product","link":"https:\/\/roveyayinevi.com.tr\/index.php\/urun\/kucuk-anilar-ciltli\/","title":{"rendered":"K\u00fc\u00e7\u00fck An\u0131lar (Ciltli)"},"content":{"rendered":"<p>Evinin kap\u0131s\u0131nda oturuyordun sen, anneanne, y\u0131ld\u0131zl\u0131, u\u00e7suz bucaks\u0131z geceye a\u00e7\u0131lan kap\u0131s\u0131nda evinin, hakk\u0131nda hi\u00e7bir \u015fey bilmedi\u011fin ve asla yolculuk yapamayaca\u011f\u0131n g\u00f6ky\u00fcz\u00fcn\u00fcn alt\u0131nda, b\u00fcy\u00fcl\u00fc tarlalar\u0131n ve a\u011fa\u00e7lar\u0131n sessizli\u011fi i\u00e7inde, sonra doksan ya\u015f\u0131n\u0131n vakar\u0131yla ve hi\u00e7bir zaman kaybetmedi\u011fin bir gen\u00e7lik ate\u015fiyle dedin ki: \u201cD\u00fcnya \u00f6yle g\u00fczel, \u00f6lece\u011fime \u00f6yle yan\u0131yorum ki.\u201d Aynen b\u00f6yle dedin. Ben oradayd\u0131m. Jos\u00e9 Saramago, \u201ck\u00fc\u00e7\u00fckl\u00fc\u011f\u00fcmdeki k\u00fc\u00e7\u00fck an\u0131lar\u201d dedi\u011fi t\u00fcrl\u00fc an\u0131 par\u00e7ac\u0131klar\u0131n\u0131 birbiri ard\u0131na s\u0131ral\u0131yor. Bir amac\u0131 da var \u00fcstelik: akl\u0131n i\u00e7indeki canavarlar\u0131 ve yine onun yaratt\u0131\u011f\u0131 y\u00fccelikleri ortaya \u00e7\u0131karmak. <\/p>\n","protected":false},"excerpt":{"rendered":"<p>Evinin kap\u0131s\u0131nda oturuyordun sen, anneanne, y\u0131ld\u0131zl\u0131, u\u00e7suz bucaks\u0131z geceye a\u00e7\u0131lan kap\u0131s\u0131nda evinin, hakk\u0131nda hi\u00e7bir \u015fey bilmedi\u011fin ve asla yolculuk yapamayaca\u011f\u0131n g\u00f6ky\u00fcz\u00fcn\u00fcn alt\u0131nda, b\u00fcy\u00fcl\u00fc tarlalar\u0131n ve a\u011fa\u00e7lar\u0131n<span class=\"excerpt-hellip\"> [\u2026]<\/span><\/p>\n","protected":false},"featured_media":0,"template":"","meta":{"_monsterinsights_skip_tracking":false,"_monsterinsights_sitenote_active":false,"_monsterinsights_sitenote_note":"","_monsterinsights_sitenote_category":0},"product_brand":[],"product_cat":[12291,12711],"product_tag":[],"class_list":{"0":"post-773488","1":"product","2":"type-product","3":"status-publish","5":"product_cat-edebiyat","6":"product_cat-roman-oyku","7":"pa_cilt-ciltli","8":"pa_tur-kitap","9":"pa_yayinevi-kirmizi-kedi-yayinevi","10":"pa_yazar-jose-saramago","12":"first","13":"instock","14":"sale","15":"shipping-taxable","16":"purchasable","17":"product-type-simple"},"_links":{"self":[{"href":"https:\/\/roveyayinevi.com.tr\/index.php\/wp-json\/wp\/v2\/product\/773488","targetHints":{"allow":["GET"]}}],"collection":[{"href":"https:\/\/roveyayinevi.com.tr\/index.php\/wp-json\/wp\/v2\/product"}],"about":[{"href":"https:\/\/roveyayinevi.com.tr\/index.php\/wp-json\/wp\/v2\/types\/product"}],"wp:attachment":[{"href":"https:\/\/roveyayinevi.com.tr\/index.php\/wp-json\/wp\/v2\/media?parent=773488"}],"wp:term":[{"taxonomy":"product_brand","embeddable":true,"href":"https:\/\/roveyayinevi.com.tr\/index.php\/wp-json\/wp\/v2\/product_brand?post=773488"},{"taxonomy":"product_cat","embeddable":true,"href":"https:\/\/roveyayinevi.com.tr\/index.php\/wp-json\/wp\/v2\/product_cat?post=773488"},{"taxonomy":"product_tag","embeddable":true,"href":"https:\/\/roveyayinevi.com.tr\/index.php\/wp-json\/wp\/v2\/product_tag?post=773488"}],"curies":[{"name":"wp","href":"https:\/\/api.w.org\/{rel}","templated":true}]}}