{"id":773482,"date":"2025-08-28T16:17:58","date_gmt":"2025-08-28T13:17:58","guid":{"rendered":"https:\/\/roveyayinevi.com.tr\/index.php\/urun\/kurtar-beni\/"},"modified":"2026-04-15T03:39:47","modified_gmt":"2026-04-15T00:39:47","slug":"kurtar-beni","status":"publish","type":"product","link":"https:\/\/roveyayinevi.com.tr\/index.php\/urun\/kurtar-beni\/","title":{"rendered":"Kurtar Beni"},"content":{"rendered":"<p>ULUSLARARASI \u00c7OKSATAN MAXTON HALL SER\u0130S\u0130N\u0130N \u0130LK K\u0130TABI, AYNI ZAMANDA AMAZON PRIME D\u0130Z\u0130S\u0130 OLARAK EKRANLARDA OLAN KURTAR BEN\u0130 HAYRANLARIYLA BULU\u015eUYOR!     FARKLI D\u00dcNYALARDAN GELSELER DE B\u0130RB\u0130RLER\u0130 \u0130\u00c7\u0130N YARATILMI\u015eLAR.     Ruby Bell\u2019in hayat\u0131nda paraya, ihti\u015fama, l\u00fckse ya da g\u00fcce yer yok. \u0130ngiltere\u2019nin en prestijli ve en pahal\u0131 \u00f6zel okullar\u0131ndan biri olan Maxton Hall\u2019a burslu kabul edildi\u011finde, tek hedefi g\u00f6r\u00fcnmez olup \u00e7ok \u00e7al\u0131\u015fmak ve Oxford \u00dcniversitesi\u2019ne girmektir. Partilerden ve sosyallikten uzak durmaya kararl\u0131d\u0131r; \u00f6zellikle de zengin, kibirli ve fazlas\u0131yla yak\u0131\u015f\u0131kl\u0131 James Beaufort\u2019tan.   Ancak Ruby\u2019nin tesad\u00fcfen \u00f6\u011frendi\u011fi bir s\u0131r her \u015feyi de\u011fi\u015ftirir ve kendini bir anda James\u2019in radar\u0131nda bulur. \u00dcstelik okulun y\u0131ll\u0131k galas\u0131n\u0131 birlikte organize etmek zorunda kal\u0131nca ikili hi\u00e7 beklemedikleri kadar yak\u0131nla\u015f\u0131r. Zamanla aralar\u0131ndaki \u00e7ekim, t\u00fcm farkl\u0131l\u0131klar\u0131n \u00f6n\u00fcne ge\u00e7er.   Ruby kalbini kapt\u0131rmamak i\u00e7in direndik\u00e7e duygular\u0131 daha da derinle\u015fir. James ise hayat\u0131n\u0131n en zor karar\u0131n\u0131 vermek zorundad\u0131r. Ailesinin beklentilerini kar\u015f\u0131lamay\u0131 m\u0131 se\u00e7ecek, yoksa ger\u00e7ek hislerinin pe\u015finden mi gidecek? <\/p>\n","protected":false},"excerpt":{"rendered":"<p>ULUSLARARASI \u00c7OKSATAN MAXTON HALL SER\u0130S\u0130N\u0130N \u0130LK K\u0130TABI, AYNI ZAMANDA AMAZON PRIME D\u0130Z\u0130S\u0130 OLARAK EKRANLARDA OLAN KURTAR BEN\u0130 HAYRANLARIYLA BULU\u015eUYOR! FARKLI D\u00dcNYALARDAN GELSELER DE B\u0130RB\u0130RLER\u0130 \u0130\u00c7\u0130N YARATILMI\u015eLAR.<span class=\"excerpt-hellip\"> [\u2026]<\/span><\/p>\n","protected":false},"featured_media":0,"template":"","meta":{"_monsterinsights_skip_tracking":false,"_monsterinsights_sitenote_active":false,"_monsterinsights_sitenote_note":"","_monsterinsights_sitenote_category":0},"product_brand":[],"product_cat":[12291,12711],"product_tag":[],"class_list":{"0":"post-773482","1":"product","2":"type-product","3":"status-publish","5":"product_cat-edebiyat","6":"product_cat-roman-oyku","7":"pa_cilt-ciltsiz","8":"pa_tur-kitap","9":"pa_yayinevi-epsilon-yayinlari","10":"pa_yazar-mona-kasten","12":"first","13":"instock","14":"sale","15":"shipping-taxable","16":"purchasable","17":"product-type-simple"},"_links":{"self":[{"href":"https:\/\/roveyayinevi.com.tr\/index.php\/wp-json\/wp\/v2\/product\/773482","targetHints":{"allow":["GET"]}}],"collection":[{"href":"https:\/\/roveyayinevi.com.tr\/index.php\/wp-json\/wp\/v2\/product"}],"about":[{"href":"https:\/\/roveyayinevi.com.tr\/index.php\/wp-json\/wp\/v2\/types\/product"}],"wp:attachment":[{"href":"https:\/\/roveyayinevi.com.tr\/index.php\/wp-json\/wp\/v2\/media?parent=773482"}],"wp:term":[{"taxonomy":"product_brand","embeddable":true,"href":"https:\/\/roveyayinevi.com.tr\/index.php\/wp-json\/wp\/v2\/product_brand?post=773482"},{"taxonomy":"product_cat","embeddable":true,"href":"https:\/\/roveyayinevi.com.tr\/index.php\/wp-json\/wp\/v2\/product_cat?post=773482"},{"taxonomy":"product_tag","embeddable":true,"href":"https:\/\/roveyayinevi.com.tr\/index.php\/wp-json\/wp\/v2\/product_tag?post=773482"}],"curies":[{"name":"wp","href":"https:\/\/api.w.org\/{rel}","templated":true}]}}