{"id":773474,"date":"2025-08-28T16:17:41","date_gmt":"2025-08-28T13:17:41","guid":{"rendered":"https:\/\/roveyayinevi.com.tr\/index.php\/urun\/islamcilik-akimi\/"},"modified":"2026-04-15T03:39:47","modified_gmt":"2026-04-15T00:39:47","slug":"islamcilik-akimi","status":"publish","type":"product","link":"https:\/\/roveyayinevi.com.tr\/index.php\/urun\/islamcilik-akimi\/","title":{"rendered":"\u0130slamc\u0131l\u0131k Ak\u0131m\u0131"},"content":{"rendered":"<p>\u0130sl\u00e2mc\u0131l\u0131k Ak\u0131m\u0131, Kanun-\u0131 Esas\u00ee&#8217;nin y\u00fcr\u00fcrl\u00fc\u011fe girmesinden itibaren \u015fekillenen \u0130slamc\u0131l\u0131k d\u00fc\u015f\u00fcncesini; Me\u015frutiyet d\u00f6nemi tart\u0131\u015fmalar\u0131, Cumhuriyet devrimleri ve laiklik m\u00fccadelesi ba\u011flam\u0131nda ele al\u0131rken, bu ideolojik y\u00f6nelimin ge\u00e7mi\u015ften bug\u00fcne ta\u015f\u0131d\u0131\u011f\u0131 meseleleri a\u00e7\u0131kl\u0131kla ortaya koyuyor. Tar\u0131k Zafer Tunaya, yaln\u0131zca \u0130sl\u00e2mc\u0131l\u0131\u011f\u0131n ana hatlar\u0131n\u0131 belirlemekle kalm\u0131yor; bu ak\u0131m\u0131n devlet teorisi, h\u00fck\u00fcmet bi\u00e7imleri i\u00e7indeki yeri, siyasal iktidarla olan ili\u015fkisi ve laiklik kar\u015f\u0131s\u0131ndaki konumunu da derinlemesine analiz ediyor. 31 Mart Vakas\u0131\u2019ndan \u015eeyh Said \u0130syan\u0131\u2019na, \u00e7ok partili rejime ge\u00e7i\u015ften 1961 Anayasas\u0131&#8217;na kadar uzanan geni\u015f bir tarihsel yelpazede \u0130sl\u00e2mc\u0131l\u0131\u011f\u0131n izini s\u00fcr\u00fcyor. Yaln\u0131zca bir siyasal hareket olarak de\u011fil, bir d\u00fc\u015f\u00fcnce, bir k\u00fclt\u00fcrel uyan\u0131\u015f ve bir kimlik aray\u0131\u015f\u0131 olarak \u0130sl\u00e2mc\u0131l\u0131\u011f\u0131 incelerken; hem d\u00f6nemin siyasal atmosferini hem de bu ak\u0131m\u0131n fikir \u00f6nderlerini titizlikle analiz ediyor. Nam\u0131k Kemal\u2019den Mehmet \u00c2kif Ersoy\u2019a, Said Halim Pa\u015fa\u2019dan Babanz\u00e2de Ahmed Naim\u2019e uzanan fikir zinciri; sadece \u0130sl\u00e2mc\u0131l\u0131\u011f\u0131n de\u011fil, ayn\u0131 zamanda T\u00fcrk modernle\u015fmesinin sanc\u0131l\u0131 evrelerinin de bir aynas\u0131 olarak okunuyor. Yay\u0131mland\u0131\u011f\u0131 ilk g\u00fcnden beri \u0130sl\u00e2mc\u0131l\u0131k Ak\u0131m\u0131, yaln\u0131zca ge\u00e7mi\u015fin bir ideolojisini de\u011fil, bug\u00fcn\u00fcn siyasal ve toplumsal meselelerini de anlamak isteyenler i\u00e7in temel bir kaynak olmaya devam ediyor. Modern T\u00fcrkiye&#8217;nin siyasal d\u00fc\u015f\u00fcnce hayat\u0131n\u0131 anlamak isteyen herkesin ba\u015fvuru kayna\u011f\u0131 olan Tar\u0131k Zafer Tunaya, bu klasikle\u015fmi\u015f \u00e7al\u0131\u015fmas\u0131nda \u0130sl\u00e2mc\u0131l\u0131\u011f\u0131, Osmanl\u0131\u2019dan Cumhuriyet\u2019e uzanan d\u00f6nemde hem siyasal hem fikri y\u00f6nleriyle inceliyor.<\/p>\n","protected":false},"excerpt":{"rendered":"<p>\u0130sl\u00e2mc\u0131l\u0131k Ak\u0131m\u0131, Kanun-\u0131 Esas\u00ee&#8217;nin y\u00fcr\u00fcrl\u00fc\u011fe girmesinden itibaren \u015fekillenen \u0130slamc\u0131l\u0131k d\u00fc\u015f\u00fcncesini; Me\u015frutiyet d\u00f6nemi tart\u0131\u015fmalar\u0131, Cumhuriyet devrimleri ve laiklik m\u00fccadelesi ba\u011flam\u0131nda ele al\u0131rken, bu ideolojik y\u00f6nelimin ge\u00e7mi\u015ften bug\u00fcne<span class=\"excerpt-hellip\"> [\u2026]<\/span><\/p>\n","protected":false},"featured_media":0,"template":"","meta":{"_monsterinsights_skip_tracking":false,"_monsterinsights_sitenote_active":false,"_monsterinsights_sitenote_note":"","_monsterinsights_sitenote_category":0},"product_brand":[],"product_cat":[12304,13650],"product_tag":[],"class_list":{"0":"post-773474","1":"product","2":"type-product","3":"status-publish","5":"product_cat-tarih","6":"product_cat-turk-tarihi-arastirmalari","7":"pa_cilt-ciltsiz","8":"pa_tur-kitap","9":"pa_yayinevi-kronik-kitap","10":"pa_yazar-tarik-zafer-tunaya","12":"first","13":"instock","14":"sale","15":"shipping-taxable","16":"purchasable","17":"product-type-simple"},"_links":{"self":[{"href":"https:\/\/roveyayinevi.com.tr\/index.php\/wp-json\/wp\/v2\/product\/773474","targetHints":{"allow":["GET"]}}],"collection":[{"href":"https:\/\/roveyayinevi.com.tr\/index.php\/wp-json\/wp\/v2\/product"}],"about":[{"href":"https:\/\/roveyayinevi.com.tr\/index.php\/wp-json\/wp\/v2\/types\/product"}],"wp:attachment":[{"href":"https:\/\/roveyayinevi.com.tr\/index.php\/wp-json\/wp\/v2\/media?parent=773474"}],"wp:term":[{"taxonomy":"product_brand","embeddable":true,"href":"https:\/\/roveyayinevi.com.tr\/index.php\/wp-json\/wp\/v2\/product_brand?post=773474"},{"taxonomy":"product_cat","embeddable":true,"href":"https:\/\/roveyayinevi.com.tr\/index.php\/wp-json\/wp\/v2\/product_cat?post=773474"},{"taxonomy":"product_tag","embeddable":true,"href":"https:\/\/roveyayinevi.com.tr\/index.php\/wp-json\/wp\/v2\/product_tag?post=773474"}],"curies":[{"name":"wp","href":"https:\/\/api.w.org\/{rel}","templated":true}]}}