{"id":773458,"date":"2025-08-28T16:17:09","date_gmt":"2025-08-28T13:17:09","guid":{"rendered":"https:\/\/roveyayinevi.com.tr\/index.php\/urun\/herkesi-memnun-etmeyi-birak\/"},"modified":"2026-04-08T03:36:36","modified_gmt":"2026-04-08T00:36:36","slug":"herkesi-memnun-etmeyi-birak","status":"publish","type":"product","link":"https:\/\/roveyayinevi.com.tr\/index.php\/urun\/herkesi-memnun-etmeyi-birak\/","title":{"rendered":"Herkesi Memnun Etmeyi B\u0131rak!"},"content":{"rendered":"<p>\u0130nsanlar\u0131 memnun etme, ge\u00e7mi\u015fte bizi fiziksel veya duygusal olarak g\u00fcvende tutan ancak g\u00fcn\u00fcm\u00fczde hayat\u0131m\u0131zda hasara neden olan bir ba\u015fa \u00e7\u0131kma mekanizmas\u0131d\u0131r. Neyse ki bu kal\u0131p k\u0131r\u0131labilir ve bu kitap size bunun yollar\u0131n\u0131 \u00f6\u011fretecek.   Herkesi Memnun Etmeyi B\u0131rak, arkada\u015flar\u0131n\u0131z, aileniz ve partnerinizle aran\u0131zda s\u0131n\u0131rlar belirleyerek, ba\u011f\u0131ml\u0131l\u0131k d\u00f6ng\u00fclerini sonland\u0131rarak, su\u00e7luluk duygusunun \u00fcstesinden gelerek ve kendi hislerinizi, ihtiya\u00e7lar\u0131n\u0131z\u0131, de\u011ferlerinizi, arzular\u0131n\u0131z\u0131 \u00f6\u011frenerek bu davran\u0131\u015f kal\u0131b\u0131n\u0131 nas\u0131l k\u0131raca\u011f\u0131n\u0131z\u0131 g\u00f6steriyor. Sosyal bilimler, psikoloji ve uygulamal\u0131 ko\u00e7luk egzersizlerini birle\u015ftiren bu pratik rehberde kendi sesinizi duyman\u0131z\u0131 ve onu ba\u015fkalar\u0131na kar\u015f\u0131 savunman\u0131z\u0131 sa\u011flayacak bir\u00e7ok ad\u0131m ve ilham verici hik\u00e2ye bulunuyor. Ger\u00e7ek nezaketimin insanlar\u0131 memnun etmeye d\u00f6n\u00fc\u015ft\u00fc\u011f\u00fcn\u00fc nas\u0131l anlar\u0131m? Empati ve c\u00f6mertli\u011fimi korurken s\u0131n\u0131rlar\u0131 nas\u0131l belirleyebilirim? \u0130htiya\u00e7lar\u0131mdan \u00f6d\u00fcn vermem ne zaman uygun olur, ne zaman uygun olmaz? T\u00fcm bu sorular\u0131n cevab\u0131n\u0131 verirken ili\u015fkilerinizde ba\u015fkalar\u0131n\u0131n de\u011fil kendi ger\u00e7ekli\u011finizin aynas\u0131na d\u00f6n\u00fc\u015fme yolculu\u011funa \u00e7\u0131kacaks\u0131n\u0131z. Herkesi memnun etme kal\u0131plar\u0131n\u0131 k\u0131r\u0131n ve kendinizi savunma sanat\u0131nda ustala\u015f\u0131n<\/p>\n","protected":false},"excerpt":{"rendered":"<p>\u0130nsanlar\u0131 memnun etme, ge\u00e7mi\u015fte bizi fiziksel veya duygusal olarak g\u00fcvende tutan ancak g\u00fcn\u00fcm\u00fczde hayat\u0131m\u0131zda hasara neden olan bir ba\u015fa \u00e7\u0131kma mekanizmas\u0131d\u0131r. Neyse ki bu kal\u0131p k\u0131r\u0131labilir<span class=\"excerpt-hellip\"> [\u2026]<\/span><\/p>\n","protected":false},"featured_media":0,"template":"","meta":{"_monsterinsights_skip_tracking":false,"_monsterinsights_sitenote_active":false,"_monsterinsights_sitenote_note":"","_monsterinsights_sitenote_category":0},"product_brand":[],"product_cat":[12364,12376],"product_tag":[],"class_list":{"0":"post-773458","1":"product","2":"type-product","3":"status-publish","5":"product_cat-genel-konular","6":"product_cat-kisisel-gelisim","7":"pa_cilt-ciltsiz","8":"pa_tur-kitap","9":"pa_yayinevi-mona-kitap","10":"pa_yazar-hailey-magee","12":"first","13":"instock","14":"sale","15":"shipping-taxable","16":"purchasable","17":"product-type-simple"},"_links":{"self":[{"href":"https:\/\/roveyayinevi.com.tr\/index.php\/wp-json\/wp\/v2\/product\/773458","targetHints":{"allow":["GET"]}}],"collection":[{"href":"https:\/\/roveyayinevi.com.tr\/index.php\/wp-json\/wp\/v2\/product"}],"about":[{"href":"https:\/\/roveyayinevi.com.tr\/index.php\/wp-json\/wp\/v2\/types\/product"}],"wp:attachment":[{"href":"https:\/\/roveyayinevi.com.tr\/index.php\/wp-json\/wp\/v2\/media?parent=773458"}],"wp:term":[{"taxonomy":"product_brand","embeddable":true,"href":"https:\/\/roveyayinevi.com.tr\/index.php\/wp-json\/wp\/v2\/product_brand?post=773458"},{"taxonomy":"product_cat","embeddable":true,"href":"https:\/\/roveyayinevi.com.tr\/index.php\/wp-json\/wp\/v2\/product_cat?post=773458"},{"taxonomy":"product_tag","embeddable":true,"href":"https:\/\/roveyayinevi.com.tr\/index.php\/wp-json\/wp\/v2\/product_tag?post=773458"}],"curies":[{"name":"wp","href":"https:\/\/api.w.org\/{rel}","templated":true}]}}