{"id":773446,"date":"2025-08-28T16:16:43","date_gmt":"2025-08-28T13:16:43","guid":{"rendered":"https:\/\/roveyayinevi.com.tr\/index.php\/urun\/dark-souls-kefaret-2\/"},"modified":"2026-04-15T03:39:46","modified_gmt":"2026-04-15T00:39:46","slug":"dark-souls-kefaret-2","status":"publish","type":"product","link":"https:\/\/roveyayinevi.com.tr\/index.php\/urun\/dark-souls-kefaret-2\/","title":{"rendered":"Dark Souls &#8211; Kefaret 2"},"content":{"rendered":"<p>B\u0130R O\u011eLUN LANET\u0130,   B\u0130R ANNEN\u0130N KADER\u0130.   Demirci\u2019nin, Obur Ar\u2019vrark\u2019\u0131n pen\u00e7eleri alt\u0131nda kendini feda etmesinin ard\u0131ndan y\u0131k\u0131ma u\u011frayan \u0130ra, lanetli gibi g\u00f6r\u00fcnen yaln\u0131z bir Avc\u0131\u2019dan yard\u0131m al\u0131r. Ancak ge\u00e7mi\u015fin hayaletleri, alevlerin \u0131\u015f\u0131\u011f\u0131nda yeniden canlanmaktad\u0131r. Terk edilmi\u015f bir ordu \u0130ra ile yan\u0131ndakilere sald\u0131r\u0131r ve onlar\u0131 bir zamanlar ge\u00e7ilmez olan Gri K\u00fcller\u2019in kalesinden ka\u00e7maya zorlar.   Bir ba\u015fka d\u00f6neme ait ta\u015flar\u0131n rehberlik etti\u011fi batakl\u0131klarda yol al\u0131rken unutulmu\u015f bir tap\u0131na\u011f\u0131n devasa kal\u0131nt\u0131lar\u0131n\u0131 ke\u015ffederler. Burada kefarete ula\u015fmak i\u00e7in son umutlar\u0131 olan en karanl\u0131k hat\u0131ralar, \u00e7\u0131\u011fl\u0131klarla birle\u015fir&#8230;   Art\u0131k alevler y\u00fckseliyor! Karanl\u0131k yay\u0131lmakta, insanl\u0131k ise son demlerinde. \u0130lk ayd\u0131nlanmalar\u0131 da i\u00e7eren bu hik\u00e2ye, Dark Souls evreninin ikinci cildinde k\u0131v\u0131lc\u0131m sa\u00e7\u0131yor! <\/p>\n","protected":false},"excerpt":{"rendered":"<p>B\u0130R O\u011eLUN LANET\u0130, B\u0130R ANNEN\u0130N KADER\u0130. Demirci\u2019nin, Obur Ar\u2019vrark\u2019\u0131n pen\u00e7eleri alt\u0131nda kendini feda etmesinin ard\u0131ndan y\u0131k\u0131ma u\u011frayan \u0130ra, lanetli gibi g\u00f6r\u00fcnen yaln\u0131z bir Avc\u0131\u2019dan yard\u0131m al\u0131r.<span class=\"excerpt-hellip\"> [\u2026]<\/span><\/p>\n","protected":false},"featured_media":0,"template":"","meta":{"_monsterinsights_skip_tracking":false,"_monsterinsights_sitenote_active":false,"_monsterinsights_sitenote_note":"","_monsterinsights_sitenote_category":0},"product_brand":[],"product_cat":[12416,12291],"product_tag":[],"class_list":{"0":"post-773446","1":"product","2":"type-product","3":"status-publish","5":"product_cat-cizgi-roman","6":"product_cat-edebiyat","7":"pa_cilt-ciltsiz","8":"pa_tur-kitap","9":"pa_yayinevi-athica-yayinlari","10":"pa_yazar-julien-blondel","12":"first","13":"instock","14":"sale","15":"shipping-taxable","16":"purchasable","17":"product-type-simple"},"_links":{"self":[{"href":"https:\/\/roveyayinevi.com.tr\/index.php\/wp-json\/wp\/v2\/product\/773446","targetHints":{"allow":["GET"]}}],"collection":[{"href":"https:\/\/roveyayinevi.com.tr\/index.php\/wp-json\/wp\/v2\/product"}],"about":[{"href":"https:\/\/roveyayinevi.com.tr\/index.php\/wp-json\/wp\/v2\/types\/product"}],"wp:attachment":[{"href":"https:\/\/roveyayinevi.com.tr\/index.php\/wp-json\/wp\/v2\/media?parent=773446"}],"wp:term":[{"taxonomy":"product_brand","embeddable":true,"href":"https:\/\/roveyayinevi.com.tr\/index.php\/wp-json\/wp\/v2\/product_brand?post=773446"},{"taxonomy":"product_cat","embeddable":true,"href":"https:\/\/roveyayinevi.com.tr\/index.php\/wp-json\/wp\/v2\/product_cat?post=773446"},{"taxonomy":"product_tag","embeddable":true,"href":"https:\/\/roveyayinevi.com.tr\/index.php\/wp-json\/wp\/v2\/product_tag?post=773446"}],"curies":[{"name":"wp","href":"https:\/\/api.w.org\/{rel}","templated":true}]}}