{"id":773419,"date":"2025-08-28T16:15:17","date_gmt":"2025-08-28T13:15:17","guid":{"rendered":"https:\/\/roveyayinevi.com.tr\/index.php\/urun\/icmimarligin-temelleri\/"},"modified":"2026-04-15T03:39:45","modified_gmt":"2026-04-15T00:39:45","slug":"icmimarligin-temelleri","status":"publish","type":"product","link":"https:\/\/roveyayinevi.com.tr\/index.php\/urun\/icmimarligin-temelleri\/","title":{"rendered":"\u0130\u00e7mimarl\u0131\u011f\u0131n Temelleri"},"content":{"rendered":"<p>\u0130\u00e7mimarl\u0131k, estetik duyarl\u0131l\u0131kla teknik bilginin harmanland\u0131\u011f\u0131, insan odakl\u0131 ve disiplinler aras\u0131 bir meslektir. Ancak, i\u00e7mimarl\u0131k mesle\u011fi \u00e7o\u011fu zaman dekorasyon ile kar\u0131\u015ft\u0131r\u0131lmakta, pop\u00fcler k\u00fclt\u00fcrde ger\u00e7e\u011fi yans\u0131tmayan bir \u015fekilde tan\u0131t\u0131lmaktad\u0131r. Oysa ki i\u00e7mimarl\u0131k, mek\u00e2n\u0131n i\u015flevselli\u011fini, ergonomisini, psikolojik etkilerini ve s\u00fcrd\u00fcr\u00fclebilirli\u011fini g\u00f6zeterek tasar\u0131m s\u00fcrecini y\u00f6neten kapsaml\u0131 bir aland\u0131r.   \u0130\u00e7mimarl\u0131\u011f\u0131n Temelleri, i\u00e7mimarl\u0131k mesle\u011fine ad\u0131m atan \u00f6\u011frenciler, bu alana ilgi duyan bireyler ve gen\u00e7 profesyoneller i\u00e7in yol g\u00f6sterici bir kaynak olarak haz\u0131rlanm\u0131\u015ft\u0131r. \u0130\u00e7mimarl\u0131\u011f\u0131n temel kavramlar\u0131n\u0131 ele alan kitap, mesle\u011fin tarih\u00e7esinden tasar\u0131m\u0131n ana ilkelerine, mek\u00e2n alg\u0131s\u0131ndan estetik anlay\u0131\u015fa, ergonomiden ekolojik ve s\u00fcrd\u00fcr\u00fclebilir \u00e7\u00f6z\u00fcmlere kadar geni\u015f bir perspektif sunmaktad\u0131r. Ayr\u0131ca, i\u00e7mimarl\u0131k e\u011fitimi s\u00fcrecinde \u00f6nemli bir yer tutan modelleme teknikleri, staj deneyimleri ve sosyal medyan\u0131n meslek \u00fczerindeki etkileri de detayl\u0131 bir \u015fekilde ele al\u0131nmaktad\u0131r.   Alan\u0131nda uzman akademisyenlerin katk\u0131lar\u0131yla haz\u0131rlanan bu kitap, teknik bilgiyi anla\u015f\u0131l\u0131r bir dille sunarak mesle\u011fin ger\u00e7eklerini ke\u015ffetmenize yard\u0131mc\u0131 olmay\u0131 hedefliyor. \u0130\u00e7mimarl\u0131\u011f\u0131n sadece estetik de\u011fil, ayn\u0131 zamanda bilimsel ve analitik bir disiplin oldu\u011funu g\u00f6zler \u00f6n\u00fcne seren \u0130\u00e7mimarl\u0131\u011f\u0131n Temelleri, mesle\u011fe bilin\u00e7li bir ba\u015flang\u0131\u00e7 yapmak isteyen herkes i\u00e7in yol g\u00f6sterici bir ba\u015fvuru kayna\u011f\u0131 olacak. <\/p>\n","protected":false},"excerpt":{"rendered":"<p>\u0130\u00e7mimarl\u0131k, estetik duyarl\u0131l\u0131kla teknik bilginin harmanland\u0131\u011f\u0131, insan odakl\u0131 ve disiplinler aras\u0131 bir meslektir. Ancak, i\u00e7mimarl\u0131k mesle\u011fi \u00e7o\u011fu zaman dekorasyon ile kar\u0131\u015ft\u0131r\u0131lmakta, pop\u00fcler k\u00fclt\u00fcrde ger\u00e7e\u011fi yans\u0131tmayan bir<span class=\"excerpt-hellip\"> [\u2026]<\/span><\/p>\n","protected":false},"featured_media":0,"template":"","meta":{"_monsterinsights_skip_tracking":false,"_monsterinsights_sitenote_active":false,"_monsterinsights_sitenote_note":"","_monsterinsights_sitenote_category":0},"product_brand":[],"product_cat":[13512,12408],"product_tag":[],"class_list":{"0":"post-773419","1":"product","2":"type-product","3":"status-publish","5":"product_cat-mimarlik","6":"product_cat-sanat","7":"pa_cilt-ciltsiz","8":"pa_tur-kitap","9":"pa_yayinevi-idealkent-yayincilik","10":"pa_yazar-kolektif","12":"first","13":"instock","14":"sale","15":"shipping-taxable","16":"purchasable","17":"product-type-simple"},"_links":{"self":[{"href":"https:\/\/roveyayinevi.com.tr\/index.php\/wp-json\/wp\/v2\/product\/773419","targetHints":{"allow":["GET"]}}],"collection":[{"href":"https:\/\/roveyayinevi.com.tr\/index.php\/wp-json\/wp\/v2\/product"}],"about":[{"href":"https:\/\/roveyayinevi.com.tr\/index.php\/wp-json\/wp\/v2\/types\/product"}],"wp:attachment":[{"href":"https:\/\/roveyayinevi.com.tr\/index.php\/wp-json\/wp\/v2\/media?parent=773419"}],"wp:term":[{"taxonomy":"product_brand","embeddable":true,"href":"https:\/\/roveyayinevi.com.tr\/index.php\/wp-json\/wp\/v2\/product_brand?post=773419"},{"taxonomy":"product_cat","embeddable":true,"href":"https:\/\/roveyayinevi.com.tr\/index.php\/wp-json\/wp\/v2\/product_cat?post=773419"},{"taxonomy":"product_tag","embeddable":true,"href":"https:\/\/roveyayinevi.com.tr\/index.php\/wp-json\/wp\/v2\/product_tag?post=773419"}],"curies":[{"name":"wp","href":"https:\/\/api.w.org\/{rel}","templated":true}]}}