{"id":773418,"date":"2025-08-28T16:15:16","date_gmt":"2025-08-28T13:15:16","guid":{"rendered":"https:\/\/roveyayinevi.com.tr\/index.php\/urun\/ankarada-mekan-kultur-ve-eglence\/"},"modified":"2026-04-15T03:39:45","modified_gmt":"2026-04-15T00:39:45","slug":"ankarada-mekan-kultur-ve-eglence","status":"publish","type":"product","link":"https:\/\/roveyayinevi.com.tr\/index.php\/urun\/ankarada-mekan-kultur-ve-eglence\/","title":{"rendered":"Ankara\u2019da Mekan, K\u00fclt\u00fcr ve E\u011flence"},"content":{"rendered":"<p>Ankara&#8217;da Mek\u00e2n, K\u00fclt\u00fcr ve E\u011flence, ba\u015fkentin kurulu\u015fundan g\u00fcn\u00fcm\u00fcze uzanan sosyo-mekansal d\u00f6n\u00fc\u015f\u00fcm\u00fcn\u00fc mercek alt\u0131na al\u0131yor. Tiyatrodan e\u011flence hayat\u0131na, stadyumlardan gecekondulara, kent planlar\u0131ndan g\u00fcndelik ya\u015fama dek uzanan geni\u015f bir yelpazede, Ankara&#8217;n\u0131n ge\u00e7irdi\u011fi ba\u015fkala\u015f\u0131m\u0131 inceliyor.   Bu kitap, k\u00fc\u00e7\u00fck bir Anadolu kasabas\u0131ndan modern bir ba\u015fkente evrilen Ankara&#8217;n\u0131n, T\u00fcrkiye&#8217;nin toplumsal de\u011fi\u015fimlerinin aynas\u0131 oldu\u011funu g\u00f6zler \u00f6n\u00fcne seriyor. Cumhuriyeti kuranlar\u0131n idealleriyle \u015fekillenen ilk d\u00f6nemlerden, farkl\u0131 siyasi iktidarlar\u0131n ve toplumsal hareketlerin izlerini ta\u015f\u0131yan g\u00fcn\u00fcm\u00fcze kadar, Ankara&#8217;n\u0131n mek\u00e2nsal dokusu ve kent k\u00fclt\u00fcr\u00fc s\u00fcrekli bir de\u011fi\u015fim i\u00e7inde olmu\u015ftur.   Ankara&#8217;da Mek\u00e2n, K\u00fclt\u00fcr ve E\u011flence, mahallelerin d\u00f6n\u00fc\u015f\u00fcm\u00fcn\u00fc, semtlerin kimliklerini, kentsel planlama projelerinin etkilerini ve g\u00fcndelik hayat\u0131n ritmini ele alarak, ba\u015fkentin \u00e7ok katmanl\u0131 tarihini ortaya koyuyor. Bu \u00e7al\u0131\u015fma, sadece Ankara&#8217;ya \u00f6zg\u00fc bir anlat\u0131 olman\u0131n \u00f6tesinde, Cumhuriyetin sosyo-mekansal etkilerinin farkl\u0131 kentlerdeki yans\u0131malar\u0131na dair de bir sorgulama niteli\u011fi ta\u015f\u0131yor. Ba\u015fkent romantizminin ve nostaljisinin \u00f6tesine ge\u00e7erek, Ankara&#8217;n\u0131n bug\u00fcn\u00fcne ve gelece\u011fine dair \u00e7o\u011fulcu bir bak\u0131\u015f a\u00e7\u0131s\u0131 sunuyor. Bu kitap, Ankara&#8217;y\u0131 anlamak ve T\u00fcrkiye&#8217;nin yak\u0131n tarihine farkl\u0131 bir perspektiften bakmak isteyen herkes i\u00e7in \u00f6nemli bir kaynak. <\/p>\n","protected":false},"excerpt":{"rendered":"<p>Ankara&#8217;da Mek\u00e2n, K\u00fclt\u00fcr ve E\u011flence, ba\u015fkentin kurulu\u015fundan g\u00fcn\u00fcm\u00fcze uzanan sosyo-mekansal d\u00f6n\u00fc\u015f\u00fcm\u00fcn\u00fc mercek alt\u0131na al\u0131yor. Tiyatrodan e\u011flence hayat\u0131na, stadyumlardan gecekondulara, kent planlar\u0131ndan g\u00fcndelik ya\u015fama dek uzanan geni\u015f<span class=\"excerpt-hellip\"> [\u2026]<\/span><\/p>\n","protected":false},"featured_media":0,"template":"","meta":{"_monsterinsights_skip_tracking":false,"_monsterinsights_sitenote_active":false,"_monsterinsights_sitenote_note":"","_monsterinsights_sitenote_category":0},"product_brand":[],"product_cat":[13772,12364],"product_tag":[],"class_list":{"0":"post-773418","1":"product","2":"type-product","3":"status-publish","5":"product_cat-basvuru-kitaplari","6":"product_cat-genel-konular","7":"pa_cilt-ciltsiz","8":"pa_tur-kitap","9":"pa_yayinevi-idealkent-yayincilik","10":"pa_yazar-kolektif","12":"first","13":"instock","14":"sale","15":"shipping-taxable","16":"purchasable","17":"product-type-simple"},"_links":{"self":[{"href":"https:\/\/roveyayinevi.com.tr\/index.php\/wp-json\/wp\/v2\/product\/773418","targetHints":{"allow":["GET"]}}],"collection":[{"href":"https:\/\/roveyayinevi.com.tr\/index.php\/wp-json\/wp\/v2\/product"}],"about":[{"href":"https:\/\/roveyayinevi.com.tr\/index.php\/wp-json\/wp\/v2\/types\/product"}],"wp:attachment":[{"href":"https:\/\/roveyayinevi.com.tr\/index.php\/wp-json\/wp\/v2\/media?parent=773418"}],"wp:term":[{"taxonomy":"product_brand","embeddable":true,"href":"https:\/\/roveyayinevi.com.tr\/index.php\/wp-json\/wp\/v2\/product_brand?post=773418"},{"taxonomy":"product_cat","embeddable":true,"href":"https:\/\/roveyayinevi.com.tr\/index.php\/wp-json\/wp\/v2\/product_cat?post=773418"},{"taxonomy":"product_tag","embeddable":true,"href":"https:\/\/roveyayinevi.com.tr\/index.php\/wp-json\/wp\/v2\/product_tag?post=773418"}],"curies":[{"name":"wp","href":"https:\/\/api.w.org\/{rel}","templated":true}]}}