{"id":773416,"date":"2025-08-28T16:15:12","date_gmt":"2025-08-28T13:15:12","guid":{"rendered":"https:\/\/roveyayinevi.com.tr\/index.php\/urun\/national-geographic-kids-garip-ama-gercek-6\/"},"modified":"2026-04-15T03:39:45","modified_gmt":"2026-04-15T00:39:45","slug":"national-geographic-kids-garip-ama-gercek-6","status":"publish","type":"product","link":"https:\/\/roveyayinevi.com.tr\/index.php\/urun\/national-geographic-kids-garip-ama-gercek-6\/","title":{"rendered":"National Geographic Kids &#8211; Garip Ama Ger\u00e7ek 6"},"content":{"rendered":"<p>D\u00fcnya olduk\u00e7a \u00e7\u0131lg\u0131n bir yer olabilir! \u00c7ocuklar, \u00e7ok sevilen, pop\u00fcler \u201cGarip ama Ger\u00e7ek\u201d serisinin 6. kitab\u0131nda bu \u00e7\u0131lg\u0131nl\u0131\u011f\u0131n ne kadar ileri gidebilece\u011fini ke\u015ffederken \u00e7ok e\u011flenecekler. Bu kitapta bilim, uzay, hava durumu, co\u011frafya, yiyecekler, pop k\u00fclt\u00fcr\u00fc ve g\u00fcne\u015fin alt\u0131ndaki hemen her konuda tam 350 \u015fa\u015f\u0131rt\u0131c\u0131 ve ilgin\u00e7 bilgi yer al\u0131yor. Etkileyici foto\u011fraflar ve \u00e7izimlerle sunulan bu s\u0131ra d\u0131\u015f\u0131 kaynak o kadar e\u011flenceli ki \u00e7ocuklar \u00f6\u011frendiklerinin fark\u0131na bile varm\u0131yor! <\/p>\n","protected":false},"excerpt":{"rendered":"<p>D\u00fcnya olduk\u00e7a \u00e7\u0131lg\u0131n bir yer olabilir! \u00c7ocuklar, \u00e7ok sevilen, pop\u00fcler \u201cGarip ama Ger\u00e7ek\u201d serisinin 6. kitab\u0131nda bu \u00e7\u0131lg\u0131nl\u0131\u011f\u0131n ne kadar ileri gidebilece\u011fini ke\u015ffederken \u00e7ok e\u011flenecekler. Bu<span class=\"excerpt-hellip\"> [\u2026]<\/span><\/p>\n","protected":false},"featured_media":0,"template":"","meta":{"_monsterinsights_skip_tracking":false,"_monsterinsights_sitenote_active":false,"_monsterinsights_sitenote_note":"","_monsterinsights_sitenote_category":0},"product_brand":[],"product_cat":[13829,12274],"product_tag":[],"class_list":{"0":"post-773416","1":"product","2":"type-product","3":"status-publish","5":"product_cat-bilimsel-kitaplar","6":"product_cat-cocuk-ve-genclik-kitaplari","7":"pa_cilt-ciltsiz","8":"pa_tur-kitap","9":"pa_yayinevi-beta-kids","10":"pa_yazar-michelle-harris","12":"first","13":"instock","14":"sale","15":"shipping-taxable","16":"purchasable","17":"product-type-simple"},"_links":{"self":[{"href":"https:\/\/roveyayinevi.com.tr\/index.php\/wp-json\/wp\/v2\/product\/773416","targetHints":{"allow":["GET"]}}],"collection":[{"href":"https:\/\/roveyayinevi.com.tr\/index.php\/wp-json\/wp\/v2\/product"}],"about":[{"href":"https:\/\/roveyayinevi.com.tr\/index.php\/wp-json\/wp\/v2\/types\/product"}],"wp:attachment":[{"href":"https:\/\/roveyayinevi.com.tr\/index.php\/wp-json\/wp\/v2\/media?parent=773416"}],"wp:term":[{"taxonomy":"product_brand","embeddable":true,"href":"https:\/\/roveyayinevi.com.tr\/index.php\/wp-json\/wp\/v2\/product_brand?post=773416"},{"taxonomy":"product_cat","embeddable":true,"href":"https:\/\/roveyayinevi.com.tr\/index.php\/wp-json\/wp\/v2\/product_cat?post=773416"},{"taxonomy":"product_tag","embeddable":true,"href":"https:\/\/roveyayinevi.com.tr\/index.php\/wp-json\/wp\/v2\/product_tag?post=773416"}],"curies":[{"name":"wp","href":"https:\/\/api.w.org\/{rel}","templated":true}]}}