{"id":773401,"date":"2025-08-28T16:14:41","date_gmt":"2025-08-28T13:14:41","guid":{"rendered":"https:\/\/roveyayinevi.com.tr\/index.php\/urun\/bir-nadir-kitapcinin-talihsiz-seruvenleri\/"},"modified":"2026-04-15T03:39:45","modified_gmt":"2026-04-15T00:39:45","slug":"bir-nadir-kitapcinin-talihsiz-seruvenleri","status":"publish","type":"product","link":"https:\/\/roveyayinevi.com.tr\/index.php\/urun\/bir-nadir-kitapcinin-talihsiz-seruvenleri\/","title":{"rendered":"Bir Nadir Kitap\u00e7\u0131n\u0131n Talihsiz Ser\u00fcvenleri"},"content":{"rendered":"<p>Tuhaf m\u0131 tuhaf m\u00fcdavimleri, \u015f\u00fcpheli dolaplar\u0131, hi\u00e7bir kilide uymayan anahtarlar\u0131, zehirli kitaplar\u0131, kitap bile olmayan birtak\u0131m nesneleri ve t\u00fcm bu ke\u015fmeke\u015fin ortas\u0131ndaki fazlas\u0131yla eksantrik \u00e7\u0131ra\u011f\u0131yla d\u00fcnyan\u0131n en eski kitabevlerinden birine, Sotheran\u2019s\u2019a ho\u015f geldiniz!   Oliver Darkshire, birka\u00e7 y\u0131l \u00f6nce Sotheran\u2019s\u2019\u0131n (kurulu\u015f: 1761, Londra) kap\u0131s\u0131ndan i\u00e7eri ad\u0131m\u0131n\u0131 att\u0131\u011f\u0131nda bunun sadece k\u0131sa bir i\u015f g\u00f6r\u00fc\u015fmesi olaca\u011f\u0131n\u0131 san\u0131yordu. Ne var ki eski kitap kokusunun ve y\u00f6neticilerce onayl\u0131 \u00f6\u011fle uykular\u0131n\u0131n cazibesine kap\u0131larak k\u0131sa s\u00fcrede kendini, birinci bask\u0131 y\u0131\u011f\u0131nlar\u0131n\u0131 devirmeden ta\u015f\u0131maya, doksanl\u0131k dul koleksiyonerlere yol g\u00f6stermeye ve d\u00fckk\u00e2n\u0131n hayaletini (tramvay kazas\u0131nda \u00f6len Bay Sotheran\u2019\u0131) k\u0131zd\u0131rmamaya \u00e7al\u0131\u015f\u0131rken buldu.   Oliver zamanla bu acayip evrene vuruldu. D\u00fckk\u00e2n yaln\u0131zca g\u00f6rkemli ge\u00e7mi\u015fiyle ya da \u015fimdiye dek bas\u0131lm\u0131\u015f en u\u011fursuz kitab\u0131 bar\u0131nd\u0131rmas\u0131yla de\u011fil, kendine \u00f6zg\u00fc kaotik d\u00fczeni ve \u201ctek bir bak\u0131\u015f\u0131yla bilgisayar\u0131 yakan\u201d antika \u00e7al\u0131\u015fanlar\u0131yla da benzersizdi.   Bir Nadir Kitap\u00e7\u0131n\u0131n Talihsiz Ser\u00fcvenleri, hem d\u00fcnyan\u0131n en eski kitap\u00e7\u0131lar\u0131ndan birinde ge\u00e7en tuhaf ve e\u011flenceli bir anlat\u0131 hem de nadir kitap\u00e7\u0131l\u0131\u011f\u0131n karma\u015f\u0131k ve tarifsiz g\u00fczelli\u011fine yaz\u0131lm\u0131\u015f i\u00e7ten bir a\u015fk mektubu.   \u201cBa\u015ftan sona b\u00fcy\u00fcl\u00fcyor.\u201d \u2013Tom Holland \u201cTuhaf derecede komik ve komik derecede tuhaf.\u201d \u2013William Gibson <\/p>\n","protected":false},"excerpt":{"rendered":"<p>Tuhaf m\u0131 tuhaf m\u00fcdavimleri, \u015f\u00fcpheli dolaplar\u0131, hi\u00e7bir kilide uymayan anahtarlar\u0131, zehirli kitaplar\u0131, kitap bile olmayan birtak\u0131m nesneleri ve t\u00fcm bu ke\u015fmeke\u015fin ortas\u0131ndaki fazlas\u0131yla eksantrik \u00e7\u0131ra\u011f\u0131yla d\u00fcnyan\u0131n<span class=\"excerpt-hellip\"> [\u2026]<\/span><\/p>\n","protected":false},"featured_media":0,"template":"","meta":{"_monsterinsights_skip_tracking":false,"_monsterinsights_sitenote_active":false,"_monsterinsights_sitenote_note":"","_monsterinsights_sitenote_category":0},"product_brand":[],"product_cat":[18545,12291],"product_tag":[],"class_list":{"0":"post-773401","1":"product","2":"type-product","3":"status-publish","5":"product_cat-anlati","6":"product_cat-edebiyat","7":"pa_cilt-ciltsiz","8":"pa_tur-kitap","9":"pa_yayinevi-domingo-yayinevi","10":"pa_yazar-oliver-darkshire","12":"first","13":"instock","14":"sale","15":"shipping-taxable","16":"purchasable","17":"product-type-simple"},"_links":{"self":[{"href":"https:\/\/roveyayinevi.com.tr\/index.php\/wp-json\/wp\/v2\/product\/773401","targetHints":{"allow":["GET"]}}],"collection":[{"href":"https:\/\/roveyayinevi.com.tr\/index.php\/wp-json\/wp\/v2\/product"}],"about":[{"href":"https:\/\/roveyayinevi.com.tr\/index.php\/wp-json\/wp\/v2\/types\/product"}],"wp:attachment":[{"href":"https:\/\/roveyayinevi.com.tr\/index.php\/wp-json\/wp\/v2\/media?parent=773401"}],"wp:term":[{"taxonomy":"product_brand","embeddable":true,"href":"https:\/\/roveyayinevi.com.tr\/index.php\/wp-json\/wp\/v2\/product_brand?post=773401"},{"taxonomy":"product_cat","embeddable":true,"href":"https:\/\/roveyayinevi.com.tr\/index.php\/wp-json\/wp\/v2\/product_cat?post=773401"},{"taxonomy":"product_tag","embeddable":true,"href":"https:\/\/roveyayinevi.com.tr\/index.php\/wp-json\/wp\/v2\/product_tag?post=773401"}],"curies":[{"name":"wp","href":"https:\/\/api.w.org\/{rel}","templated":true}]}}