{"id":773384,"date":"2025-08-28T16:14:10","date_gmt":"2025-08-28T13:14:10","guid":{"rendered":"https:\/\/roveyayinevi.com.tr\/index.php\/urun\/national-geographic-kids-sevimli-hayvanlar\/"},"modified":"2026-04-15T03:39:44","modified_gmt":"2026-04-15T00:39:44","slug":"national-geographic-kids-sevimli-hayvanlar","status":"publish","type":"product","link":"https:\/\/roveyayinevi.com.tr\/index.php\/urun\/national-geographic-kids-sevimli-hayvanlar\/","title":{"rendered":"National Geograph\u0131c Kids &#8211; Sevimli Hayvanlar"},"content":{"rendered":"<p>D\u00fcnyay\u0131 dola\u015farak yery\u00fcz\u00fcn\u00fcn en sevimli hayvanlar\u0131yla tan\u0131\u015f! National Geographic Kids\u2019in seviyelendirilmi\u015f okuma serisinin bu geni\u015f kapsaml\u0131 2. seviye kitab\u0131nda tilkiler, bayku\u015flar, vombatlar, maymunlar, kurba\u011falar, penguenler, yaban kedileri ve daha bir\u00e7ok canl\u0131 hakk\u0131nda her \u015feyi \u00f6\u011fren! \u00c7\u00f6lleri, \u00e7ay\u0131rlar\u0131, ya\u011fmur ormanlar\u0131n\u0131, okyanusu ve hatta kendi arka bah\u00e7eni ke\u015ffederek d\u00fcnyadaki en \u201caww\u201d dedirten canl\u0131lar\u0131 tan\u0131. Minik peri penguenleriyle dans et, kuyruksuz m\u00fcrekkep bal\u0131klar\u0131yla y\u00fcz, vombatlarla sallana sallana y\u00fcr\u00fc ve \u00e7ok daha fazlas\u0131n\u0131 ke\u015ffet. Ya\u015fad\u0131klar\u0131 yerleri, davran\u0131\u015flar\u0131n\u0131 ve bu hayvanlar\u0131 bu kadar tatl\u0131 yapan \u015feyleri \u00f6\u011fren. Bu y\u00fcksek ilgi g\u00f6ren, e\u011fitimsel olarak onaylanm\u0131\u015f okuma serisi, National Geographic\u2019in muhte\u015fem g\u00f6rselleriyle birlikte deneyimli ve yetenekli \u00e7ocuk kitab\u0131 yazarlar\u0131n\u0131n kaleme ald\u0131\u011f\u0131 metinleri sunar. Her kitap, bir s\u00f6zl\u00fck ve \u00e7ocuklar\u0131n kitapta \u00f6\u011frendiklerini kullanabilecekleri etkile\u015fimli etkinlikler i\u00e7erir. \u25cf       Seviye 1 kitaplar\u0131, i\u00e7eri\u011fi kinestetik \u00f6\u011frenme etkinlikleriyle peki\u015ftirir. \u25cf       Seviye 2 kitaplar\u0131, biraz daha geli\u015fmi\u015f metinler ve ek kelime da\u011farc\u0131\u011f\u0131 sunar. \u25cf       Seviye 3 kitaplar\u0131, daha geli\u015fmi\u015f okuyucular i\u00e7in daha katmanl\u0131 bilgiler i\u00e7erir. <\/p>\n","protected":false},"excerpt":{"rendered":"<p>D\u00fcnyay\u0131 dola\u015farak yery\u00fcz\u00fcn\u00fcn en sevimli hayvanlar\u0131yla tan\u0131\u015f! National Geographic Kids\u2019in seviyelendirilmi\u015f okuma serisinin bu geni\u015f kapsaml\u0131 2. seviye kitab\u0131nda tilkiler, bayku\u015flar, vombatlar, maymunlar, kurba\u011falar, penguenler, yaban<span class=\"excerpt-hellip\"> [\u2026]<\/span><\/p>\n","protected":false},"featured_media":0,"template":"","meta":{"_monsterinsights_skip_tracking":false,"_monsterinsights_sitenote_active":false,"_monsterinsights_sitenote_note":"","_monsterinsights_sitenote_category":0},"product_brand":[],"product_cat":[13829,12274],"product_tag":[],"class_list":{"0":"post-773384","1":"product","2":"type-product","3":"status-publish","5":"product_cat-bilimsel-kitaplar","6":"product_cat-cocuk-ve-genclik-kitaplari","7":"pa_cilt-ciltsiz","8":"pa_tur-kitap","9":"pa_yayinevi-beta-kids","10":"pa_yazar-mary-quattlebaum","12":"first","13":"instock","14":"sale","15":"shipping-taxable","16":"purchasable","17":"product-type-simple"},"_links":{"self":[{"href":"https:\/\/roveyayinevi.com.tr\/index.php\/wp-json\/wp\/v2\/product\/773384","targetHints":{"allow":["GET"]}}],"collection":[{"href":"https:\/\/roveyayinevi.com.tr\/index.php\/wp-json\/wp\/v2\/product"}],"about":[{"href":"https:\/\/roveyayinevi.com.tr\/index.php\/wp-json\/wp\/v2\/types\/product"}],"wp:attachment":[{"href":"https:\/\/roveyayinevi.com.tr\/index.php\/wp-json\/wp\/v2\/media?parent=773384"}],"wp:term":[{"taxonomy":"product_brand","embeddable":true,"href":"https:\/\/roveyayinevi.com.tr\/index.php\/wp-json\/wp\/v2\/product_brand?post=773384"},{"taxonomy":"product_cat","embeddable":true,"href":"https:\/\/roveyayinevi.com.tr\/index.php\/wp-json\/wp\/v2\/product_cat?post=773384"},{"taxonomy":"product_tag","embeddable":true,"href":"https:\/\/roveyayinevi.com.tr\/index.php\/wp-json\/wp\/v2\/product_tag?post=773384"}],"curies":[{"name":"wp","href":"https:\/\/api.w.org\/{rel}","templated":true}]}}